/*
 Navicat Premium Data Transfer

 Source Server         : SIGEC
 Source Server Type    : MySQL
 Source Server Version : 80039 (8.0.39)
 Source Host           : 173.249.0.187:3306
 Source Schema         : yunguy_sigec

 Target Server Type    : MySQL
 Target Server Version : 80039 (8.0.39)
 File Encoding         : 65001

 Date: 29/08/2024 09:08:57
*/


-- ----------------------------
-- Table structure for areas
-- ----------------------------
CREATE TABLE `areas`  (
  `id` bigint UNSIGNED NOT NULL AUTO_INCREMENT,
  `nombre` varchar(255) CHARACTER SET utf8mb4 COLLATE utf8mb4_unicode_ci NOT NULL,
  `tipo` enum('AREA','INSTITUCION') CHARACTER SET utf8mb4 COLLATE utf8mb4_unicode_ci NOT NULL,
  `estado` enum('ACTIVO','INACTIVO') CHARACTER SET utf8mb4 COLLATE utf8mb4_unicode_ci NOT NULL,
  `created_at` timestamp NULL DEFAULT NULL,
  `updated_at` timestamp NULL DEFAULT NULL,
  PRIMARY KEY (`id`) USING BTREE
) ENGINE = InnoDB AUTO_INCREMENT = 7 CHARACTER SET = utf8mb4 COLLATE = utf8mb4_unicode_ci ROW_FORMAT = DYNAMIC;

-- ----------------------------
-- Records of areas
-- ----------------------------
INSERT INTO `areas` VALUES (1, 'AREA DE GESTION PEDAGOGICA', 'AREA', 'ACTIVO', '2023-11-16 14:09:31', '2023-11-16 19:16:46');
INSERT INTO `areas` VALUES (2, 'AREA DE GESTION ADMINISTRATIVA', 'AREA', 'ACTIVO', '2023-11-16 19:16:06', '2023-11-16 19:16:37');
INSERT INTO `areas` VALUES (3, 'AREA DE GESTION INSTITUCIONAL', 'AREA', 'ACTIVO', '2023-11-16 19:16:59', '2023-11-16 19:16:59');
INSERT INTO `areas` VALUES (4, 'AREA DE DIRECCION', 'AREA', 'ACTIVO', '2023-11-16 19:17:09', '2023-11-16 19:17:09');
INSERT INTO `areas` VALUES (5, 'AREA DE ASESORIA LEGAL', 'AREA', 'ACTIVO', '2023-11-16 19:19:58', '2023-11-16 19:19:58');
INSERT INTO `areas` VALUES (6, 'OTROS', 'AREA', 'ACTIVO', '2023-11-20 16:09:42', '2023-11-20 16:09:42');

-- ----------------------------
-- Table structure for entidades
-- ----------------------------
CREATE TABLE `entidades`  (
  `id` bigint UNSIGNED NOT NULL AUTO_INCREMENT,
  `nombre` varchar(255) CHARACTER SET utf8mb4 COLLATE utf8mb4_unicode_ci NOT NULL,
  `ruc` varchar(255) CHARACTER SET utf8mb4 COLLATE utf8mb4_unicode_ci NOT NULL,
  `direccion` varchar(255) CHARACTER SET utf8mb4 COLLATE utf8mb4_unicode_ci NOT NULL,
  `telefono` varchar(255) CHARACTER SET utf8mb4 COLLATE utf8mb4_unicode_ci NOT NULL,
  `path_logo` varchar(255) CHARACTER SET utf8mb4 COLLATE utf8mb4_unicode_ci NULL DEFAULT NULL,
  `created_at` timestamp NULL DEFAULT NULL,
  `updated_at` timestamp NULL DEFAULT NULL,
  `path_logo_vale` varchar(255) CHARACTER SET utf8mb4 COLLATE utf8mb4_unicode_ci NULL DEFAULT NULL,
  `path_logo_reporte` varchar(255) CHARACTER SET utf8mb4 COLLATE utf8mb4_unicode_ci NULL DEFAULT NULL,
  PRIMARY KEY (`id`) USING BTREE
) ENGINE = InnoDB AUTO_INCREMENT = 2 CHARACTER SET = utf8mb4 COLLATE = utf8mb4_unicode_ci ROW_FORMAT = DYNAMIC;

-- ----------------------------
-- Records of entidades
-- ----------------------------
INSERT INTO `entidades` VALUES (1, 'UNIDAD DE GESTION EDUCATIVA LOCAL YUNGUYO', '20406267190', 'JR. INDEPENDENCIA N° 1034', '987654321', 'storage/logo/1702417816_1.png', '2023-11-16 14:11:37', '2023-12-12 10:50:16', 'storage/logo/1700532966_1.png', 'storage/logo/1700533964_1.png');

-- ----------------------------
-- Table structure for failed_jobs
-- ----------------------------
CREATE TABLE `failed_jobs`  (
  `id` bigint UNSIGNED NOT NULL AUTO_INCREMENT,
  `uuid` varchar(255) CHARACTER SET utf8mb4 COLLATE utf8mb4_unicode_ci NOT NULL,
  `connection` text CHARACTER SET utf8mb4 COLLATE utf8mb4_unicode_ci NOT NULL,
  `queue` text CHARACTER SET utf8mb4 COLLATE utf8mb4_unicode_ci NOT NULL,
  `payload` longtext CHARACTER SET utf8mb4 COLLATE utf8mb4_unicode_ci NOT NULL,
  `exception` longtext CHARACTER SET utf8mb4 COLLATE utf8mb4_unicode_ci NOT NULL,
  `failed_at` timestamp NOT NULL DEFAULT CURRENT_TIMESTAMP,
  PRIMARY KEY (`id`) USING BTREE,
  UNIQUE INDEX `failed_jobs_uuid_unique`(`uuid` ASC) USING BTREE
) ENGINE = InnoDB CHARACTER SET = utf8mb4 COLLATE = utf8mb4_unicode_ci ROW_FORMAT = DYNAMIC;

-- ----------------------------
-- Records of failed_jobs
-- ----------------------------

-- ----------------------------
-- Table structure for migrations
-- ----------------------------
CREATE TABLE `migrations`  (
  `id` int UNSIGNED NOT NULL AUTO_INCREMENT,
  `migration` varchar(255) CHARACTER SET utf8mb4 COLLATE utf8mb4_unicode_ci NOT NULL,
  `batch` int NOT NULL,
  PRIMARY KEY (`id`) USING BTREE
) ENGINE = InnoDB AUTO_INCREMENT = 13 CHARACTER SET = utf8mb4 COLLATE = utf8mb4_unicode_ci ROW_FORMAT = DYNAMIC;

-- ----------------------------
-- Records of migrations
-- ----------------------------
INSERT INTO `migrations` VALUES (1, '2014_10_12_100000_create_password_reset_tokens_table', 1);
INSERT INTO `migrations` VALUES (2, '2014_10_12_100000_create_password_resets_table', 1);
INSERT INTO `migrations` VALUES (3, '2019_08_19_000000_create_failed_jobs_table', 1);
INSERT INTO `migrations` VALUES (4, '2019_12_14_000001_create_personal_access_tokens_table', 1);
INSERT INTO `migrations` VALUES (5, '2023_11_08_190818_create_entidades_table', 1);
INSERT INTO `migrations` VALUES (6, '2023_11_08_191403_create_areas_table', 1);
INSERT INTO `migrations` VALUES (7, '2023_11_08_191528_create_personales_table', 1);
INSERT INTO `migrations` VALUES (8, '2023_11_08_195044_create_vehiculos_table', 1);
INSERT INTO `migrations` VALUES (9, '2023_11_08_195410_create_tipo_rutas_table', 1);
INSERT INTO `migrations` VALUES (10, '2023_11_08_195536_create_rutas_table', 1);
INSERT INTO `migrations` VALUES (11, '2023_11_08_222506_create_vales_table', 1);
INSERT INTO `migrations` VALUES (12, '2023_11_12_000000_create_users_table', 1);

-- ----------------------------
-- Records of personal_access_tokens
-- ----------------------------

-- ----------------------------
-- Table structure for personales
-- ----------------------------
CREATE TABLE `personales`  (
  `id` bigint UNSIGNED NOT NULL AUTO_INCREMENT,
  `dni` varchar(255) CHARACTER SET utf8mb4 COLLATE utf8mb4_unicode_ci NOT NULL,
  `nombre` varchar(255) CHARACTER SET utf8mb4 COLLATE utf8mb4_unicode_ci NOT NULL,
  `paterno` varchar(255) CHARACTER SET utf8mb4 COLLATE utf8mb4_unicode_ci NOT NULL,
  `materno` varchar(255) CHARACTER SET utf8mb4 COLLATE utf8mb4_unicode_ci NOT NULL,
  `area_id` bigint UNSIGNED NOT NULL,
  `estado` enum('ACTIVO','INACTIVO') CHARACTER SET utf8mb4 COLLATE utf8mb4_unicode_ci NOT NULL,
  `created_at` timestamp NULL DEFAULT NULL,
  `updated_at` timestamp NULL DEFAULT NULL,
  PRIMARY KEY (`id`) USING BTREE,
  INDEX `personales_area_id_foreign`(`area_id` ASC) USING BTREE,
  CONSTRAINT `personales_area_id_foreign` FOREIGN KEY (`area_id`) REFERENCES `areas` (`id`) ON DELETE RESTRICT ON UPDATE RESTRICT
) ENGINE = InnoDB AUTO_INCREMENT = 54 CHARACTER SET = utf8mb4 COLLATE = utf8mb4_unicode_ci ROW_FORMAT = DYNAMIC;

-- ----------------------------
-- Records of personales
-- ----------------------------
INSERT INTO `personales` VALUES (1, '73744393', 'FREDDY WALTER', 'HUAYNAPATA', 'UCHARICO', 2, 'ACTIVO', '2023-11-16 14:12:28', '2023-11-16 19:18:07');
INSERT INTO `personales` VALUES (2, '01296825', 'EFRAIN', 'CONDORI', 'RIVERA', 4, 'ACTIVO', '2023-11-16 19:17:57', '2023-11-16 19:17:57');
INSERT INTO `personales` VALUES (3, '40890937', 'WILBER', 'APAZA', 'MAMANI', 5, 'ACTIVO', '2023-11-16 19:20:23', '2023-12-04 06:27:03');
INSERT INTO `personales` VALUES (4, '01208565', 'AGUSTINA ANTONIA', 'OHA', 'ROMERO', 4, 'ACTIVO', '2023-11-16 19:21:03', '2023-11-16 19:21:03');
INSERT INTO `personales` VALUES (5, '42150716', 'DAVID FRANCO', 'PAREDES', 'MANSILLA', 4, 'ACTIVO', '2023-11-16 19:21:46', '2023-11-16 19:21:46');
INSERT INTO `personales` VALUES (6, '01326844', 'DAVID RICARDO', 'COILA', 'COILA', 4, 'ACTIVO', '2023-11-16 19:22:23', '2023-11-16 19:22:23');
INSERT INTO `personales` VALUES (7, '70206940', 'CRISTIAN ALCIDES', 'QUISPE', 'JAPURA', 4, 'ACTIVO', '2023-11-16 19:23:14', '2023-11-16 19:23:14');
INSERT INTO `personales` VALUES (8, '01324354', 'JUVER DEMETRIO', 'PEÑALOZA', 'GUZMAN', 4, 'ACTIVO', '2023-11-16 19:23:55', '2023-11-16 19:23:55');
INSERT INTO `personales` VALUES (9, '46701528', 'SONIA', 'ROJAS', 'HUANCAPAZA', 2, 'ACTIVO', '2023-11-16 19:24:39', '2023-11-16 19:24:39');
INSERT INTO `personales` VALUES (10, '23834691', 'ROSA GLADYS', 'ARANGOITIA', 'VALDIVIA', 2, 'ACTIVO', '2023-11-16 19:25:23', '2023-11-16 19:25:23');
INSERT INTO `personales` VALUES (11, '09715274', 'ALEJANDRO', 'HUARACHI', 'TITO', 2, 'ACTIVO', '2023-11-16 19:25:51', '2023-11-16 19:25:51');
INSERT INTO `personales` VALUES (12, '01205953', 'RAUL', 'MAMANI', 'ORTEGA', 2, 'ACTIVO', '2023-11-16 19:26:16', '2023-11-16 19:26:16');
INSERT INTO `personales` VALUES (13, '40766056', 'ALAIN ELOY', 'CACERES', 'TITO', 2, 'ACTIVO', '2023-11-16 19:26:54', '2023-11-16 19:26:54');
INSERT INTO `personales` VALUES (14, '29685714', 'FELIX RAMIRO', 'MOYA', 'SANIZO', 2, 'ACTIVO', '2023-11-16 19:27:32', '2023-11-16 19:27:32');
INSERT INTO `personales` VALUES (15, '46897936', 'YURI', 'VALENCIA', 'HUARSAYA', 2, 'ACTIVO', '2023-11-16 19:28:13', '2023-11-16 19:28:13');
INSERT INTO `personales` VALUES (16, '01338160', 'FRANCISCO', 'GUTIERREZ', 'CHALLCO', 2, 'ACTIVO', '2023-11-20 03:32:58', '2023-11-20 03:32:58');
INSERT INTO `personales` VALUES (17, '01778050', 'BEATO LUCIO', 'CASTILLO', 'ARACA', 2, 'ACTIVO', '2023-11-20 03:33:47', '2023-11-20 03:33:47');
INSERT INTO `personales` VALUES (18, '01816005', 'ERNESTO', 'LARICO', 'ROMERO', 2, 'ACTIVO', '2023-11-20 03:34:26', '2023-11-20 03:34:26');
INSERT INTO `personales` VALUES (19, '422005985', 'PEDRO', 'CHOQUE', 'ACERO', 2, 'ACTIVO', '2023-11-20 03:34:57', '2023-11-20 03:34:57');
INSERT INTO `personales` VALUES (20, '40042184', 'ALIZON RICHARD', 'TITO', 'BUSTINZA', 2, 'ACTIVO', '2023-11-20 03:36:06', '2023-11-20 03:36:06');
INSERT INTO `personales` VALUES (21, '45749237', 'HARRY JOEL', 'BARRA', 'JULI', 2, 'ACTIVO', '2023-11-20 03:36:53', '2023-11-20 03:36:53');
INSERT INTO `personales` VALUES (22, '01319959', 'CARLOS ALBERTO', 'ARANIBAR', 'AYLLON', 1, 'ACTIVO', '2023-11-20 03:40:32', '2023-11-20 03:40:32');
INSERT INTO `personales` VALUES (23, '01322309', 'JUDITH', 'COPA', 'JIMENEZ', 1, 'ACTIVO', '2023-11-20 03:41:08', '2023-11-20 03:41:08');
INSERT INTO `personales` VALUES (24, '02445896', 'EVA MARIA', 'LAURA', 'QUISPE', 1, 'ACTIVO', '2023-11-20 03:41:45', '2023-11-20 03:42:12');
INSERT INTO `personales` VALUES (25, '01314922', 'FELIX', 'NINAJA', 'CABRERA', 1, 'ACTIVO', '2023-11-20 03:42:52', '2023-11-20 03:42:52');
INSERT INTO `personales` VALUES (26, '01314782', 'JESUS WILFREDO', 'ZAPANA', 'CHOQUE', 1, 'ACTIVO', '2023-11-20 03:43:35', '2023-11-20 03:43:35');
INSERT INTO `personales` VALUES (27, '01341188', 'EDWIN', 'SAAVEDRA', 'TITO', 1, 'ACTIVO', '2023-11-20 03:44:20', '2023-11-20 03:44:20');
INSERT INTO `personales` VALUES (28, '29595412', 'PABLO RAUL', 'LAZARO', 'LAZARO', 1, 'ACTIVO', '2023-11-20 03:46:30', '2023-11-20 03:46:30');
INSERT INTO `personales` VALUES (29, '72671763', 'GERSON ABAD', 'PEREZ', 'LUQUE', 1, 'ACTIVO', '2023-11-20 05:47:16', '2023-11-20 05:47:16');
INSERT INTO `personales` VALUES (30, '42427783', 'JESUS HENRY', 'RIVERA', 'CAHUYA', 3, 'ACTIVO', '2023-11-20 05:48:02', '2023-11-20 05:48:02');
INSERT INTO `personales` VALUES (31, '01850487', 'MARTIN', 'ROJAS', 'ROSAS', 3, 'ACTIVO', '2023-11-20 05:48:30', '2023-11-20 05:48:30');
INSERT INTO `personales` VALUES (32, '01805244', 'ERNESTO', 'ALANOCA', 'ROQUE', 3, 'ACTIVO', '2023-11-20 05:49:03', '2023-11-20 05:49:03');
INSERT INTO `personales` VALUES (33, '43601245', 'EDGAR DAVID', 'ESCOBAR', 'GINEZ', 2, 'ACTIVO', '2023-11-20 05:49:34', '2024-01-03 15:35:50');
INSERT INTO `personales` VALUES (34, '44664160', 'MILTON', 'ARCE', 'MARQUEZ', 3, 'ACTIVO', '2023-11-20 05:50:03', '2023-11-20 05:50:03');
INSERT INTO `personales` VALUES (35, '45514068', 'HORACIO WILSON', 'UCHARICO', 'URUCHI', 3, 'ACTIVO', '2023-11-20 05:50:45', '2023-11-20 05:50:45');
INSERT INTO `personales` VALUES (36, '01323961', 'HELMER', 'QUISPE', 'TARQUI', 1, 'ACTIVO', '2023-11-23 02:49:51', '2023-11-23 02:49:51');
INSERT INTO `personales` VALUES (37, '01305720', 'CESAR GIOVANY', 'CHAVEZ', 'FLORES', 1, 'ACTIVO', '2023-11-30 09:31:15', '2023-11-30 09:31:15');
INSERT INTO `personales` VALUES (38, '70185013', 'LUIS ENRIQUE', 'CALLI', 'VELASQUEZ', 2, 'ACTIVO', '2024-01-03 10:39:15', '2024-02-12 09:26:29');
INSERT INTO `personales` VALUES (39, '01320209', 'NARDY ROXANA', 'LOZANO', 'AQUICE', 2, 'ACTIVO', '2024-01-03 12:53:28', '2024-01-03 14:51:08');
INSERT INTO `personales` VALUES (40, '01322133', 'LUZ MARINA', 'POMA', 'MAMANI', 1, 'ACTIVO', '2024-02-01 10:03:59', '2024-02-01 10:03:59');
INSERT INTO `personales` VALUES (41, '44669927', 'CRISS ANYELA', 'CASTRO', 'CURASI', 1, 'ACTIVO', '2024-02-01 10:04:33', '2024-02-01 10:04:33');
INSERT INTO `personales` VALUES (42, '01322109', 'DARIO', 'COAQUIRA', 'MONTEAGUDO', 3, 'ACTIVO', '2024-02-09 16:04:43', '2024-02-09 16:04:43');
INSERT INTO `personales` VALUES (43, '013117130', 'RONALDO WALDO', 'GOMEZ', 'POMA', 2, 'ACTIVO', '2024-03-04 11:00:41', '2024-03-04 11:01:03');
INSERT INTO `personales` VALUES (44, '29669539', 'RAUL', 'CAMACHO', 'CORRALES', 1, 'ACTIVO', '2024-03-04 15:05:24', '2024-03-04 15:05:24');
INSERT INTO `personales` VALUES (45, '72399520', 'NATHALY EDITH', 'MAMANI', 'CONTRERAS', 2, 'ACTIVO', '2024-03-15 14:54:16', '2024-03-15 14:54:16');
INSERT INTO `personales` VALUES (46, '70524377', 'MISAEL JAVIER', 'CUEVAS', 'PEREZ', 1, 'ACTIVO', '2024-04-08 08:46:04', '2024-04-08 08:46:04');
INSERT INTO `personales` VALUES (47, '01325619', 'RENE', 'CHECALLA', 'TISNADO', 1, 'ACTIVO', '2024-04-11 10:34:03', '2024-04-11 10:34:03');
INSERT INTO `personales` VALUES (48, '74536859', 'MARIBEL JULIANA', 'TUMI', 'VARGAS', 1, 'ACTIVO', '2024-04-15 09:02:34', '2024-04-15 09:02:34');
INSERT INTO `personales` VALUES (49, '01309606', 'ROSARIO ROXANA', 'DE LA RIVA', 'VALLE', 4, 'ACTIVO', '2024-05-16 17:12:05', '2024-05-16 17:12:05');
INSERT INTO `personales` VALUES (50, '01325751', 'MARILUZ SOFIA', 'QUILCA', 'QUISPE', 1, 'ACTIVO', '2024-05-28 11:05:32', '2024-05-28 11:05:32');
INSERT INTO `personales` VALUES (51, '01338481', 'WILVEOR JULIO', 'QUIÑONEZ', 'FLORES', 1, 'ACTIVO', '2024-06-04 17:12:26', '2024-06-04 17:12:26');
INSERT INTO `personales` VALUES (52, '70206905', 'JUAN ALBERTO', 'HUANCA', 'PERALTA', 2, 'ACTIVO', '2024-07-01 18:16:01', '2024-07-01 18:16:01');
INSERT INTO `personales` VALUES (53, '71790656', 'CINTHYA CLEOFE', 'CARITA', 'UCHARICO', 2, 'ACTIVO', '2024-08-20 17:44:10', '2024-08-20 17:44:10');

-- ----------------------------
-- Table structure for rutas
-- ----------------------------
CREATE TABLE `rutas`  (
  `id` bigint UNSIGNED NOT NULL AUTO_INCREMENT,
  `tipo_id` bigint UNSIGNED NOT NULL,
  `partida` varchar(255) CHARACTER SET utf8mb4 COLLATE utf8mb4_unicode_ci NOT NULL,
  `destino` varchar(255) CHARACTER SET utf8mb4 COLLATE utf8mb4_unicode_ci NOT NULL,
  `llegada` varchar(255) CHARACTER SET utf8mb4 COLLATE utf8mb4_unicode_ci NOT NULL,
  `estado` enum('ACTIVO','INACTIVO') CHARACTER SET utf8mb4 COLLATE utf8mb4_unicode_ci NOT NULL,
  `created_at` timestamp NULL DEFAULT NULL,
  `updated_at` timestamp NULL DEFAULT NULL,
  PRIMARY KEY (`id`) USING BTREE,
  INDEX `rutas_tipo_id_foreign`(`tipo_id` ASC) USING BTREE,
  CONSTRAINT `rutas_tipo_id_foreign` FOREIGN KEY (`tipo_id`) REFERENCES `tipo_rutas` (`id`) ON DELETE RESTRICT ON UPDATE RESTRICT
) ENGINE = InnoDB AUTO_INCREMENT = 274 CHARACTER SET = utf8mb4 COLLATE = utf8mb4_unicode_ci ROW_FORMAT = DYNAMIC;

-- ----------------------------
-- Records of rutas
-- ----------------------------
INSERT INTO `rutas` VALUES (1, 2, 'YUNGUYO', 'ANAPIA', 'YUNGUYO', 'ACTIVO', '2023-11-20 05:59:11', '2023-11-20 05:59:11');
INSERT INTO `rutas` VALUES (2, 2, 'YUNGUYO', 'COPANI', 'YUNGUYO', 'ACTIVO', '2023-11-20 05:59:35', '2023-11-20 05:59:35');
INSERT INTO `rutas` VALUES (3, 2, 'YUNGUYO', 'CUTURAPI', 'YUNGUYO', 'ACTIVO', '2023-11-20 05:59:50', '2023-11-20 05:59:50');
INSERT INTO `rutas` VALUES (4, 2, 'YUNGUYO', 'OLLARAYA', 'YUNGUYO', 'ACTIVO', '2023-11-20 06:00:05', '2023-11-20 06:00:05');
INSERT INTO `rutas` VALUES (5, 2, 'YUNGUYO', 'TINICACHI', 'YUNGUYO', 'ACTIVO', '2023-11-20 06:00:23', '2023-11-20 06:00:23');
INSERT INTO `rutas` VALUES (6, 2, 'YUNGUYO', 'UNICACHI', 'YUNGUYO', 'ACTIVO', '2023-11-20 06:00:44', '2023-11-20 06:00:44');
INSERT INTO `rutas` VALUES (7, 2, 'YUNGUYO', 'ZONAS RURALES', 'YUNGUYO', 'ACTIVO', '2023-11-20 06:01:08', '2023-11-20 06:01:08');
INSERT INTO `rutas` VALUES (8, 2, 'YUNGUYO', 'ZONAS URBANAS', 'YUNGUYO', 'ACTIVO', '2023-11-20 06:01:22', '2023-11-20 06:01:22');
INSERT INTO `rutas` VALUES (9, 3, 'YUNGUYO', 'AZANGARO', 'YUNGUYO', 'ACTIVO', '2023-11-20 06:01:44', '2023-11-20 06:01:44');
INSERT INTO `rutas` VALUES (10, 3, 'YUNGUYO', 'CARABAYA', 'YUNGUYO', 'ACTIVO', '2023-11-20 06:01:56', '2023-11-20 06:01:56');
INSERT INTO `rutas` VALUES (11, 3, 'YUNGUYO', 'CHUCUITO', 'YUNGUYO', 'ACTIVO', '2023-11-20 06:02:11', '2023-11-20 06:02:11');
INSERT INTO `rutas` VALUES (12, 3, 'YUNGUYO', 'EL COLLAO', 'YUNGUYO', 'ACTIVO', '2023-11-20 06:02:27', '2023-11-20 06:02:27');
INSERT INTO `rutas` VALUES (13, 3, 'YUNGUYO', 'HUANCANE', 'YUNGUYO', 'ACTIVO', '2023-11-20 06:02:40', '2023-11-20 06:02:40');
INSERT INTO `rutas` VALUES (14, 3, 'YUNGUYO', 'LAMPA', 'YUNGUYO', 'ACTIVO', '2023-11-20 06:02:54', '2023-11-20 06:02:54');
INSERT INTO `rutas` VALUES (15, 3, 'YUNGUYO', 'MELGAR', 'YUNGUYO', 'ACTIVO', '2023-11-20 06:03:08', '2023-11-20 06:03:08');
INSERT INTO `rutas` VALUES (16, 3, 'YUNGUYO', 'MOHO', 'YUNGUYO', 'ACTIVO', '2023-11-20 06:03:18', '2023-11-20 06:03:18');
INSERT INTO `rutas` VALUES (17, 3, 'YUNGUYO', 'PUNO', 'YUNGUYO', 'ACTIVO', '2023-11-20 06:03:31', '2023-11-20 06:03:31');
INSERT INTO `rutas` VALUES (18, 3, 'YUNGUYO', 'SAN ANTONIO DE PUTINA', 'YUNGUYO', 'ACTIVO', '2023-11-20 06:03:57', '2023-11-20 06:03:57');
INSERT INTO `rutas` VALUES (19, 3, 'YUNGUYO', 'SAN ROMAN', 'YUNGUYO', 'ACTIVO', '2023-11-20 06:04:18', '2023-11-20 06:04:18');
INSERT INTO `rutas` VALUES (20, 3, 'YUNGUYO', 'SANDIA', 'YUNGUYO', 'ACTIVO', '2023-11-20 06:04:31', '2023-11-20 06:04:31');
INSERT INTO `rutas` VALUES (21, 4, 'YUNGUYO', 'TACNA', 'YUNGUYO', 'ACTIVO', '2023-11-20 06:05:03', '2023-11-20 06:05:03');
INSERT INTO `rutas` VALUES (22, 4, 'YUNGUYO', 'AREQUIPA', 'YUNGUYO', 'ACTIVO', '2023-11-20 06:05:17', '2023-11-20 06:05:17');
INSERT INTO `rutas` VALUES (23, 4, 'YUNGUYO', 'LIMA', 'YUNGUYO', 'ACTIVO', '2023-11-20 06:05:27', '2023-11-20 06:05:27');
INSERT INTO `rutas` VALUES (24, 4, 'YUNGUYO', 'CUSCO', 'YUNGUYO', 'ACTIVO', '2023-11-20 06:05:38', '2023-11-20 06:05:38');
INSERT INTO `rutas` VALUES (25, 1, 'YUNGUYO', 'YUNGUYO', 'YUNGUYO', 'ACTIVO', '2023-11-20 06:05:59', '2023-11-20 06:05:59');
INSERT INTO `rutas` VALUES (26, 1, 'YUNGUYO', 'KASANI', 'YUNGUYO', 'ACTIVO', '2023-11-20 06:06:36', '2023-11-20 06:06:36');
INSERT INTO `rutas` VALUES (27, 1, 'YUNGUYO', 'APILLANI', 'YUNGUYO', 'ACTIVO', '2023-11-20 06:06:53', '2023-11-20 06:06:53');
INSERT INTO `rutas` VALUES (28, 1, 'YUNGUYO', 'CHAMAJAHUIRA', 'YUNGUYO', 'ACTIVO', '2023-11-20 06:07:08', '2023-11-20 06:07:08');
INSERT INTO `rutas` VALUES (29, 1, 'YUNGUYO', 'SAN JUAN DE TOTORA SEGUNDO SEC', 'YUNGUYO', 'ACTIVO', '2023-11-20 06:07:34', '2023-11-20 06:07:34');
INSERT INTO `rutas` VALUES (30, 1, 'YUNGUYO', 'SAN JUAN DE TOTORA PRIMER SECT', 'YUNGUYO', 'ACTIVO', '2023-11-20 06:07:51', '2023-11-20 06:07:51');
INSERT INTO `rutas` VALUES (31, 1, 'YUNGUYO', 'ESPIRITU SANTO MULLUNI', 'YUNGUYO', 'ACTIVO', '2023-11-20 06:08:07', '2023-11-20 06:08:07');
INSERT INTO `rutas` VALUES (32, 1, 'YUNGUYO', 'ESPIRITU SANTO', 'YUNGUYO', 'ACTIVO', '2023-11-20 06:08:24', '2023-11-20 06:08:24');
INSERT INTO `rutas` VALUES (33, 1, 'YUNGUYO', 'ESPIRITU SANTO KANTA', 'YUNGUYO', 'ACTIVO', '2023-11-20 06:08:37', '2023-11-20 06:08:37');
INSERT INTO `rutas` VALUES (34, 1, 'YUNGUYO', 'COLLEPATA AYCHUYO', 'YUNGUYO', 'ACTIVO', '2023-11-20 06:08:55', '2023-11-20 06:08:55');
INSERT INTO `rutas` VALUES (35, 1, 'YUNGUYO', 'ALTO AYCHUYO', 'YUNGUYO', 'ACTIVO', '2023-11-20 06:09:12', '2023-11-20 06:09:12');
INSERT INTO `rutas` VALUES (36, 1, 'YUNGUYO', 'CALLACAMI AYCHUYO', 'YUNGUYO', 'ACTIVO', '2023-11-20 06:09:30', '2023-11-20 06:09:30');
INSERT INTO `rutas` VALUES (37, 1, 'YUNGUYO', 'CENTRAL AYCHUYO', 'YUNGUYO', 'ACTIVO', '2023-11-20 06:09:45', '2023-11-20 06:09:45');
INSERT INTO `rutas` VALUES (38, 1, 'YUNGUYO', 'VILLAMAR AYCHUYO', 'YUNGUYO', 'ACTIVO', '2023-11-20 06:10:02', '2023-11-20 06:10:02');
INSERT INTO `rutas` VALUES (39, 1, 'YUNGUYO', 'THI HIRAMA TAPOJE', 'YUNGUYO', 'ACTIVO', '2023-11-20 06:10:16', '2023-11-20 06:10:16');
INSERT INTO `rutas` VALUES (40, 1, 'YUNGUYO', 'PAJANA SAN AGUSTIN', 'YUNGUYO', 'ACTIVO', '2023-11-20 06:10:47', '2023-11-20 06:10:47');
INSERT INTO `rutas` VALUES (41, 1, 'YUNGUYO', 'CHAJELLAPI (PUERTO TAPOJE)', 'YUNGUYO', 'ACTIVO', '2023-11-20 06:11:00', '2023-11-20 06:11:00');
INSERT INTO `rutas` VALUES (42, 1, 'YUNGUYO', 'POCCONA 25 DE JULIO', 'YUNGUYO', 'ACTIVO', '2023-11-20 06:11:22', '2023-11-20 06:11:22');
INSERT INTO `rutas` VALUES (43, 1, 'YUNGUYO', 'CHALLAPATA', 'YUNGUYO', 'ACTIVO', '2023-11-20 06:11:39', '2023-11-20 06:11:39');
INSERT INTO `rutas` VALUES (44, 1, 'YUNGUYO', 'PUQUIRE', 'YUNGUYO', 'ACTIVO', '2023-11-21 03:27:08', '2023-11-21 03:27:08');
INSERT INTO `rutas` VALUES (45, 1, 'YUNGUYO', 'CHALLAPAMPA', 'YUNGUYO', 'ACTIVO', '2023-11-21 03:36:38', '2023-11-21 03:36:38');
INSERT INTO `rutas` VALUES (46, 1, 'YUNGUYO', 'NUEVA AMERICA', 'YUNGUYO', 'ACTIVO', '2023-11-21 03:37:01', '2023-11-21 03:37:01');
INSERT INTO `rutas` VALUES (47, 1, 'YUNGUYO', 'GUARAVIRE', 'YUNGUYO', 'ACTIVO', '2023-11-21 03:39:41', '2023-11-21 03:39:41');
INSERT INTO `rutas` VALUES (48, 1, 'YUNGUYO', 'CHOCAQUE', 'YUNGUYO', 'ACTIVO', '2023-11-21 03:40:25', '2023-11-21 03:40:25');
INSERT INTO `rutas` VALUES (49, 1, 'YUNGUYO', 'CHAMBI SANTA CRUZ', 'YUNGUYO', 'ACTIVO', '2023-11-21 03:40:34', '2023-11-21 03:40:34');
INSERT INTO `rutas` VALUES (50, 1, 'YUNGUYO', 'SAN JUAN DE MIRAFLORES', 'YUNGUYO', 'ACTIVO', '2023-11-21 03:45:43', '2023-11-21 03:45:43');
INSERT INTO `rutas` VALUES (51, 1, 'YUNGUYO', 'CHACAPA', 'YUNGUYO', 'ACTIVO', '2023-11-21 03:47:03', '2023-11-21 03:47:03');
INSERT INTO `rutas` VALUES (52, 1, 'YUNGUYO', 'QUEÑUANI INDEPENDENCIA', 'YUNGUYO', 'ACTIVO', '2023-11-21 03:47:14', '2023-11-21 03:47:14');
INSERT INTO `rutas` VALUES (53, 1, 'YUNGUYO', 'QUEÑUANI CENTRAL', 'YUNGUYO', 'ACTIVO', '2023-11-21 03:47:28', '2023-11-21 03:47:28');
INSERT INTO `rutas` VALUES (54, 1, 'YUNGUYO', 'ACARI CENTRAL', 'YUNGUYO', 'ACTIVO', '2023-11-21 03:47:41', '2023-11-21 03:47:41');
INSERT INTO `rutas` VALUES (55, 1, 'YUNGUYO', 'IMICATE', 'YUNGUYO', 'ACTIVO', '2023-11-21 03:47:50', '2023-11-21 03:47:50');
INSERT INTO `rutas` VALUES (56, 1, 'YUNGUYO', 'HUNUMANI', 'YUNGUYO', 'ACTIVO', '2023-11-21 03:48:09', '2023-11-21 03:48:09');
INSERT INTO `rutas` VALUES (57, 1, 'YUNGUYO', 'ALFONSO UGARTE', 'YUNGUYO', 'ACTIVO', '2023-11-21 03:48:19', '2023-11-21 03:48:19');
INSERT INTO `rutas` VALUES (58, 1, 'YUNGUYO', 'CHAMBI QUIMSA CRUZ', 'YUNGUYO', 'ACTIVO', '2023-11-21 03:48:30', '2023-11-21 03:48:30');
INSERT INTO `rutas` VALUES (59, 1, 'YUNGUYO', 'CHOQUECHACA', 'YUNGUYO', 'ACTIVO', '2023-11-21 05:41:48', '2023-11-21 05:41:48');
INSERT INTO `rutas` VALUES (60, 1, 'YUNGUYO', 'POTOKALA', 'YUNGUYO', 'ACTIVO', '2023-11-21 05:42:00', '2023-11-21 05:42:00');
INSERT INTO `rutas` VALUES (61, 1, 'YUNGUYO', 'TUNCASI CHINUMANI', 'YUNGUYO', 'ACTIVO', '2023-11-21 05:42:12', '2023-11-21 05:42:12');
INSERT INTO `rutas` VALUES (62, 1, 'YUNGUYO', 'INGAVI CHINUMANI', 'YUNGUYO', 'ACTIVO', '2023-11-21 05:42:23', '2023-11-21 05:42:23');
INSERT INTO `rutas` VALUES (63, 1, 'YUNGUYO', 'COPAPUJO CENTRAL', 'YUNGUYO', 'ACTIVO', '2023-11-21 05:42:33', '2023-11-21 05:42:33');
INSERT INTO `rutas` VALUES (64, 1, 'YUNGUYO', 'JANCOPUJO CHINUMANI', 'YUNGUYO', 'ACTIVO', '2023-11-21 05:42:51', '2023-11-21 05:42:51');
INSERT INTO `rutas` VALUES (65, 1, 'YUNGUYO', 'JURANA YANAPATA', 'YUNGUYO', 'ACTIVO', '2023-11-21 05:43:06', '2023-11-21 05:43:06');
INSERT INTO `rutas` VALUES (66, 1, 'YUNGUYO', 'KILY YANAPATA', 'YUNGUYO', 'ACTIVO', '2023-11-21 05:43:17', '2023-11-21 05:43:17');
INSERT INTO `rutas` VALUES (67, 1, 'YUNGUYO', 'YACACHI', 'YUNGUYO', 'ACTIVO', '2023-11-21 05:43:34', '2023-11-21 05:43:34');
INSERT INTO `rutas` VALUES (68, 1, 'YUNGUYO', 'CANINSAYA', 'YUNGUYO', 'ACTIVO', '2023-11-21 05:43:46', '2023-11-21 05:43:46');
INSERT INTO `rutas` VALUES (69, 1, 'YUNGUYO', 'WILAMAYA', 'YUNGUYO', 'ACTIVO', '2023-11-21 05:44:05', '2023-11-21 05:44:05');
INSERT INTO `rutas` VALUES (70, 1, 'YUNGUYO', 'SANTA ROSA CENTRAL', 'YUNGUYO', 'ACTIVO', '2023-11-21 05:44:15', '2023-11-21 05:44:15');
INSERT INTO `rutas` VALUES (71, 1, 'YUNGUYO', 'SANTA ROSA SACACATANI 2', 'YUNGUYO', 'ACTIVO', '2023-11-21 05:44:25', '2023-11-21 05:44:25');
INSERT INTO `rutas` VALUES (72, 1, 'YUNGUYO', 'SANTA ROSA CALUYO', 'YUNGUYO', 'ACTIVO', '2023-11-21 05:44:46', '2023-11-21 05:44:46');
INSERT INTO `rutas` VALUES (73, 1, 'YUNGUYO', 'SANTA ROSA SACACATANI 1', 'YUNGUYO', 'ACTIVO', '2023-11-21 05:45:28', '2023-11-21 05:45:28');
INSERT INTO `rutas` VALUES (74, 1, 'YUNGUYO', 'PINAZO', 'YUNGUYO', 'ACTIVO', '2023-11-21 05:45:38', '2023-11-21 05:45:38');
INSERT INTO `rutas` VALUES (75, 1, 'YUNGUYO', 'MACHACMARCA', 'YUNGUYO', 'ACTIVO', '2023-11-21 05:45:49', '2023-11-21 05:45:49');
INSERT INTO `rutas` VALUES (76, 1, 'YUNGUYO', 'TAHUACO', 'YUNGUYO', 'ACTIVO', '2023-11-21 05:45:58', '2023-11-21 05:45:58');
INSERT INTO `rutas` VALUES (77, 1, 'YUNGUYO', 'SANQUIRA CENTRAL', 'YUNGUYO', 'ACTIVO', '2023-11-21 05:46:08', '2023-11-21 05:46:08');
INSERT INTO `rutas` VALUES (78, 1, 'YUNGUYO', 'SANQUIRA MACHACUYO', 'YUNGUYO', 'ACTIVO', '2023-11-21 05:46:17', '2023-11-21 05:46:17');
INSERT INTO `rutas` VALUES (79, 1, 'YUNGUYO', 'CHICANIHUMA BAJO', 'YUNGUYO', 'ACTIVO', '2023-11-21 05:46:43', '2023-11-21 05:46:43');
INSERT INTO `rutas` VALUES (80, 1, 'YUNGUYO', 'CHICANIHUMA ALTO', 'YUNGUYO', 'ACTIVO', '2023-11-21 05:46:52', '2023-11-21 05:46:52');
INSERT INTO `rutas` VALUES (81, 1, 'YUNGUYO', 'KORCORI', 'YUNGUYO', 'ACTIVO', '2023-11-21 05:47:01', '2023-11-21 05:47:01');
INSERT INTO `rutas` VALUES (82, 1, 'YUNGUYO', 'INGAVE', 'YUNGUYO', 'ACTIVO', '2023-11-21 05:47:12', '2023-11-21 05:47:12');
INSERT INTO `rutas` VALUES (83, 1, 'YUNGUYO', 'CALAMPUNI', 'YUNGUYO', 'ACTIVO', '2023-11-21 05:47:21', '2023-11-21 05:47:21');
INSERT INTO `rutas` VALUES (84, 1, 'YUNGUYO', 'POCCONA SUMAPUJO', 'YUNGUYO', 'ACTIVO', '2023-11-21 05:47:35', '2023-11-21 05:47:35');
INSERT INTO `rutas` VALUES (85, 1, 'YUNGUYO', 'TOTORA JAHUIRA', 'YUNGUYO', 'ACTIVO', '2023-11-21 05:47:44', '2023-11-21 05:47:44');
INSERT INTO `rutas` VALUES (86, 1, 'YUNGUYO', 'ALTO SAN JOSE', 'YUNGUYO', 'ACTIVO', '2023-11-21 05:47:52', '2023-11-21 05:47:52');
INSERT INTO `rutas` VALUES (87, 1, 'YUNGUYO', 'SAN JUAN DE TOTORA TERCER SECT', 'YUNGUYO', 'ACTIVO', '2023-11-21 05:48:06', '2023-11-21 05:48:06');
INSERT INTO `rutas` VALUES (88, 1, 'YUNGUYO', 'YAURINAZA', 'YUNGUYO', 'ACTIVO', '2023-11-21 05:48:22', '2023-11-21 05:48:22');
INSERT INTO `rutas` VALUES (89, 1, 'YUNGUYO', 'SAN FRANCISCO DE AYCHUYO', 'YUNGUYO', 'ACTIVO', '2023-11-21 05:48:32', '2023-11-21 05:48:32');
INSERT INTO `rutas` VALUES (90, 1, 'YUNGUYO', 'KEHUARI OCALLASI', 'YUNGUYO', 'ACTIVO', '2023-11-21 05:48:46', '2023-11-21 05:48:46');
INSERT INTO `rutas` VALUES (91, 1, 'YUNGUYO', 'AYNACHA', 'YUNGUYO', 'ACTIVO', '2023-11-21 05:49:07', '2023-11-21 05:49:07');
INSERT INTO `rutas` VALUES (92, 1, 'YUNGUYO', 'CHAJLLAPI', 'YUNGUYO', 'ACTIVO', '2023-11-21 05:49:19', '2023-11-21 05:49:19');
INSERT INTO `rutas` VALUES (93, 1, 'YUNGUYO', 'KARACOTAÑA', 'YUNGUYO', 'ACTIVO', '2023-11-21 05:49:31', '2023-11-21 05:49:31');
INSERT INTO `rutas` VALUES (94, 1, 'YUNGUYO', 'RIO PROGRESO', 'YUNGUYO', 'ACTIVO', '2023-11-21 05:49:40', '2023-11-21 05:49:40');
INSERT INTO `rutas` VALUES (95, 1, 'YUNGUYO', 'ALMACIRCA', 'YUNGUYO', 'ACTIVO', '2023-11-21 05:49:48', '2023-11-21 05:49:48');
INSERT INTO `rutas` VALUES (96, 1, 'YUNGUYO', 'PANAMERICANA', 'YUNGUYO', 'ACTIVO', '2023-11-21 05:50:47', '2023-11-21 05:50:47');
INSERT INTO `rutas` VALUES (97, 1, 'YUNGUYO', 'RIO DE LA PLATA', 'YUNGUYO', 'ACTIVO', '2023-11-21 05:50:58', '2023-11-21 05:50:58');
INSERT INTO `rutas` VALUES (98, 1, 'YUNGUYO', 'KOLLE CCOLLINE', 'YUNGUYO', 'ACTIVO', '2023-11-21 05:51:08', '2023-11-21 05:51:08');
INSERT INTO `rutas` VALUES (99, 1, 'YUNGUYO', 'JAQUICUCHO', 'YUNGUYO', 'ACTIVO', '2023-11-21 05:51:16', '2023-11-21 05:51:16');
INSERT INTO `rutas` VALUES (100, 1, 'YUNGUYO', 'QUINTANI', 'YUNGUYO', 'ACTIVO', '2023-11-21 05:51:25', '2023-11-21 05:51:25');
INSERT INTO `rutas` VALUES (101, 1, 'YUNGUYO', 'NEQUENTIRE', 'YUNGUYO', 'ACTIVO', '2023-11-21 05:51:38', '2023-11-21 05:51:38');
INSERT INTO `rutas` VALUES (102, 1, 'YUNGUYO', 'KAIRANI', 'YUNGUYO', 'ACTIVO', '2023-11-21 05:51:51', '2023-11-21 05:51:51');
INSERT INTO `rutas` VALUES (103, 1, 'YUNGUYO', 'PORTEÑO', 'YUNGUYO', 'ACTIVO', '2023-11-21 05:52:01', '2023-11-21 05:52:01');
INSERT INTO `rutas` VALUES (104, 1, 'YUNGUYO', 'VISTA ALEGRE', 'YUNGUYO', 'ACTIVO', '2023-11-21 05:52:12', '2023-11-21 05:52:12');
INSERT INTO `rutas` VALUES (105, 1, 'YUNGUYO', 'SIMON BOLIVAR', 'YUNGUYO', 'ACTIVO', '2023-11-21 05:52:20', '2023-11-21 05:52:20');
INSERT INTO `rutas` VALUES (106, 1, 'YUNGUYO', 'PINO', 'YUNGUYO', 'ACTIVO', '2023-11-21 05:52:31', '2023-11-21 05:52:31');
INSERT INTO `rutas` VALUES (107, 1, 'YUNGUYO', 'PROGRESO', 'YUNGUYO', 'ACTIVO', '2023-11-21 05:52:39', '2023-11-21 05:52:39');
INSERT INTO `rutas` VALUES (108, 1, 'YUNGUYO', 'SAN MARTIN', 'YUNGUYO', 'ACTIVO', '2023-11-21 05:52:47', '2023-11-21 05:52:47');
INSERT INTO `rutas` VALUES (109, 1, 'YUNGUYO', 'MIRAFLORES', 'YUNGUYO', 'ACTIVO', '2023-11-21 05:52:59', '2023-11-21 05:52:59');
INSERT INTO `rutas` VALUES (110, 1, 'YUNGUYO', '28 DE JULIO', 'YUNGUYO', 'ACTIVO', '2023-11-21 05:53:09', '2023-11-21 05:53:09');
INSERT INTO `rutas` VALUES (111, 1, 'YUNGUYO', 'UMAPULLOLLO', 'YUNGUYO', 'ACTIVO', '2023-11-21 05:53:23', '2023-11-21 05:53:23');
INSERT INTO `rutas` VALUES (112, 1, 'YUNGUYO', '1 DE MAYO', 'YUNGUYO', 'ACTIVO', '2023-11-21 05:54:35', '2023-11-21 05:54:35');
INSERT INTO `rutas` VALUES (113, 1, 'YUNGUYO', 'CHOQUECHACA VALLECITO', 'YUNGUYO', 'ACTIVO', '2023-11-21 05:54:45', '2023-11-21 05:54:45');
INSERT INTO `rutas` VALUES (114, 1, 'YUNGUYO', 'INGLESHUYO', 'YUNGUYO', 'ACTIVO', '2023-11-21 05:54:58', '2023-11-21 05:54:58');
INSERT INTO `rutas` VALUES (115, 1, 'YUNGUYO', 'TISNUYO', 'YUNGUYO', 'ACTIVO', '2023-11-21 05:55:10', '2023-11-21 05:55:10');
INSERT INTO `rutas` VALUES (116, 1, 'YUNGUYO', 'MACHACHUYO', 'YUNGUYO', 'ACTIVO', '2023-11-21 05:55:24', '2023-11-21 05:55:24');
INSERT INTO `rutas` VALUES (117, 1, 'YUNGUYO', 'VISTA ALEGRE', 'YUNGUYO', 'ACTIVO', '2023-11-21 05:55:35', '2023-11-21 05:55:35');
INSERT INTO `rutas` VALUES (118, 1, 'YUNGUYO', 'MIRAFLORES', 'YUNGUYO', 'ACTIVO', '2023-11-21 05:55:45', '2023-11-21 05:55:45');
INSERT INTO `rutas` VALUES (119, 1, 'YUNGUYO', 'JURANA SANTA ROSA', 'YUNGUYO', 'ACTIVO', '2023-11-21 05:55:55', '2023-11-21 05:55:55');
INSERT INTO `rutas` VALUES (120, 1, 'YUNGUYO', 'SUPACACHI VIENTO', 'YUNGUYO', 'ACTIVO', '2023-11-21 05:56:08', '2023-11-21 05:56:08');
INSERT INTO `rutas` VALUES (121, 1, 'YUNGUYO', 'ESPIRITU VILQUE', 'YUNGUYO', 'ACTIVO', '2023-11-21 05:56:17', '2023-11-21 05:56:17');
INSERT INTO `rutas` VALUES (122, 1, 'YUNGUYO', 'HUARANAMAYA', 'YUNGUYO', 'ACTIVO', '2023-11-21 05:56:25', '2023-11-21 05:56:25');
INSERT INTO `rutas` VALUES (123, 1, 'YUNGUYO', 'KOYE PAMPA', 'YUNGUYO', 'ACTIVO', '2023-11-21 05:56:35', '2023-11-21 05:56:35');
INSERT INTO `rutas` VALUES (124, 1, 'YUNGUYO', 'YANAPATA CENTRAL', 'YUNGUYO', 'ACTIVO', '2023-11-21 05:56:46', '2023-11-21 05:56:46');
INSERT INTO `rutas` VALUES (125, 1, 'YUNGUYO', 'SAN ROQUE', 'YUNGUYO', 'ACTIVO', '2023-11-21 05:56:57', '2023-11-21 05:56:57');
INSERT INTO `rutas` VALUES (126, 1, 'YUNGUYO', 'SANQUIRA NUEVA BELLAVISTA', 'YUNGUYO', 'ACTIVO', '2023-11-21 05:57:07', '2023-11-21 05:57:07');
INSERT INTO `rutas` VALUES (127, 1, 'YUNGUYO', 'SANQUIRA UJANAPA', 'YUNGUYO', 'ACTIVO', '2023-11-21 05:57:16', '2023-11-21 05:57:16');
INSERT INTO `rutas` VALUES (128, 1, 'YUNGUYO', 'SANQUIRA PATACAYAYA CIRCAYATA', 'YUNGUYO', 'ACTIVO', '2023-11-21 05:57:30', '2023-11-21 05:57:30');
INSERT INTO `rutas` VALUES (129, 1, 'YUNGUYO', 'KALAPALLALLA', 'YUNGUYO', 'ACTIVO', '2023-11-21 05:57:41', '2023-11-21 05:57:41');
INSERT INTO `rutas` VALUES (130, 1, 'YUNGUYO', 'HUAYCHANI', 'YUNGUYO', 'ACTIVO', '2023-11-21 05:57:51', '2023-11-21 05:57:51');
INSERT INTO `rutas` VALUES (131, 1, 'YUNGUYO', 'HUANCARANI', 'YUNGUYO', 'ACTIVO', '2023-11-21 05:58:02', '2023-11-21 05:58:02');
INSERT INTO `rutas` VALUES (132, 1, 'YUNGUYO', 'ZAPATA', 'YUNGUYO', 'ACTIVO', '2023-11-21 05:58:23', '2023-11-21 05:58:23');
INSERT INTO `rutas` VALUES (133, 1, 'YUNGUYO', 'CHOQUECACHA CENTRAL', 'YUNGUYO', 'ACTIVO', '2023-11-21 05:58:35', '2023-11-21 05:58:35');
INSERT INTO `rutas` VALUES (134, 1, 'YUNGUYO', 'CHALLIRI', 'YUNGUYO', 'ACTIVO', '2023-11-21 05:58:43', '2023-11-21 05:58:43');
INSERT INTO `rutas` VALUES (135, 1, 'YUNGUYO', 'YAJAHIRAMA PUERTO TAPOJE', 'YUNGUYO', 'ACTIVO', '2023-11-21 05:58:54', '2023-11-21 05:58:54');
INSERT INTO `rutas` VALUES (136, 1, 'YUNGUYO', 'COANIHUYO CHINUMANI', 'YUNGUYO', 'ACTIVO', '2023-11-21 05:59:02', '2023-11-21 05:59:02');
INSERT INTO `rutas` VALUES (137, 1, 'YUNGUYO', 'KANAMAYA', 'YUNGUYO', 'ACTIVO', '2023-11-21 05:59:11', '2023-11-21 05:59:11');
INSERT INTO `rutas` VALUES (138, 1, 'YUNGUYO', 'QUEÑUANI', 'YUNGUYO', 'ACTIVO', '2023-11-21 05:59:19', '2023-11-21 05:59:19');
INSERT INTO `rutas` VALUES (139, 1, 'YUNGUYO', 'JANCKU JANCKU', 'YUNGUYO', 'ACTIVO', '2023-11-21 05:59:29', '2023-11-21 05:59:29');
INSERT INTO `rutas` VALUES (140, 1, 'YUNGUYO', 'JENKELLUISA', 'YUNGUYO', 'ACTIVO', '2023-11-21 06:00:46', '2023-11-21 06:00:46');
INSERT INTO `rutas` VALUES (141, 1, 'YUNGUYO', 'POCCONA PRIMERO DE MAYO', 'YUNGUYO', 'ACTIVO', '2023-11-21 06:00:55', '2023-11-21 06:00:55');
INSERT INTO `rutas` VALUES (142, 1, 'YUNGUYO', 'JOKEHUIRATO', 'YUNGUYO', 'ACTIVO', '2023-11-21 06:01:03', '2023-11-21 06:01:03');
INSERT INTO `rutas` VALUES (143, 1, 'YUNGUYO', 'ISKPA PATAA', 'YUNGUYO', 'ACTIVO', '2023-11-21 06:01:11', '2023-11-21 06:01:11');
INSERT INTO `rutas` VALUES (144, 1, 'YUNGUYO', 'ANAPIA', 'YUNGUYO', 'ACTIVO', '2023-11-21 06:01:21', '2023-11-21 06:01:21');
INSERT INTO `rutas` VALUES (145, 1, 'YUNGUYO', 'CAANA', 'YUNGUYO', 'ACTIVO', '2023-11-21 06:01:30', '2023-11-21 06:01:30');
INSERT INTO `rutas` VALUES (146, 1, 'YUNGUYO', 'PAMPACCATA', 'YUNGUYO', 'ACTIVO', '2023-11-21 06:07:49', '2023-11-21 06:07:49');
INSERT INTO `rutas` VALUES (147, 1, 'YUNGUYO', 'SIPSIPAMPA', 'YUNGUYO', 'ACTIVO', '2023-11-21 06:08:00', '2023-11-21 06:08:00');
INSERT INTO `rutas` VALUES (148, 1, 'YUNGUYO', 'YAMPUPATA HUENCALLA', 'YUNGUYO', 'ACTIVO', '2023-11-21 06:08:09', '2023-11-21 06:08:09');
INSERT INTO `rutas` VALUES (149, 1, 'YUNGUYO', 'KASAPAMPA', 'YUNGUYO', 'ACTIVO', '2023-11-21 06:08:18', '2023-11-21 06:08:18');
INSERT INTO `rutas` VALUES (150, 1, 'YUNGUYO', 'KELE', 'YUNGUYO', 'ACTIVO', '2023-11-21 06:08:27', '2023-11-21 06:08:27');
INSERT INTO `rutas` VALUES (151, 1, 'YUNGUYO', 'UTAPUJRUPAMPA', 'YUNGUYO', 'ACTIVO', '2023-11-21 06:08:36', '2023-11-21 06:08:36');
INSERT INTO `rutas` VALUES (152, 1, 'YUNGUYO', 'YANISTIPAMPA', 'YUNGUYO', 'ACTIVO', '2023-11-21 06:08:44', '2023-11-21 06:08:44');
INSERT INTO `rutas` VALUES (153, 1, 'YUNGUYO', 'CAÑO', 'YUNGUYO', 'ACTIVO', '2023-11-21 06:11:13', '2023-11-21 06:11:13');
INSERT INTO `rutas` VALUES (154, 1, 'YUNGUYO', 'SUANA', 'YUNGUYO', 'ACTIVO', '2023-11-21 06:11:21', '2023-11-21 06:11:21');
INSERT INTO `rutas` VALUES (155, 1, 'YUNGUYO', 'PATA HUATA', 'YUNGUYO', 'ACTIVO', '2023-11-21 06:11:30', '2023-11-21 06:11:30');
INSERT INTO `rutas` VALUES (156, 1, 'YUNGUYO', 'CHIRUAKA', 'YUNGUYO', 'ACTIVO', '2023-11-21 06:11:41', '2023-11-21 06:11:41');
INSERT INTO `rutas` VALUES (157, 1, 'YUNGUYO', 'KESKAPI', 'YUNGUYO', 'ACTIVO', '2023-11-21 06:12:13', '2023-11-21 06:12:13');
INSERT INTO `rutas` VALUES (158, 1, 'YUNGUYO', 'TINAKACHI', 'YUNGUYO', 'ACTIVO', '2023-11-21 06:12:21', '2023-11-21 06:12:21');
INSERT INTO `rutas` VALUES (159, 1, 'YUNGUYO', 'TARQUI', 'YUNGUYO', 'ACTIVO', '2023-11-21 06:12:30', '2023-11-21 06:12:30');
INSERT INTO `rutas` VALUES (160, 1, 'YUNGUYO', 'KANTUTANI', 'YUNGUYO', 'ACTIVO', '2023-11-21 06:12:55', '2023-11-21 06:12:55');
INSERT INTO `rutas` VALUES (161, 1, 'YUNGUYO', 'CALACOTO', 'YUNGUYO', 'ACTIVO', '2023-11-21 06:13:05', '2023-11-21 06:13:05');
INSERT INTO `rutas` VALUES (162, 1, 'YUNGUYO', 'HUAYLLANI', 'YUNGUYO', 'ACTIVO', '2023-11-21 06:13:20', '2023-11-21 06:13:20');
INSERT INTO `rutas` VALUES (163, 1, 'YUNGUYO', 'AMAQUILLA', 'YUNGUYO', 'ACTIVO', '2023-11-21 06:13:29', '2023-11-21 06:13:29');
INSERT INTO `rutas` VALUES (164, 1, 'YUNGUYO', 'TACAPISI (TAMBUYO)', 'YUNGUYO', 'ACTIVO', '2023-11-21 06:13:43', '2023-11-21 06:13:43');
INSERT INTO `rutas` VALUES (165, 1, 'YUNGUYO', 'CHALLAPAMPA CENTRAL', 'YUNGUYO', 'ACTIVO', '2023-11-21 06:13:51', '2023-11-21 06:13:51');
INSERT INTO `rutas` VALUES (166, 1, 'YUNGUYO', 'BELLAVISTA', 'YUNGUYO', 'ACTIVO', '2023-11-21 06:13:59', '2023-11-21 06:13:59');
INSERT INTO `rutas` VALUES (167, 1, 'YUNGUYO', 'CCOPANI (CENTRAL)', 'YUNGUYO', 'ACTIVO', '2023-11-21 06:14:08', '2023-11-21 06:14:08');
INSERT INTO `rutas` VALUES (168, 1, 'YUNGUYO', 'PALLCA CATO', 'YUNGUYO', 'ACTIVO', '2023-11-21 06:14:20', '2023-11-21 06:14:20');
INSERT INTO `rutas` VALUES (169, 1, 'YUNGUYO', 'ACHAQUE', 'YUNGUYO', 'ACTIVO', '2023-11-21 06:14:28', '2023-11-21 06:14:28');
INSERT INTO `rutas` VALUES (170, 1, 'YUNGUYO', 'YOKAYA', 'YUNGUYO', 'ACTIVO', '2023-11-21 06:14:37', '2023-11-21 06:14:37');
INSERT INTO `rutas` VALUES (171, 1, 'YUNGUYO', 'CCACORCO', 'YUNGUYO', 'ACTIVO', '2023-11-21 06:14:45', '2023-11-21 06:14:45');
INSERT INTO `rutas` VALUES (172, 1, 'YUNGUYO', 'AYRIHUA', 'YUNGUYO', 'ACTIVO', '2023-11-21 06:14:53', '2023-11-21 06:14:53');
INSERT INTO `rutas` VALUES (173, 1, 'YUNGUYO', 'QUEAQUEANI', 'YUNGUYO', 'ACTIVO', '2023-11-21 06:15:01', '2023-11-21 06:15:01');
INSERT INTO `rutas` VALUES (174, 1, 'YUNGUYO', 'AHUIRI', 'YUNGUYO', 'ACTIVO', '2023-11-21 06:15:09', '2023-11-21 06:15:09');
INSERT INTO `rutas` VALUES (175, 1, 'YUNGUYO', 'SAJSUYO', 'YUNGUYO', 'ACTIVO', '2023-11-21 06:18:44', '2023-11-21 06:18:44');
INSERT INTO `rutas` VALUES (176, 1, 'YUNGUYO', 'CHURAPAMPA', 'YUNGUYO', 'ACTIVO', '2023-11-21 06:18:55', '2023-11-21 06:18:55');
INSERT INTO `rutas` VALUES (177, 1, 'YUNGUYO', 'SANTA ROSA', 'YUNGUYO', 'ACTIVO', '2023-11-21 06:21:25', '2023-11-21 06:21:25');
INSERT INTO `rutas` VALUES (178, 1, 'YUNGUYO', 'WECCO', 'YUNGUYO', 'ACTIVO', '2023-11-21 06:21:33', '2023-11-21 06:21:33');
INSERT INTO `rutas` VALUES (179, 1, 'YUNGUYO', 'CONDORCOLLO', 'YUNGUYO', 'ACTIVO', '2023-11-21 06:21:59', '2023-11-21 06:21:59');
INSERT INTO `rutas` VALUES (180, 1, 'YUNGUYO', 'TAUCAMAYA', 'YUNGUYO', 'ACTIVO', '2023-11-21 06:22:07', '2023-11-21 06:22:07');
INSERT INTO `rutas` VALUES (181, 1, 'YUNGUYO', 'QUELLAMAYA', 'YUNGUYO', 'ACTIVO', '2023-11-21 06:22:15', '2023-11-21 06:22:15');
INSERT INTO `rutas` VALUES (182, 1, 'YUNGUYO', 'SUCUIHUINCALLA', 'YUNGUYO', 'ACTIVO', '2023-11-21 06:23:43', '2023-11-21 06:23:43');
INSERT INTO `rutas` VALUES (183, 1, 'YUNGUYO', 'HUAÑACACHI', 'YUNGUYO', 'ACTIVO', '2023-11-21 06:23:51', '2023-11-21 06:23:51');
INSERT INTO `rutas` VALUES (184, 1, 'YUNGUYO', 'CHOJCHONI', 'YUNGUYO', 'ACTIVO', '2023-11-21 06:24:00', '2023-11-21 06:24:00');
INSERT INTO `rutas` VALUES (185, 1, 'YUNGUYO', 'SAJSUYO', 'YUNGUYO', 'ACTIVO', '2023-11-21 06:24:09', '2023-11-21 06:24:09');
INSERT INTO `rutas` VALUES (186, 1, 'YUNGUYO', 'HUALLAQUERI', 'YUNGUYO', 'ACTIVO', '2023-11-21 06:24:24', '2023-11-21 06:24:24');
INSERT INTO `rutas` VALUES (187, 1, 'YUNGUYO', 'CORCORI', 'YUNGUYO', 'ACTIVO', '2023-11-21 06:24:33', '2023-11-21 06:24:33');
INSERT INTO `rutas` VALUES (188, 1, 'YUNGUYO', 'TICUYO', 'YUNGUYO', 'ACTIVO', '2023-11-21 06:24:43', '2023-11-21 06:24:43');
INSERT INTO `rutas` VALUES (189, 1, 'YUNGUYO', 'SAN JUAN DE CUTURAPI', 'YUNGUYO', 'ACTIVO', '2023-11-21 06:24:51', '2023-11-21 06:24:51');
INSERT INTO `rutas` VALUES (190, 1, 'YUNGUYO', 'VENTILLA', 'YUNGUYO', 'ACTIVO', '2023-11-21 06:24:59', '2023-11-21 06:24:59');
INSERT INTO `rutas` VALUES (191, 1, 'YUNGUYO', 'KANTUTA', 'YUNGUYO', 'ACTIVO', '2023-11-21 06:25:06', '2023-11-21 06:25:06');
INSERT INTO `rutas` VALUES (192, 1, 'YUNGUYO', 'INOQAWI (TUPAC AMARU)', 'YUNGUYO', 'ACTIVO', '2023-11-21 06:25:14', '2023-11-21 06:25:14');
INSERT INTO `rutas` VALUES (193, 1, 'YUNGUYO', 'CHACA CIRCA JAWIRA', 'YUNGUYO', 'ACTIVO', '2023-11-21 06:25:22', '2023-11-21 06:25:22');
INSERT INTO `rutas` VALUES (194, 1, 'YUNGUYO', 'PHUJO CHALLAWIRA PAMPA', 'YUNGUYO', 'ACTIVO', '2023-11-21 06:25:30', '2023-11-21 06:25:30');
INSERT INTO `rutas` VALUES (195, 1, 'YUNGUYO', 'CEWENQAN QUCHO', 'YUNGUYO', 'ACTIVO', '2023-11-21 06:25:38', '2023-11-21 06:25:38');
INSERT INTO `rutas` VALUES (196, 1, 'YUNGUYO', 'WINTU SARAWI', 'YUNGUYO', 'ACTIVO', '2023-11-21 06:25:45', '2023-11-21 06:25:45');
INSERT INTO `rutas` VALUES (197, 1, 'YUNGUYO', 'CENTRAL PROGRESO', 'YUNGUYO', 'ACTIVO', '2023-11-21 06:25:54', '2023-11-21 06:25:54');
INSERT INTO `rutas` VALUES (198, 1, 'YUNGUYO', 'PAMPLONA', 'YUNGUYO', 'ACTIVO', '2023-11-21 06:26:08', '2023-11-21 06:26:08');
INSERT INTO `rutas` VALUES (199, 1, 'YUNGUYO', 'CHIMBO CHIMBOTE', 'YUNGUYO', 'ACTIVO', '2023-11-21 06:26:19', '2023-11-21 06:26:19');
INSERT INTO `rutas` VALUES (200, 1, 'YUNGUYO', 'PEÑA FLORIDA', 'YUNGUYO', 'ACTIVO', '2023-11-21 06:26:26', '2023-11-21 06:26:26');
INSERT INTO `rutas` VALUES (201, 1, 'YUNGUYO', 'SAN JUAN', 'YUNGUYO', 'ACTIVO', '2023-11-21 06:26:32', '2023-11-21 06:26:32');
INSERT INTO `rutas` VALUES (202, 1, 'YUNGUYO', 'SAN MIGUEL DE OLLARAYA', 'YUNGUYO', 'ACTIVO', '2023-11-21 06:26:41', '2023-11-21 06:26:41');
INSERT INTO `rutas` VALUES (203, 1, 'YUNGUYO', 'PUCARA', 'YUNGUYO', 'ACTIVO', '2023-11-21 06:26:48', '2023-11-21 06:26:48');
INSERT INTO `rutas` VALUES (204, 1, 'YUNGUYO', 'HUAYLLOJOCCO', 'YUNGUYO', 'ACTIVO', '2023-11-21 06:26:55', '2023-11-21 06:26:55');
INSERT INTO `rutas` VALUES (205, 1, 'YUNGUYO', 'BARRIO SAN JUAN', 'YUNGUYO', 'ACTIVO', '2023-11-21 06:27:02', '2023-11-21 06:27:02');
INSERT INTO `rutas` VALUES (206, 1, 'YUNGUYO', 'HUAYLLAPUJO', 'YUNGUYO', 'ACTIVO', '2023-11-21 06:27:12', '2023-11-21 06:27:12');
INSERT INTO `rutas` VALUES (207, 1, 'YUNGUYO', 'SECTOR CHILLIUCANI', 'YUNGUYO', 'ACTIVO', '2023-11-21 06:27:21', '2023-11-21 06:27:21');
INSERT INTO `rutas` VALUES (208, 1, 'YUNGUYO', 'SECTOR COANI (CHICO)', 'YUNGUYO', 'ACTIVO', '2023-11-21 06:27:29', '2023-11-21 06:27:29');
INSERT INTO `rutas` VALUES (209, 1, 'YUNGUYO', 'SECTOR PISAC CHURI', 'YUNGUYO', 'ACTIVO', '2023-11-21 06:27:36', '2023-11-21 06:27:36');
INSERT INTO `rutas` VALUES (210, 1, 'YUNGUYO', 'VILURCUNI SANTA BARBARA', 'YUNGUYO', 'ACTIVO', '2023-11-21 06:27:46', '2023-11-21 06:27:46');
INSERT INTO `rutas` VALUES (211, 1, 'YUNGUYO', 'VILURCUNI SAN CRISTOBAL', 'YUNGUYO', 'ACTIVO', '2023-11-21 06:27:55', '2023-11-21 06:27:55');
INSERT INTO `rutas` VALUES (212, 1, 'YUNGUYO', 'VILURCUNI NATIVIDAD', 'YUNGUYO', 'ACTIVO', '2023-11-21 06:28:04', '2023-11-21 06:28:04');
INSERT INTO `rutas` VALUES (213, 1, 'YUNGUYO', 'JISCA KOTA', 'YUNGUYO', 'ACTIVO', '2023-11-21 06:28:13', '2023-11-21 06:28:13');
INSERT INTO `rutas` VALUES (214, 1, 'YUNGUYO', 'JAKE', 'YUNGUYO', 'ACTIVO', '2023-11-21 06:28:21', '2023-11-21 06:28:21');
INSERT INTO `rutas` VALUES (215, 1, 'YUNGUYO', 'PAMAYA (CENTRAL)', 'YUNGUYO', 'ACTIVO', '2023-11-21 06:28:29', '2023-11-21 06:28:29');
INSERT INTO `rutas` VALUES (216, 1, 'YUNGUYO', 'ÑUJTURI', 'YUNGUYO', 'ACTIVO', '2023-11-21 06:28:36', '2023-11-21 06:28:36');
INSERT INTO `rutas` VALUES (217, 1, 'YUNGUYO', 'CALAWINKALLA', 'YUNGUYO', 'ACTIVO', '2023-11-21 06:28:43', '2023-11-21 06:28:43');
INSERT INTO `rutas` VALUES (218, 1, 'YUNGUYO', 'MOHOCACHI', 'YUNGUYO', 'ACTIVO', '2023-11-21 06:28:52', '2023-11-21 06:28:52');
INSERT INTO `rutas` VALUES (219, 1, 'YUNGUYO', 'ALIANZA', 'YUNGUYO', 'ACTIVO', '2023-11-21 06:29:00', '2023-11-21 06:29:00');
INSERT INTO `rutas` VALUES (220, 1, 'YUNGUYO', 'SANTIAGO DE KOLLCA', 'YUNGUYO', 'ACTIVO', '2023-11-21 06:29:15', '2023-11-21 06:29:15');
INSERT INTO `rutas` VALUES (221, 1, 'YUNGUYO', 'PAJANA SAN ISIDRO', 'YUNGUYO', 'ACTIVO', '2023-11-21 06:29:25', '2023-11-21 06:29:25');
INSERT INTO `rutas` VALUES (222, 1, 'YUNGUYO', 'CANTA', 'YUNGUYO', 'ACTIVO', '2023-11-21 06:29:32', '2023-11-21 06:29:32');
INSERT INTO `rutas` VALUES (223, 1, 'YUNGUYO', 'MANCO CAPAC', 'YUNGUYO', 'ACTIVO', '2023-11-21 06:29:40', '2023-11-21 06:29:40');
INSERT INTO `rutas` VALUES (224, 1, 'YUNGUYO', 'KANTA', 'YUNGUYO', 'ACTIVO', '2023-11-21 06:29:47', '2023-11-21 06:29:47');
INSERT INTO `rutas` VALUES (225, 1, 'YUNGUYO', 'MATAN SHUYO', 'YUNGUYO', 'ACTIVO', '2023-11-21 06:29:56', '2023-11-21 06:29:56');
INSERT INTO `rutas` VALUES (226, 1, 'YUNGUYO', 'TUPOINCA', 'YUNGUYO', 'ACTIVO', '2023-11-21 06:30:47', '2023-11-21 06:30:47');
INSERT INTO `rutas` VALUES (227, 1, 'YUNGUYO', 'COANI GRANDE', 'YUNGUYO', 'ACTIVO', '2023-11-21 06:30:56', '2023-11-21 06:30:56');
INSERT INTO `rutas` VALUES (228, 1, 'YUNGUYO', 'CHALLAHUENCALLA', 'YUNGUYO', 'ACTIVO', '2023-11-21 06:31:05', '2023-11-21 06:31:05');
INSERT INTO `rutas` VALUES (229, 1, 'YUNGUYO', 'COCANI PATA', 'YUNGUYO', 'ACTIVO', '2023-11-21 06:31:12', '2023-11-21 06:31:12');
INSERT INTO `rutas` VALUES (230, 1, 'YUNGUYO', 'CHANAPA', 'YUNGUYO', 'ACTIVO', '2023-11-21 06:31:20', '2023-11-21 06:31:20');
INSERT INTO `rutas` VALUES (231, 1, 'YUNGUYO', 'ALMIRANTE GRAU', 'YUNGUYO', 'ACTIVO', '2023-11-21 06:31:27', '2023-11-21 06:31:27');
INSERT INTO `rutas` VALUES (232, 1, 'YUNGUYO', 'SANTA ROSA', 'YUNGUYO', 'ACTIVO', '2023-11-21 06:31:36', '2023-11-21 06:31:36');
INSERT INTO `rutas` VALUES (233, 1, 'YUNGUYO', 'KAYNA', 'YUNGUYO', 'ACTIVO', '2023-11-21 06:31:43', '2023-11-21 06:31:43');
INSERT INTO `rutas` VALUES (234, 1, 'YUNGUYO', 'OLLARAYA CENTRAL', 'YUNGUYO', 'ACTIVO', '2023-11-21 06:31:53', '2023-11-21 06:31:53');
INSERT INTO `rutas` VALUES (235, 1, 'YUNGUYO', 'TINICACHI', 'YUNGUYO', 'ACTIVO', '2023-11-21 06:32:00', '2023-11-21 06:32:00');
INSERT INTO `rutas` VALUES (236, 1, 'YUNGUYO', 'TOTOR JAHUIRA', 'YUNGUYO', 'ACTIVO', '2023-11-21 06:32:08', '2023-11-21 06:32:08');
INSERT INTO `rutas` VALUES (237, 1, 'YUNGUYO', 'SIHUALAYA CENTRAL', 'YUNGUYO', 'ACTIVO', '2023-11-21 06:32:16', '2023-11-21 06:32:16');
INSERT INTO `rutas` VALUES (238, 1, 'YUNGUYO', 'MARCAJA', 'YUNGUYO', 'ACTIVO', '2023-11-21 06:32:27', '2023-11-21 06:32:27');
INSERT INTO `rutas` VALUES (239, 1, 'YUNGUYO', 'LAJJE', 'YUNGUYO', 'ACTIVO', '2023-11-21 06:32:34', '2023-11-21 06:32:34');
INSERT INTO `rutas` VALUES (240, 1, 'YUNGUYO', 'APACHETA', 'YUNGUYO', 'ACTIVO', '2023-11-21 06:32:42', '2023-11-21 06:32:42');
INSERT INTO `rutas` VALUES (241, 1, 'YUNGUYO', 'JAYCHJA APACHETA', 'YUNGUYO', 'ACTIVO', '2023-11-21 06:32:50', '2023-11-21 06:32:50');
INSERT INTO `rutas` VALUES (242, 1, 'YUNGUYO', 'PAISCACHI', 'YUNGUYO', 'ACTIVO', '2023-11-21 06:32:57', '2023-11-21 06:32:57');
INSERT INTO `rutas` VALUES (243, 1, 'YUNGUYO', 'CANTAPATA', 'YUNGUYO', 'ACTIVO', '2023-11-21 06:33:06', '2023-11-21 06:33:06');
INSERT INTO `rutas` VALUES (244, 1, 'YUNGUYO', 'CHOCANAPI', 'YUNGUYO', 'ACTIVO', '2023-11-21 06:33:14', '2023-11-21 06:33:14');
INSERT INTO `rutas` VALUES (245, 1, 'YUNGUYO', 'HUAIÑAYMARCA', 'YUNGUYO', 'ACTIVO', '2023-11-21 06:33:21', '2023-11-21 06:33:21');
INSERT INTO `rutas` VALUES (246, 1, 'YUNGUYO', 'CCUTIPATA', 'YUNGUYO', 'ACTIVO', '2023-11-21 06:33:28', '2023-11-21 06:33:28');
INSERT INTO `rutas` VALUES (247, 1, 'YUNGUYO', 'ISCAYA', 'YUNGUYO', 'ACTIVO', '2023-11-21 06:33:36', '2023-11-21 06:33:36');
INSERT INTO `rutas` VALUES (248, 1, 'YUNGUYO', 'KENAY LASA', 'YUNGUYO', 'ACTIVO', '2023-11-21 06:33:43', '2023-11-21 06:33:43');
INSERT INTO `rutas` VALUES (249, 1, 'YUNGUYO', 'HUAYLLURI', 'YUNGUYO', 'ACTIVO', '2023-11-21 06:33:52', '2023-11-21 06:33:52');
INSERT INTO `rutas` VALUES (250, 1, 'YUNGUYO', 'SIHUALAYA PAMPA', 'YUNGUYO', 'ACTIVO', '2023-11-21 06:34:00', '2023-11-21 06:34:00');
INSERT INTO `rutas` VALUES (251, 1, 'YUNGUYO', 'INA', 'YUNGUYO', 'ACTIVO', '2023-11-21 06:34:12', '2023-11-21 06:34:12');
INSERT INTO `rutas` VALUES (252, 4, 'YUNGUYO', 'ANCASH', 'YUNGUYO', 'ACTIVO', '2023-11-21 11:05:32', '2023-11-21 11:05:32');
INSERT INTO `rutas` VALUES (253, 4, 'YUNGUYO', 'APURIMAC', 'YUNGUYO', 'ACTIVO', '2023-11-21 11:05:44', '2023-11-21 11:05:44');
INSERT INTO `rutas` VALUES (254, 4, 'YUNGUYO', 'AYACUCHO', 'YUNGUYO', 'ACTIVO', '2023-11-21 11:05:55', '2023-11-21 11:05:55');
INSERT INTO `rutas` VALUES (255, 4, 'YUNGUYO', 'CAJAMARCA', 'YUNGUYO', 'ACTIVO', '2023-11-21 11:06:05', '2023-11-21 11:06:05');
INSERT INTO `rutas` VALUES (256, 4, 'YUNGUYO', 'CALLAO', 'YUNGUYO', 'ACTIVO', '2023-11-21 11:06:14', '2023-11-21 11:06:14');
INSERT INTO `rutas` VALUES (257, 4, 'YUNGUYO', 'HUANCAVELICA', 'YUNGUYO', 'ACTIVO', '2023-11-21 11:06:28', '2023-11-21 11:06:28');
INSERT INTO `rutas` VALUES (258, 4, 'YUNGUYO', 'HUANUCO', 'YUNGUYO', 'ACTIVO', '2023-11-21 11:06:40', '2023-11-21 11:06:40');
INSERT INTO `rutas` VALUES (259, 4, 'YUNGUYO', 'ICA', 'YUNGUYO', 'ACTIVO', '2023-11-21 11:06:49', '2023-11-21 11:06:49');
INSERT INTO `rutas` VALUES (260, 4, 'YUNGUYO', 'JUNIN', 'YUNGUYO', 'ACTIVO', '2023-11-21 11:06:59', '2023-11-21 11:06:59');
INSERT INTO `rutas` VALUES (261, 4, 'YUNGUYO', 'LA LIBERTAD', 'YUNGUYO', 'ACTIVO', '2023-11-21 11:07:11', '2023-11-21 11:07:11');
INSERT INTO `rutas` VALUES (262, 4, 'YUNGUYO', 'LAMBAYEQUE', 'YUNGUYO', 'ACTIVO', '2023-11-21 11:07:27', '2023-11-21 11:07:27');
INSERT INTO `rutas` VALUES (263, 4, 'YUNGUYO', 'LORETO', 'YUNGUYO', 'ACTIVO', '2023-11-21 11:08:36', '2023-11-21 11:08:36');
INSERT INTO `rutas` VALUES (264, 4, 'YUNGUYO', 'MADRE DE DIOS', 'YUNGUYO', 'ACTIVO', '2023-11-21 11:08:49', '2023-11-21 11:08:49');
INSERT INTO `rutas` VALUES (265, 4, 'YUNGUYO', 'MOQUEGUA', 'YUNGUYO', 'ACTIVO', '2023-11-21 11:09:28', '2023-11-21 11:09:28');
INSERT INTO `rutas` VALUES (266, 4, 'YUNGUYO', 'PASCO', 'YUNGUYO', 'ACTIVO', '2023-11-21 11:09:36', '2023-11-21 11:09:36');
INSERT INTO `rutas` VALUES (267, 4, 'YUNGUYO', 'PIURA', 'YUNGUYO', 'ACTIVO', '2023-11-21 11:09:44', '2023-11-21 11:09:44');
INSERT INTO `rutas` VALUES (268, 4, 'YUNGUYO', 'PUNO', 'YUNGUYO', 'ACTIVO', '2023-11-21 11:09:54', '2023-11-21 11:09:54');
INSERT INTO `rutas` VALUES (269, 4, 'YUNGUYO', 'SAN MARTIN', 'YUNGUYO', 'ACTIVO', '2023-11-21 11:10:03', '2023-11-21 11:10:03');
INSERT INTO `rutas` VALUES (270, 4, 'YUNGUYO', 'TUMBES', 'YUNGUYO', 'ACTIVO', '2023-11-21 11:10:13', '2023-11-21 11:10:13');
INSERT INTO `rutas` VALUES (271, 4, 'YUNGUYO', 'UCAYALI', 'YUNGUYO', 'ACTIVO', '2023-11-21 11:10:26', '2023-11-21 11:10:26');
INSERT INTO `rutas` VALUES (272, 4, 'YUNGUYO', 'EXTRANJERO', 'YUNGUYO', 'ACTIVO', '2023-11-21 11:10:39', '2023-11-21 11:10:39');
INSERT INTO `rutas` VALUES (273, 2, 'YUNGUYO', 'YUNGUYO', 'YUNGUYO', 'ACTIVO', '2024-01-12 09:40:39', '2024-01-12 09:40:39');

-- ----------------------------
-- Table structure for tipo_rutas
-- ----------------------------
CREATE TABLE `tipo_rutas`  (
  `id` bigint UNSIGNED NOT NULL AUTO_INCREMENT,
  `nombre` varchar(255) CHARACTER SET utf8mb4 COLLATE utf8mb4_unicode_ci NOT NULL,
  `estado` enum('ACTIVO','INACTIVO') CHARACTER SET utf8mb4 COLLATE utf8mb4_unicode_ci NOT NULL,
  `created_at` timestamp NULL DEFAULT NULL,
  `updated_at` timestamp NULL DEFAULT NULL,
  PRIMARY KEY (`id`) USING BTREE
) ENGINE = InnoDB AUTO_INCREMENT = 5 CHARACTER SET = utf8mb4 COLLATE = utf8mb4_unicode_ci ROW_FORMAT = DYNAMIC;

-- ----------------------------
-- Records of tipo_rutas
-- ----------------------------
INSERT INTO `tipo_rutas` VALUES (1, 'CENTRO POBLADO', 'ACTIVO', '2023-11-20 05:56:49', '2023-11-20 05:56:49');
INSERT INTO `tipo_rutas` VALUES (2, 'DISTRITAL', 'ACTIVO', '2023-11-20 05:56:58', '2023-11-20 05:56:58');
INSERT INTO `tipo_rutas` VALUES (3, 'PROVINCIAL', 'ACTIVO', '2023-11-20 05:57:06', '2023-11-20 05:57:06');
INSERT INTO `tipo_rutas` VALUES (4, 'DEPARTAMENTAL', 'ACTIVO', '2023-11-20 05:57:15', '2023-11-20 05:57:15');

-- ----------------------------
-- Table structure for vales
-- ----------------------------
CREATE TABLE `vales`  (
  `id` bigint UNSIGNED NOT NULL AUTO_INCREMENT,
  `numero` varchar(255) CHARACTER SET utf8mb4 COLLATE utf8mb4_unicode_ci NOT NULL,
  `fecha` date NULL DEFAULT NULL,
  `personal_id` bigint UNSIGNED NOT NULL,
  `vehiculo_id` bigint UNSIGNED NOT NULL,
  `ruta_id` bigint UNSIGNED NOT NULL,
  `monto` decimal(8, 2) NOT NULL,
  `path_vale` varchar(255) CHARACTER SET utf8mb4 COLLATE utf8mb4_unicode_ci NOT NULL,
  `created_at` timestamp NULL DEFAULT NULL,
  `updated_at` timestamp NULL DEFAULT NULL,
  `desc` varchar(255) CHARACTER SET utf8mb4 COLLATE utf8mb4_unicode_ci NULL DEFAULT NULL,
  `estado` enum('PENDIENTE','AUTORIZADO','RECHAZADO') CHARACTER SET utf8mb4 COLLATE utf8mb4_unicode_ci NULL DEFAULT NULL,
  PRIMARY KEY (`id`) USING BTREE,
  UNIQUE INDEX `vales_numero_unique`(`numero` ASC) USING BTREE,
  INDEX `vales_personal_id_foreign`(`personal_id` ASC) USING BTREE,
  INDEX `vales_vehiculo_id_foreign`(`vehiculo_id` ASC) USING BTREE,
  INDEX `vales_ruta_id_foreign`(`ruta_id` ASC) USING BTREE,
  CONSTRAINT `vales_personal_id_foreign` FOREIGN KEY (`personal_id`) REFERENCES `personales` (`id`) ON DELETE RESTRICT ON UPDATE RESTRICT,
  CONSTRAINT `vales_ruta_id_foreign` FOREIGN KEY (`ruta_id`) REFERENCES `rutas` (`id`) ON DELETE RESTRICT ON UPDATE RESTRICT,
  CONSTRAINT `vales_vehiculo_id_foreign` FOREIGN KEY (`vehiculo_id`) REFERENCES `vehiculos` (`id`) ON DELETE RESTRICT ON UPDATE RESTRICT
) ENGINE = InnoDB AUTO_INCREMENT = 698 CHARACTER SET = utf8mb4 COLLATE = utf8mb4_unicode_ci ROW_FORMAT = DYNAMIC;

-- ----------------------------
-- Records of vales
-- ----------------------------
INSERT INTO `vales` VALUES (25, '0001-2023', '2023-11-21', 2, 5, 6, 50.00, 'storage/vales_generados/0001-2023_21-11-2023.pdf', '2023-11-21 11:35:16', '2023-11-21 11:35:16', 'VISITA A LAS IIEE DE UNICACHI', NULL);
INSERT INTO `vales` VALUES (26, '0002-2023', '2023-11-22', 19, 1, 17, 150.00, 'storage/vales_generados/0002-2023_22-11-2023.pdf', '2023-11-22 06:22:20', '2023-11-22 06:22:20', 'TRASLADO AL DIRECTOR A LA DRE - PUNO', NULL);
INSERT INTO `vales` VALUES (27, '0003-2023', '2023-11-23', 36, 4, 17, 150.00, 'storage/vales_generados/0003-2023_23-11-2023.pdf', '2023-11-23 02:51:45', '2023-11-23 02:51:45', 'COMBUSTIBLE PARA APRTICIPAR EN LA II NOCHE DE GALA EN PUNO  POR ANIVERSARIO DE LA PROVINCIA DE YUNGUYO', NULL);
INSERT INTO `vales` VALUES (28, '0004-2023', '2023-11-23', 21, 4, 4, 40.00, 'storage/vales_generados/0004-2023_23-11-2023.pdf', '2023-11-23 04:33:08', '2023-11-23 04:33:08', 'VERIFICACION DE ASISTENCIA DEL PERSONAL DOCENTE A LA IE', NULL);
INSERT INTO `vales` VALUES (29, '0005-2023', '2023-11-23', 21, 5, 2, 60.00, 'storage/vales_generados/0005-2023_editado2023-11-23.pdf', '2023-11-23 09:09:58', '2023-11-23 10:20:13', 'DILIGENCIA EN LAS I DE COPANIE DE LA ZONA COPANI', NULL);
INSERT INTO `vales` VALUES (30, '0006-2023', '2023-11-23', 36, 3, 17, 300.00, 'storage/vales_generados/0006-2023_23-11-2023.pdf', '2023-11-23 10:01:42', '2023-11-23 10:01:42', 'I CONCURSO REGIONAL DE DANZAS AUTOCTONAS EN PELIGRO DE EXTINON Y II CONCURSO REGIONAL DE SIKURIS PARA TRASLADO DE 100 ESTUDIANTES', NULL);
INSERT INTO `vales` VALUES (31, '0007-2023', '2023-11-23', 24, 4, 3, 40.00, 'storage/vales_generados/0007-2023_23-11-2023.pdf', '2023-11-23 10:38:22', '2023-11-23 10:38:22', 'MONITOREO PEDAGOGICO A LA IEP 70188', NULL);
INSERT INTO `vales` VALUES (32, '0008-2023', '2023-11-23', 9, 4, 17, 150.00, 'storage/vales_generados/0008-2023_23-11-2023.pdf', '2023-11-23 11:53:12', '2023-11-23 11:53:12', 'MONITOREO Y ENTREGA DE DOCUMENTOS DEL GOBIERNO REGIONAL', NULL);
INSERT INTO `vales` VALUES (33, '0009-2023', '2023-11-24', 26, 4, 17, 250.00, 'storage/vales_generados/0009-2023_24-11-2023.pdf', '2023-11-24 03:04:43', '2023-11-24 03:04:43', 'MOVILIDAD REGIONAL Y MACROREGIONAL  PARA ESTUDIANTES DE LA IE JOSE GALVEZ YUNGUYO - COMPRENSION LECTORA', NULL);
INSERT INTO `vales` VALUES (34, '0010-2023', '2023-11-24', 31, 5, 25, 50.00, 'storage/vales_generados/0010-2023_24-11-2023.pdf', '2023-11-24 03:44:22', '2023-11-24 03:44:22', 'MANTENIMIENTO LOCAL IEI 288 QUEÑUANI', NULL);
INSERT INTO `vales` VALUES (35, '0011-2023', '2023-11-27', 24, 2, 4, 50.00, 'storage/vales_generados/0011-2023_editado2023-11-27.pdf', '2023-11-27 02:45:33', '2023-11-27 11:26:50', 'MONITOREO DE SIMON PM 119-INS_213', NULL);
INSERT INTO `vales` VALUES (36, '0012-2023', '2023-11-27', 24, 2, 25, 50.00, 'storage/vales_generados/0012-2023_27-11-2023.pdf', '2023-11-27 02:46:14', '2023-11-27 02:46:14', 'MONITOREO Y ASESORAMIENTO PEDAGOGICO A LAS INSTITUCIONES EDUCATIVAS DE TODO YUNGUYO', NULL);
INSERT INTO `vales` VALUES (37, '0013-2023', '2023-11-27', 21, 5, 4, 40.00, 'storage/vales_generados/0013-2023_27-11-2023.pdf', '2023-11-27 05:37:10', '2023-11-27 05:37:10', 'VISITA A LAS IIEE', NULL);
INSERT INTO `vales` VALUES (38, '0014-2023', '2023-11-27', 24, 5, 2, 50.00, 'storage/vales_generados/0014-2023_27-11-2023.pdf', '2023-11-27 11:25:29', '2023-11-27 11:25:29', 'MONITOREO Y PEDAGOGICO A LA IE 70681', NULL);
INSERT INTO `vales` VALUES (39, '0015-2023', '2023-11-27', 11, 3, 17, 150.00, 'storage/vales_generados/0015-2023_27-11-2023.pdf', '2023-11-27 15:23:44', '2023-11-27 15:23:44', 'NOTICIFACION A LA DRE', NULL);
INSERT INTO `vales` VALUES (40, '0016-2023', '2023-11-28', 24, 3, 4, 40.00, 'storage/vales_generados/0016-2023_28-11-2023.pdf', '2023-11-28 12:03:23', '2023-11-28 12:03:23', 'MONITEORIO Y ASEORAMIENTO A DAIP A LA IES MIGUEL GRAU', NULL);
INSERT INTO `vales` VALUES (41, '0017-2023', '2023-11-29', 19, 2, 25, 30.00, 'storage/vales_generados/0017-2023_29-11-2023.pdf', '2023-11-29 05:26:12', '2023-11-29 05:26:12', 'TRASLADO DE ESTUDIANTE DE LA IES JOSE GALVEZ', NULL);
INSERT INTO `vales` VALUES (42, '0018-2023', '2023-11-29', 21, 3, 4, 40.00, 'storage/vales_generados/0018-2023_29-11-2023.pdf', '2023-11-29 08:51:45', '2023-11-29 08:51:45', 'VISITA DE ASITENCIA DE VILURCUYO', NULL);
INSERT INTO `vales` VALUES (43, '0019-2023', '2023-11-29', 18, 4, 17, 150.00, 'storage/vales_generados/0019-2023_29-11-2023.pdf', '2023-11-29 10:44:49', '2023-11-29 10:44:49', 'REVISION DE INSPECCION TECNICA A LA CIUDAD DE PUNO', NULL);
INSERT INTO `vales` VALUES (44, '0020-2023', '2023-11-30', 37, 2, 25, 30.00, 'storage/vales_generados/0020-2023_30-11-2023.pdf', '2023-11-30 09:31:47', '2023-11-30 09:31:47', 'TRASLADO DE CARPETAS DE LA IE MICAELA', NULL);
INSERT INTO `vales` VALUES (45, '0021-2023', '2023-12-01', 5, 2, 17, 150.00, 'storage/vales_generados/0021-2023_01-12-2023.pdf', '2023-12-01 02:53:32', '2023-12-01 02:53:32', 'RECOJO DE PERITAJE A LA CIUDAD DE PUNO', NULL);
INSERT INTO `vales` VALUES (46, '0022-2023', '2023-12-01', 17, 1, 25, 50.00, 'storage/vales_generados/0022-2023_01-12-2023.pdf', '2023-12-01 04:01:19', '2023-12-01 04:01:19', 'TRASLADO DE ESCOMBRO', NULL);
INSERT INTO `vales` VALUES (47, '0023-2023', '2023-12-01', 2, 2, 17, 150.00, 'storage/vales_generados/0023-2023_01-12-2023.pdf', '2023-12-01 06:16:00', '2023-12-01 06:16:00', 'DILIGENCIA Y VISITA EN DRE DE LA CIUDAD DE PUNO', NULL);
INSERT INTO `vales` VALUES (48, '0024-2023', '2023-12-01', 23, 4, 17, 150.00, 'storage/vales_generados/0024-2023_01-12-2023.pdf', '2023-12-01 08:50:24', '2023-12-01 08:50:24', 'TRASLADO DE ESTUDIANTES Y DOCEMNTES DE MUNICIPIO ESCOLAR A LA CIUDAD DE PUNO PARA EL DIA 04/12/2023', NULL);
INSERT INTO `vales` VALUES (49, '0025-2023', '2023-12-01', 23, 2, 17, 150.00, 'storage/vales_generados/0025-2023_01-12-2023.pdf', '2023-12-01 08:52:24', '2023-12-01 08:52:24', 'TRASLADO DE ESTUDIANTES PARA CONCURSO DE INVESTIGACION HISTORICA PARA EL DIA 05/12/2023', NULL);
INSERT INTO `vales` VALUES (50, '0026-2023', '2023-12-04', 7, 3, 25, 30.00, 'storage/vales_generados/0026-2023_04-12-2023.pdf', '2023-12-04 05:21:10', '2023-12-04 05:21:10', 'ENTREGA DE DOCUMENTOS A LA FISCALIA', NULL);
INSERT INTO `vales` VALUES (51, '0027-2023', '2023-12-04', 2, 3, 25, 70.00, 'storage/vales_generados/0027-2023_04-12-2023.pdf', '2023-12-04 06:26:07', '2023-12-04 06:26:07', 'DILIGENCIAS Y VISITA A LAS IIEE DE YUNGUYO', NULL);
INSERT INTO `vales` VALUES (52, '0028-2023', '2023-12-04', 21, 3, 4, 50.00, 'storage/vales_generados/0028-2023_04-12-2023.pdf', '2023-12-04 11:29:57', '2023-12-04 11:29:57', 'VISITA A IIIE DE OLLARAYA Y PAJANA', NULL);
INSERT INTO `vales` VALUES (53, '0029-2023', '2023-12-05', 31, 2, 6, 50.00, 'storage/vales_generados/0029-2023_05-12-2023.pdf', '2023-12-05 02:49:42', '2023-12-05 02:49:42', 'VERIFICACION DE LOCAL ESCOLAR DE LA IIEE DE UNICACHI', NULL);
INSERT INTO `vales` VALUES (54, '0030-2023', '2023-12-05', 7, 5, 25, 30.00, 'storage/vales_generados/0030-2023_05-12-2023.pdf', '2023-12-05 02:52:21', '2023-12-05 02:52:21', 'DILIGENCIA EN LA IES MICAELA BASTIDAS', NULL);
INSERT INTO `vales` VALUES (55, '0031-2023', '2023-12-05', 2, 3, 7, 50.00, 'storage/vales_generados/0031-2023_05-12-2023.pdf', '2023-12-05 03:58:19', '2023-12-05 03:58:19', 'DILIGENCIAS Y VISITAS A LAS IIEE YUNGUYO', NULL);
INSERT INTO `vales` VALUES (56, '0032-2023', '2023-12-05', 7, 3, 25, 50.00, 'storage/vales_generados/0032-2023_05-12-2023.pdf', '2023-12-05 04:40:42', '2023-12-05 04:40:42', 'DILIGENCIA DE NOTIFICACION DE VARIAS IIEE', NULL);
INSERT INTO `vales` VALUES (57, '0033-2023', '2023-12-05', 2, 4, 17, 150.00, 'storage/vales_generados/0033-2023_05-12-2023.pdf', '2023-12-05 10:33:48', '2023-12-05 10:33:48', 'REUNION DE DIRECTORES DE UGELES EN LA DREP', NULL);
INSERT INTO `vales` VALUES (58, '0034-2023', '2023-12-05', 2, 4, 17, 150.00, 'storage/vales_generados/0034-2023_05-12-2023.pdf', '2023-12-05 10:34:29', '2023-12-05 10:34:29', 'REUNION DE DIRECTORES DE UGELES EN LA DREP', NULL);
INSERT INTO `vales` VALUES (59, '0035-2023', '2023-12-05', 5, 5, 2, 30.00, 'storage/vales_generados/0035-2023_editado2023-12-05.pdf', '2023-12-05 11:23:17', '2023-12-05 11:24:20', 'TRASALDO Y ENTREGA DE DCOUMENTOS A LA IE', NULL);
INSERT INTO `vales` VALUES (60, '0036-2023', '2023-12-06', 30, 5, 17, 150.00, 'storage/vales_generados/0036-2023_06-12-2023.pdf', '2023-12-06 04:59:04', '2023-12-06 04:59:04', 'CORDINACIONES CON LA OFICINA AGI DE LA DRE-PUNO', NULL);
INSERT INTO `vales` VALUES (61, '0037-2023', '2023-12-06', 17, 1, 4, 40.00, 'storage/vales_generados/0037-2023_06-12-2023.pdf', '2023-12-06 05:46:08', '2023-12-06 05:46:08', 'ANIVERSARIO DEL DISTRITO DE OLLARAYA', NULL);
INSERT INTO `vales` VALUES (62, '0038-2023', '2023-12-06', 17, 4, 4, 40.00, 'storage/vales_generados/0038-2023_06-12-2023.pdf', '2023-12-06 05:46:59', '2023-12-06 05:46:59', 'TRASLADO DE PERSONAL POR ANIVERSARIO DE OLLARAYA', NULL);
INSERT INTO `vales` VALUES (63, '0039-2023', '2023-12-11', 8, 5, 25, 20.00, 'storage/vales_generados/0039-2023_11-12-2023.pdf', '2023-12-11 03:24:48', '2023-12-11 03:24:48', 'VERIFICACION DE LAS ANTENAS DE LA UGEL', NULL);
INSERT INTO `vales` VALUES (64, '0040-2023', '2023-12-11', 14, 3, 25, 50.00, 'storage/vales_generados/0040-2023_11-12-2023.pdf', '2023-12-11 05:53:07', '2023-12-11 05:53:07', 'VISITA A CALAMPUNI, SANTA BARBARA CON EL FIN DE LVERIFICACION DE RADIOA', NULL);
INSERT INTO `vales` VALUES (65, '0041-2023', '2023-12-11', 17, 1, 25, 30.00, 'storage/vales_generados/0041-2023_11-12-2023.pdf', '2023-12-11 09:44:27', '2023-12-11 09:44:27', 'TRASLADO DE SILLAS AL LOCAL DE UMAPIURA', NULL);
INSERT INTO `vales` VALUES (66, '0042-2023', '2023-12-12', 2, 3, 3, 40.00, 'storage/vales_generados/0042-2023_editado2023-12-12.pdf', '2023-12-12 02:41:36', '2023-12-12 02:42:32', 'MONITEOREO A LA INSTITUCION DE CHIMBO', NULL);
INSERT INTO `vales` VALUES (67, '0043-2023', '2023-12-12', 2, 1, 17, 150.00, 'storage/vales_generados/0043-2023_12-12-2023.pdf', '2023-12-12 04:30:51', '2023-12-12 04:30:51', 'TRASLADO DE DIRECTOR A LA DRE - PUNO', NULL);
INSERT INTO `vales` VALUES (68, '0044-2023', '2023-12-12', 23, 5, 25, 40.00, 'storage/vales_generados/0044-2023_12-12-2023.pdf', '2023-12-12 11:13:34', '2023-12-12 11:13:34', 'TRASLADO DE PERSONAL PARA LA PREMIACION', NULL);
INSERT INTO `vales` VALUES (69, '0045-2023', '2023-12-12', 23, 1, 25, 40.00, 'storage/vales_generados/0045-2023_12-12-2023.pdf', '2023-12-12 11:14:26', '2023-12-12 11:14:26', 'TRASALADO DE MATERIALES PARA LA PREMIACION DE ACTIVIDADES', NULL);
INSERT INTO `vales` VALUES (70, '0046-2023', '2023-12-12', 23, 4, 25, 40.00, 'storage/vales_generados/0046-2023_12-12-2023.pdf', '2023-12-12 11:15:11', '2023-12-12 11:15:11', 'TRASALADO DE PERSONAL PARA LA PREMIACION DE ACTIVIDADES', NULL);
INSERT INTO `vales` VALUES (71, '0047-2023', '2023-12-13', 5, 3, 6, 50.00, 'storage/vales_generados/0047-2023_13-12-2023.pdf', '2023-12-13 05:35:26', '2023-12-13 05:35:26', 'RECOJO DE  INFORMACION DE UNA DECLARACIONES', NULL);
INSERT INTO `vales` VALUES (72, '0048-2023', '2023-12-14', 31, 3, 4, 50.00, 'storage/vales_generados/0048-2023_14-12-2023.pdf', '2023-12-14 03:09:55', '2023-12-14 03:09:55', 'VERIFICACION DE LOCAL ESCOLAR DE LAS IIEE ZONA OLLARAYA VILURCUNI', NULL);
INSERT INTO `vales` VALUES (73, '0049-2023', '2023-12-14', 16, 1, 2, 50.00, 'storage/vales_generados/0049-2023_14-12-2023.pdf', '2023-12-14 03:43:46', '2023-12-14 03:43:46', 'REGULARIZACION Y FRIMAS DE PECOSAS A LA IES JEC  ANDRES BELLO', NULL);
INSERT INTO `vales` VALUES (74, '0050-2023', '2023-12-14', 21, 5, 2, 60.00, 'storage/vales_generados/0050-2023_14-12-2023.pdf', '2023-12-14 11:53:32', '2023-12-14 11:53:32', 'VISITA A  IIEE DE COPANI, OLLARAYA Y TINICACHI', NULL);
INSERT INTO `vales` VALUES (75, '0051-2023', '2023-12-14', 21, 2, 25, 60.00, 'storage/vales_generados/0051-2023_14-12-2023.pdf', '2023-12-14 11:56:00', '2023-12-14 11:56:00', 'ENTREGA DE CARTAS DE CESE POR LIMITE EDAD (65 AÑOS) DEL AMBITO DE LA UGEL 15/12/2023', NULL);
INSERT INTO `vales` VALUES (76, '0052-2023', '2023-12-14', 9, 1, 17, 150.00, 'storage/vales_generados/0052-2023_14-12-2023.pdf', '2023-12-14 11:57:55', '2023-12-14 11:57:55', 'DILIGENCIA EN LA DRE PUNO', NULL);
INSERT INTO `vales` VALUES (77, '0053-2023', '2023-12-14', 30, 3, 17, 150.00, 'storage/vales_generados/0053-2023_14-12-2023.pdf', '2023-12-14 12:27:49', '2023-12-14 12:27:49', 'CORDINACIONES CON EL AREA DE AGI SOBRE LA CONSISTENCIA DEL POI 2024', NULL);
INSERT INTO `vales` VALUES (78, '0054-2023', '2023-12-14', 5, 4, 17, 150.00, 'storage/vales_generados/0054-2023_14-12-2023.pdf', '2023-12-14 14:55:22', '2023-12-14 14:55:22', 'PRESENTACION DE DOCUMENTOS A LA DREP Y GOBIERNO REGIONAL', NULL);
INSERT INTO `vales` VALUES (79, '0055-2023', '2023-12-15', 31, 1, 25, 50.00, 'storage/vales_generados/0055-2023_15-12-2023.pdf', '2023-12-15 03:00:33', '2023-12-15 03:00:33', 'MANTENIMIENTO DE LOCALES ESCOLARES A LA IEI DE SANQUIRA YUMNGUYO', NULL);
INSERT INTO `vales` VALUES (80, '0056-2023', '2023-12-15', 7, 4, 2, 50.00, 'storage/vales_generados/0056-2023_15-12-2023.pdf', '2023-12-15 03:04:18', '2023-12-15 03:04:18', 'DILIGENCIAS A LA IEP Nº 70255 DE CALACOTO - COPANI', NULL);
INSERT INTO `vales` VALUES (81, '0057-2023', '2023-12-15', 18, 4, 19, 200.00, 'storage/vales_generados/0057-2023_editado2023-12-15.pdf', '2023-12-15 05:12:23', '2023-12-15 09:00:58', 'TRASLADO DE MATERAILES FUNGIBLES DE LA CIUDAD DE JULIACA A YUNGUYO', NULL);
INSERT INTO `vales` VALUES (82, '0058-2023', '2023-12-15', 7, 2, 17, 150.00, 'storage/vales_generados/0058-2023_15-12-2023.pdf', '2023-12-15 07:42:26', '2023-12-15 07:42:26', 'SEGUIMIENTO DE EXPEDIENTE EN PODER JUDICIAL PUNO', NULL);
INSERT INTO `vales` VALUES (83, '0059-2023', '2023-12-15', 18, 4, 19, 200.00, 'storage/vales_generados/0059-2023_15-12-2023.pdf', '2023-12-15 09:34:55', '2023-12-15 09:34:55', 'TRASLADO DE MATERIALES FUNGIBLES DE LA CIUDAD DE JULIACA YUNGUYO', NULL);
INSERT INTO `vales` VALUES (84, '0060-2023', '2023-12-18', 27, 2, 2, 50.00, 'storage/vales_generados/0060-2023_18-12-2023.pdf', '2023-12-18 02:56:04', '2023-12-18 02:56:04', 'CIERRE DE PROGRAMA DE ESPECIALIZACION EN LA CONSTRUCCION DEL PEI', NULL);
INSERT INTO `vales` VALUES (85, '0061-2023', '2023-12-18', 31, 5, 4, 50.00, 'storage/vales_generados/0061-2023_18-12-2023.pdf', '2023-12-18 03:13:46', '2023-12-18 03:13:46', 'MANTENICMIENTO DE LOCALES ESCOLARES', NULL);
INSERT INTO `vales` VALUES (86, '0062-2023', '2023-12-18', 21, 1, 2, 50.00, 'storage/vales_generados/0062-2023_18-12-2023.pdf', '2023-12-18 03:18:15', '2023-12-18 03:18:15', 'VISITA Y CONTROL A LA IE DE LA ZONA', NULL);
INSERT INTO `vales` VALUES (87, '0063-2023', '2023-12-18', 17, 1, 4, 50.00, 'storage/vales_generados/0063-2023_18-12-2023.pdf', '2023-12-18 11:05:57', '2023-12-18 11:05:57', 'ENTREGA DE DOCUMENTOS A LAS IIEE', NULL);
INSERT INTO `vales` VALUES (88, '0064-2023', '2023-12-18', 8, 5, 6, 40.00, 'storage/vales_generados/0064-2023_18-12-2023.pdf', '2023-12-18 15:55:24', '2023-12-18 15:55:24', 'ENTREGA DE OFICIO  DE CEREMONIA DE NOMBRAMIENTO DE DOCENTES', NULL);
INSERT INTO `vales` VALUES (89, '0065-2023', '2023-12-18', 21, 1, 6, 60.00, 'storage/vales_generados/0065-2023_18-12-2023.pdf', '2023-12-18 18:51:41', '2023-12-18 18:51:41', 'DILIGENCIA A LA IE ICHUYO Y OLLARAYA', NULL);
INSERT INTO `vales` VALUES (90, '0066-2023', '2023-12-19', 23, 5, 25, 40.00, 'storage/vales_generados/0066-2023_19-12-2023.pdf', '2023-12-19 10:10:28', '2023-12-19 10:10:28', 'CIERRE DE PROGRAMA DE ESPECIALIZACION DEL PEI', NULL);
INSERT INTO `vales` VALUES (91, '0067-2023', '2023-12-19', 2, 2, 6, 70.00, 'storage/vales_generados/0067-2023_19-12-2023.pdf', '2023-12-19 12:34:24', '2023-12-19 12:34:24', 'DILGENCIA A LAS IIEE DE LA ZONA UNICACHI', NULL);
INSERT INTO `vales` VALUES (92, '0068-2023', '2023-12-20', 17, 2, 17, 150.00, 'storage/vales_generados/0068-2023_20-12-2023.pdf', '2023-12-20 09:32:42', '2023-12-20 09:32:42', 'INSPECCION TECNICA VEHICULAR EN LA CIUDAD DE PUNO', NULL);
INSERT INTO `vales` VALUES (93, '0069-2023', '2023-12-20', 8, 4, 6, 40.00, 'storage/vales_generados/0069-2023_20-12-2023.pdf', '2023-12-20 12:30:10', '2023-12-20 12:30:10', 'ARREGLO PARA LA CEREMONIA SOBRE EL RECONOCIMIENTO DE EL INGRESO A LA CARRERA PUBLICA MAGISTERIAL', NULL);
INSERT INTO `vales` VALUES (94, '0070-2023', '2023-12-20', 2, 3, 6, 70.00, 'storage/vales_generados/0070-2023_20-12-2023.pdf', '2023-12-20 14:25:43', '2023-12-20 14:25:43', 'DILIGENCIAS A LAS IIEE DE LA ZONA', NULL);
INSERT INTO `vales` VALUES (95, '0071-2023', '2023-12-20', 9, 2, 17, 100.00, 'storage/vales_generados/0071-2023_20-12-2023.pdf', '2023-12-20 15:07:34', '2023-12-20 15:07:34', 'DILIGENCIA EN LA DRE', NULL);
INSERT INTO `vales` VALUES (96, '0072-2023', '2023-12-20', 7, 3, 17, 150.00, 'storage/vales_generados/0072-2023_20-12-2023.pdf', '2023-12-20 17:40:54', '2023-12-20 17:40:54', 'DILIGENCIA  A PUNO - PROCESO DICIPLINARIO - NOTIFICACIONES', NULL);
INSERT INTO `vales` VALUES (97, '0073-2023', '2023-12-21', 23, 2, 6, 50.00, 'storage/vales_generados/0073-2023_21-12-2023.pdf', '2023-12-21 08:13:31', '2023-12-21 08:13:31', 'TRASLADO DE PERSONAL A UNICACHI', NULL);
INSERT INTO `vales` VALUES (98, '0074-2023', '2023-12-21', 17, 1, 6, 50.00, 'storage/vales_generados/0074-2023_21-12-2023.pdf', '2023-12-21 08:15:04', '2023-12-21 08:15:04', 'TRASLADO DE PÈRSONAL COMITEIVA DE ENTREGA DE RESOLUCIONES NOMBRAMIENTOS', NULL);
INSERT INTO `vales` VALUES (99, '0075-2023', '2023-12-21', 2, 3, 6, 50.00, 'storage/vales_generados/0075-2023_21-12-2023.pdf', '2023-12-21 08:15:47', '2023-12-21 08:15:47', 'COMITE PARA ENTREGA DE RESOLUCIONES NOMBREMIENTO', NULL);
INSERT INTO `vales` VALUES (100, '0076-2023', '2023-12-21', 18, 4, 6, 50.00, 'storage/vales_generados/0076-2023_21-12-2023.pdf', '2023-12-21 08:21:55', '2023-12-21 08:21:55', 'TRASLADO DE ESPECIALISTAS PARA LA ENTREGA DE RESOLUCIONES DE NOMBREMIENTO', NULL);
INSERT INTO `vales` VALUES (101, '0077-2023', '2023-12-21', 19, 2, 6, 50.00, 'storage/vales_generados/0077-2023_21-12-2023.pdf', '2023-12-21 09:22:01', '2023-12-21 09:22:01', 'MANTENIMIENTO LOCAL', NULL);
INSERT INTO `vales` VALUES (102, '0078-2023', '2023-12-21', 2, 2, 17, 150.00, 'storage/vales_generados/0078-2023_21-12-2023.pdf', '2023-12-21 17:18:18', '2023-12-21 17:18:18', 'DILIGENCIA A LA DRE - PUNO', NULL);
INSERT INTO `vales` VALUES (103, '0079-2023', '2023-12-21', 2, 2, 17, 150.00, 'storage/vales_generados/0079-2023_21-12-2023.pdf', '2023-12-21 17:18:32', '2023-12-21 17:18:32', 'DILIGENCIA A LA DRE - PUNO', NULL);
INSERT INTO `vales` VALUES (104, '0080-2023', '2023-12-22', 21, 5, 4, 60.00, 'storage/vales_generados/0080-2023_22-12-2023.pdf', '2023-12-22 11:33:51', '2023-12-22 11:33:51', 'ENTREGA DE OFICIO A TODA LA ZON DE OLLARAYA, VILURCUNI Y YANAPATA', NULL);
INSERT INTO `vales` VALUES (105, '0081-2023', '2023-12-26', 17, 1, 17, 150.00, 'storage/vales_generados/0081-2023_26-12-2023.pdf', '2023-12-26 19:00:33', '2023-12-26 19:00:33', 'DREP PUNO -REUNION DE TRABAJO', NULL);
INSERT INTO `vales` VALUES (106, '0082-2023', '2023-12-26', 2, 5, 17, 150.00, 'storage/vales_generados/0082-2023_26-12-2023.pdf', '2023-12-26 19:02:40', '2023-12-26 19:02:40', 'DREP PUNO -REUNION DE TRABAJO SOBRE EJECUCION PRESUPUESTAL Y PROGRAMACION .', NULL);
INSERT INTO `vales` VALUES (107, '0083-2023', '2023-12-27', 28, 4, 6, 40.00, 'storage/vales_generados/0083-2023_27-12-2023.pdf', '2023-12-27 08:05:44', '2023-12-27 08:05:44', 'ASISTENCIA TECNICA A DIRECTORES POR FINALIZACION DE AÑO -2023', NULL);
INSERT INTO `vales` VALUES (108, '0084-2023', '2023-12-27', 7, 2, 2, 70.00, 'storage/vales_generados/0084-2023_27-12-2023.pdf', '2023-12-27 10:57:00', '2023-12-27 10:57:00', 'DILIGENCIAS DE NOTIFICACION A LA IES ANDRE BEELO DE TACAPISI Y LAS LAS IIEE DE LA ZONA YUNGUYO', NULL);
INSERT INTO `vales` VALUES (109, '0085-2023', '2023-12-28', 31, 3, 8, 20.00, 'storage/vales_generados/0085-2023_28-12-2023.pdf', '2023-12-28 10:37:07', '2023-12-28 10:37:07', 'MANTENIMIENTO DE LOCALES ESCOLARES KASANI', NULL);
INSERT INTO `vales` VALUES (110, '0086-2023', '2023-12-28', 21, 5, 2, 70.00, 'storage/vales_generados/0086-2023_28-12-2023.pdf', '2023-12-28 11:29:11', '2023-12-28 11:29:11', 'REALIZACION DE SEMANA DE GESTION EN LAS IIEE', NULL);
INSERT INTO `vales` VALUES (111, '0087-2023', '2023-12-28', 2, 2, 2, 70.00, 'storage/vales_generados/0087-2023_28-12-2023.pdf', '2023-12-28 12:09:39', '2023-12-28 12:09:39', 'DILIGENCIA A LAS IIEE', NULL);
INSERT INTO `vales` VALUES (112, '0088-2023', '2023-12-29', 21, 4, 5, 70.00, 'storage/vales_generados/0088-2023_29-12-2023.pdf', '2023-12-29 09:46:28', '2023-12-29 09:46:28', 'VISITA EN LA SEMANA DE GESTION DE DOCENTES', NULL);
INSERT INTO `vales` VALUES (113, '0089-2023', '2023-12-29', 15, 5, 2, 70.00, 'storage/vales_generados/0089-2023_29-12-2023.pdf', '2023-12-29 12:38:09', '2023-12-29 12:38:09', 'NOTIFICACION DE LAS IIEE ZONA COPANI', NULL);
INSERT INTO `vales` VALUES (114, '0090-2023', '2023-12-29', 2, 3, 17, 150.00, 'storage/vales_generados/0090-2023_29-12-2023.pdf', '2023-12-29 16:07:15', '2023-12-29 16:07:15', 'DILIGENCIA A LA DREP', NULL);
INSERT INTO `vales` VALUES (115, '0091-2023', '2023-12-29', 9, 4, 17, 150.00, 'storage/vales_generados/0091-2023_29-12-2023.pdf', '2023-12-29 16:29:13', '2023-12-29 16:29:13', 'DILIGENCIA A LA DREP', NULL);
INSERT INTO `vales` VALUES (116, '0092-2023', '2023-12-29', 33, 1, 17, 150.00, 'storage/vales_generados/0092-2023_29-12-2023.pdf', '2023-12-29 16:45:07', '2023-12-29 16:45:07', 'DILIGENCIA EN LA DREP - PUNO', NULL);
INSERT INTO `vales` VALUES (117, '0001-2024', '2024-01-03', 33, 1, 2, 50.00, 'storage/vales_generados/0001-2024_03-01-2024.pdf', '2024-01-03 12:48:45', '2024-01-03 12:48:45', 'MONITOREO DE ASISTENCIA AL PERSONAL DIRECTIVO Y ADMINISTRATIVO', NULL);
INSERT INTO `vales` VALUES (142, '0002-2024', '2024-01-03', 9, 5, 17, 100.00, 'storage/vales_generados/0002-2024_03-01-2024.pdf', '2024-01-03 14:24:20', '2024-01-03 14:24:20', 'REUNION DE TRABAJO', NULL);
INSERT INTO `vales` VALUES (143, '0003-2024', '2024-01-03', 5, 3, 4, 60.00, 'storage/vales_generados/0003-2024_03-01-2024.pdf', '2024-01-03 14:49:13', '2024-01-03 14:49:13', 'VISITA DE TRABAJO I.E. OLLARAYA', NULL);
INSERT INTO `vales` VALUES (144, '0004-2024', '2024-01-03', 39, 4, 3, 50.00, 'storage/vales_generados/0004-2024_03-01-2024.pdf', '2024-01-03 14:52:46', '2024-01-03 14:52:46', 'MONITOREO ASISTENCIA AL PERSONAL DIRECTIVO Y ADMINISTRATIVO', NULL);
INSERT INTO `vales` VALUES (145, '0005-2024', '2024-01-04', 5, 3, 7, 60.00, 'storage/vales_generados/0005-2024_04-01-2024.pdf', '2024-01-04 16:54:05', '2024-01-04 16:54:05', 'MONITOREO A LAS INSTITUCIONES EDUCATIVAS', NULL);
INSERT INTO `vales` VALUES (146, '0006-2024', '2024-01-05', 31, 3, 7, 50.00, 'storage/vales_generados/0006-2024_05-01-2024.pdf', '2024-01-05 09:24:41', '2024-01-05 09:24:41', 'MANTENIMIENTO DE LOCAL ESCOLAR QUEÑUANI', NULL);
INSERT INTO `vales` VALUES (147, '0007-2024', '2024-01-05', 22, 5, 25, 400.00, 'storage/vales_generados/0007-2024_05-01-2024.pdf', '2024-01-05 10:38:19', '2024-01-05 10:38:19', 'MANTENIMIENTO DE AULAS DE LA I.E.S. MICAELA BASTIDAS', NULL);
INSERT INTO `vales` VALUES (148, '0008-2024', '2024-01-05', 5, 2, 17, 150.00, 'storage/vales_generados/0008-2024_05-01-2024.pdf', '2024-01-05 11:10:37', '2024-01-05 11:10:37', 'DILIGENCIA A LA DRE PUNO', NULL);
INSERT INTO `vales` VALUES (149, '0009-2024', '2024-01-05', 17, 1, 8, 60.00, 'storage/vales_generados/0009-2024_05-01-2024.pdf', '2024-01-05 16:06:00', '2024-01-05 16:06:00', 'DILIGENCIA DE TRABAJO', NULL);
INSERT INTO `vales` VALUES (150, '0010-2024', '2024-01-05', 33, 5, 8, 150.00, 'storage/vales_generados/0010-2024_05-01-2024.pdf', '2024-01-05 16:10:50', '2024-01-05 16:10:50', 'DILIGENCIA DE TRABAJO', NULL);
INSERT INTO `vales` VALUES (151, '0011-2024', '2024-01-08', 9, 4, 7, 100.00, 'storage/vales_generados/0011-2024_08-01-2024.pdf', '2024-01-08 09:50:39', '2024-01-08 09:50:39', 'DILIGENCIA DE TRABAJO', NULL);
INSERT INTO `vales` VALUES (152, '0012-2024', '2024-01-08', 33, 1, 4, 60.00, 'storage/vales_generados/0012-2024_08-01-2024.pdf', '2024-01-08 09:56:20', '2024-01-08 09:56:20', 'DISTRIBUCION DE OFICIOS DE ENCARGATURA DE DIRECCION', NULL);
INSERT INTO `vales` VALUES (153, '0013-2024', '2024-01-08', 28, 1, 8, 50.00, 'storage/vales_generados/0013-2024_08-01-2024.pdf', '2024-01-08 10:18:39', '2024-01-08 10:18:39', 'DILIGENCIA DE TRABAJO', NULL);
INSERT INTO `vales` VALUES (154, '0014-2024', '2024-01-08', 33, 3, 2, 60.00, 'storage/vales_generados/0014-2024_08-01-2024.pdf', '2024-01-08 10:20:46', '2024-01-08 10:20:46', 'DISTRIBUCION DE OFICIOS DE ENCARGATURA DE DIRECCION', NULL);
INSERT INTO `vales` VALUES (155, '0015-2024', '2024-01-08', 5, 3, 17, 100.00, 'storage/vales_generados/0015-2024_08-01-2024.pdf', '2024-01-08 12:47:47', '2024-01-08 12:47:47', 'DILIGENCIA DE TRABAJO', NULL);
INSERT INTO `vales` VALUES (156, '0016-2024', '2024-01-08', 9, 1, 17, 150.00, 'storage/vales_generados/0016-2024_08-01-2024.pdf', '2024-01-08 15:20:22', '2024-01-08 15:20:22', 'REUNION DE TRABAJO EN LA DRE-PUNO SEGUN OFICIO MULTIPLE Nº 001-2024-GRP/GRDS/DREP', NULL);
INSERT INTO `vales` VALUES (157, '0017-2024', '2024-01-09', 31, 3, 7, 50.00, 'storage/vales_generados/0017-2024_09-01-2024.pdf', '2024-01-09 10:14:08', '2024-01-09 10:14:08', 'MANTENIMIENTO DE IIEE QUEÑUANI Y CASANI', NULL);
INSERT INTO `vales` VALUES (158, '0018-2024', '2024-01-09', 5, 3, 4, 50.00, 'storage/vales_generados/0018-2024_09-01-2024.pdf', '2024-01-09 16:30:37', '2024-01-09 16:30:37', 'RECOJO DE INFORMACION PARA SECRETARIA TECNICA', NULL);
INSERT INTO `vales` VALUES (159, '0019-2024', '2024-01-09', 28, 4, 8, 50.00, 'storage/vales_generados/0019-2024_09-01-2024.pdf', '2024-01-09 19:16:32', '2024-01-09 19:16:32', 'MONITOREO DEL PROGRAMA DE FORTALECIMIENTO ACADEMICO DE LA UGEL YUNGUYO', NULL);
INSERT INTO `vales` VALUES (160, '0020-2024', '2024-01-10', 2, 1, 8, 50.00, 'storage/vales_generados/0020-2024_10-01-2024.pdf', '2024-01-10 11:30:37', '2024-01-10 11:30:37', 'DILIGENCIA DE TRABAJO', NULL);
INSERT INTO `vales` VALUES (161, '0021-2024', '2024-01-10', 9, 3, 8, 100.00, 'storage/vales_generados/0021-2024_10-01-2024.pdf', '2024-01-10 14:07:26', '2024-01-10 14:07:26', 'TRASLADO DE DOCENTES DE LA CEPRE UGEL', NULL);
INSERT INTO `vales` VALUES (162, '0022-2024', '2024-01-10', 2, 1, 8, 50.00, 'storage/vales_generados/0022-2024_10-01-2024.pdf', '2024-01-10 16:39:07', '2024-01-10 16:39:07', 'DESPLAZAMIENTO DENTRO DE LA PROVINCIA INSTITUCIONES', NULL);
INSERT INTO `vales` VALUES (163, '0023-2024', '2024-01-11', 5, 2, 7, 60.00, 'storage/vales_generados/0023-2024_11-01-2024.pdf', '2024-01-11 07:59:52', '2024-01-11 07:59:52', 'DILIGENCIA DE TRABAJO', NULL);
INSERT INTO `vales` VALUES (164, '0024-2024', '2024-01-11', 33, 5, 6, 60.00, 'storage/vales_generados/0024-2024_11-01-2024.pdf', '2024-01-11 08:37:23', '2024-01-11 08:37:23', 'MONITOREO DE DIRECTORES', NULL);
INSERT INTO `vales` VALUES (165, '0025-2024', '2024-01-11', 2, 1, 7, 100.00, 'storage/vales_generados/0025-2024_11-01-2024.pdf', '2024-01-11 16:41:00', '2024-01-11 16:41:00', 'MONITOREO UNICACHI Y OLLARAYA', NULL);
INSERT INTO `vales` VALUES (166, '0026-2024', '2024-01-12', 7, 2, 7, 70.00, 'storage/vales_generados/0026-2024_12-01-2024.pdf', '2024-01-12 09:05:13', '2024-01-12 09:05:13', 'NOTIFICACION DE RESOLUCION DE INSTAURACION EN INSTITUCIONES EDUCATIVAS DE OLLARAYA Y YUNGUYO', NULL);
INSERT INTO `vales` VALUES (167, '0027-2024', '2024-01-12', 19, 1, 11, 70.00, 'storage/vales_generados/0027-2024_12-01-2024.pdf', '2024-01-12 09:17:02', '2024-01-12 09:17:02', 'REPUESTA A JUZGADO DE PAZ DESAGUADERO SEGUN OFICIO 0027-2024-GRP-ME-DREP', NULL);
INSERT INTO `vales` VALUES (168, '0028-2024', '2024-01-12', 33, 3, 4, 60.00, 'storage/vales_generados/0028-2024_12-01-2024.pdf', '2024-01-12 14:55:05', '2024-01-12 14:55:05', 'MONITOREO DE INSTITUCIONES EDUCATIVAS', NULL);
INSERT INTO `vales` VALUES (169, '0029-2024', '2024-01-12', 2, 1, 7, 100.00, 'storage/vales_generados/0029-2024_12-01-2024.pdf', '2024-01-12 16:21:01', '2024-01-12 16:21:01', 'DILIGENCIA DE TRABAJO', NULL);
INSERT INTO `vales` VALUES (170, '0030-2024', '2024-01-15', 5, 3, 7, 60.00, 'storage/vales_generados/0030-2024_15-01-2024.pdf', '2024-01-15 09:10:11', '2024-01-15 09:10:11', 'TRAMITES DOCUMENTARIOS', NULL);
INSERT INTO `vales` VALUES (171, '0031-2024', '2024-01-15', 31, 3, 7, 50.00, 'storage/vales_generados/0031-2024_15-01-2024.pdf', '2024-01-15 09:16:06', '2024-01-15 09:16:06', 'SEGUN OFICIO 001-2024-ME-DREP-UGEL-Y/DIES\"JAEF\"-Y VERIFICAICON LOCAS ESCOLAR', NULL);
INSERT INTO `vales` VALUES (172, '0032-2024', '2024-01-15', 33, 4, 4, 60.00, 'storage/vales_generados/0032-2024_15-01-2024.pdf', '2024-01-15 11:51:22', '2024-01-15 11:51:22', 'MONITOREO A DIRECTORES Y PERSONAL ADMINISTRATIVO', NULL);
INSERT INTO `vales` VALUES (173, '0033-2024', '2024-01-16', 31, 3, 8, 30.00, 'storage/vales_generados/0033-2024_16-01-2024.pdf', '2024-01-16 09:45:17', '2024-01-16 09:45:17', 'MANTENIMINETO DE LOCAL IIEE 70232', NULL);
INSERT INTO `vales` VALUES (174, '0034-2024', '2024-01-16', 7, 2, 4, 60.00, 'storage/vales_generados/0034-2024_16-01-2024.pdf', '2024-01-16 15:31:12', '2024-01-16 15:31:12', 'NOTIFICACION EN CENTRO POBLADO VILURCUNI OLLARAYA', NULL);
INSERT INTO `vales` VALUES (175, '0035-2024', '2024-01-16', 2, 3, 2, 100.00, 'storage/vales_generados/0035-2024_16-01-2024.pdf', '2024-01-16 16:36:26', '2024-01-16 16:36:26', 'MONITOREO A INSTITUCION EDUCATIVA TACAPISI Y COPANI', NULL);
INSERT INTO `vales` VALUES (176, '0036-2024', '2024-01-17', 18, 4, 7, 50.00, 'storage/vales_generados/0036-2024_17-01-2024.pdf', '2024-01-17 09:05:46', '2024-01-17 09:05:46', 'DILIGENCIA DE TRABAJO', NULL);
INSERT INTO `vales` VALUES (177, '0037-2024', '2024-01-17', 9, 3, 7, 100.00, 'storage/vales_generados/0037-2024_17-01-2024.pdf', '2024-01-17 11:20:59', '2024-01-17 11:20:59', 'TRASLADO DE DOCENTES CEPRE UGEL', NULL);
INSERT INTO `vales` VALUES (178, '0038-2024', '2024-01-17', 2, 3, 7, 100.00, 'storage/vales_generados/0038-2024_17-01-2024.pdf', '2024-01-17 16:52:15', '2024-01-17 16:52:15', 'DILIGENCIA DE TRABAJO', NULL);
INSERT INTO `vales` VALUES (179, '0039-2024', '2024-01-17', 33, 3, 2, 60.00, 'storage/vales_generados/0039-2024_17-01-2024.pdf', '2024-01-17 18:33:51', '2024-01-17 18:33:51', 'DILIGENCIA DE TRABAJO', NULL);
INSERT INTO `vales` VALUES (180, '0040-2024', '2024-01-17', 5, 3, 17, 100.00, 'storage/vales_generados/0040-2024_17-01-2024.pdf', '2024-01-17 18:53:21', '2024-01-17 18:53:21', 'DILIGENCIA DE TRABAJO GOBIERNO REGIONAL DE PUNO PROCURADURIA', NULL);
INSERT INTO `vales` VALUES (181, '0041-2024', '2024-01-18', 9, 3, 8, 100.00, 'storage/vales_generados/0041-2024_18-01-2024.pdf', '2024-01-18 09:29:39', '2024-01-18 09:29:39', 'PARA MANTENIMIENTO DE PISOS DE AULAS I.E.S.  J.A.E.  FRANCO YANAPATA SEGUN OFICIO 008-2024-ME-DREP-UGEL-Y/DIES\"JAEF\"-Y', NULL);
INSERT INTO `vales` VALUES (182, '0042-2024', '2024-01-18', 7, 2, 17, 150.00, 'storage/vales_generados/0042-2024_editado2024-01-18.pdf', '2024-01-18 12:26:34', '2024-01-18 12:28:41', 'NOTIFICACIONES DE LA RESOLUCION DIRECTORAL Nº 1376 - 2023 -UGEL YUNGUYO', NULL);
INSERT INTO `vales` VALUES (183, '0043-2024', '2024-01-19', 9, 3, 17, 100.00, 'storage/vales_generados/0043-2024_19-01-2024.pdf', '2024-01-19 14:51:54', '2024-01-19 14:51:54', 'DILIGENCIA DE TRABAJO', NULL);
INSERT INTO `vales` VALUES (184, '0044-2024', '2024-01-22', 5, 3, 4, 60.00, 'storage/vales_generados/0044-2024_22-01-2024.pdf', '2024-01-22 10:09:47', '2024-01-22 10:09:47', 'DILIGENCIA DE TRABAJO', NULL);
INSERT INTO `vales` VALUES (185, '0045-2024', '2024-01-22', 31, 3, 8, 350.00, 'storage/vales_generados/0045-2024_22-01-2024.pdf', '2024-01-22 10:21:22', '2024-01-22 10:21:22', 'TRASLADO DE DESMONTE UGEL YUNGUYO', NULL);
INSERT INTO `vales` VALUES (186, '0046-2024', '2024-01-22', 28, 4, 2, 60.00, 'storage/vales_generados/0046-2024_22-01-2024.pdf', '2024-01-22 11:50:42', '2024-01-22 11:50:42', 'MONITOREO DEL BUEN INICIO DEL AÑO ESCOLAR 2024', NULL);
INSERT INTO `vales` VALUES (187, '0047-2024', '2024-01-22', 28, 3, 6, 60.00, 'storage/vales_generados/0047-2024_22-01-2024.pdf', '2024-01-22 11:51:31', '2024-01-22 11:51:31', 'MONITOREO DEL BUEN INICIO DEL AÑO ESCOLAR 2024', NULL);
INSERT INTO `vales` VALUES (188, '0048-2024', '2024-01-23', 31, 3, 7, 50.00, 'storage/vales_generados/0048-2024_23-01-2024.pdf', '2024-01-23 08:46:43', '2024-01-23 08:46:43', 'MANTENIMIENTO DE LOCALES ESCOLARES 2024 ZONA CHINUHUANI', NULL);
INSERT INTO `vales` VALUES (189, '0049-2024', '2024-01-23', 5, 3, 2, 60.00, 'storage/vales_generados/0049-2024_23-01-2024.pdf', '2024-01-23 09:19:04', '2024-01-23 09:19:04', 'DILIGENCIA COPANI IES CARLOS MARIATEGUI', NULL);
INSERT INTO `vales` VALUES (190, '0050-2024', '2024-01-24', 7, 3, 4, 60.00, 'storage/vales_generados/0050-2024_24-01-2024.pdf', '2024-01-24 09:10:14', '2024-01-24 09:10:14', 'NOTIFICACION IES MIGUEL GRAU - OLLARAYA DE LA RD 1374-2023-UGEL-Y', NULL);
INSERT INTO `vales` VALUES (191, '0051-2024', '2024-01-24', 31, 5, 8, 140.00, 'storage/vales_generados/0051-2024_24-01-2024.pdf', '2024-01-24 09:40:21', '2024-01-24 09:40:21', 'POR RETIRO DEL DESMONTE DEL PATIO DE LA SEDE UGEL YUNGUYO', NULL);
INSERT INTO `vales` VALUES (192, '0052-2024', '2024-01-24', 31, 5, 8, 140.00, 'storage/vales_generados/0052-2024_24-01-2024.pdf', '2024-01-24 09:40:58', '2024-01-24 09:40:58', 'POR RETIRO DEL DESMONTE DEL PATIO DE LA SEDE UGEL YUNGUYO', NULL);
INSERT INTO `vales` VALUES (193, '0053-2024', '2024-01-24', 19, 2, 17, 120.00, 'storage/vales_generados/0053-2024_24-01-2024.pdf', '2024-01-24 12:31:57', '2024-01-24 12:31:57', 'ENTREGA DE DOCUMENTOS DE DIRECCION', NULL);
INSERT INTO `vales` VALUES (194, '0054-2024', '2024-01-24', 9, 3, 8, 100.00, 'storage/vales_generados/0054-2024_24-01-2024.pdf', '2024-01-24 15:03:58', '2024-01-24 15:03:58', 'PARA TRASLADO DE DOCENTES CEPRE UGEL', NULL);
INSERT INTO `vales` VALUES (195, '0055-2024', '2024-01-24', 28, 4, 273, 60.00, 'storage/vales_generados/0055-2024_24-01-2024.pdf', '2024-01-24 16:43:05', '2024-01-24 16:43:05', 'MONITOREO DEL BIAE ZONA YUNGUYO', NULL);
INSERT INTO `vales` VALUES (196, '0056-2024', '2024-01-24', 28, 4, 7, 60.00, 'storage/vales_generados/0056-2024_24-01-2024.pdf', '2024-01-24 16:45:31', '2024-01-24 16:45:31', 'MONITOREO DEL BIAE ZONA CUTURAPI CHIMBO Y QUEÑUANI', NULL);
INSERT INTO `vales` VALUES (197, '0057-2024', '2024-01-24', 2, 3, 8, 50.00, 'storage/vales_generados/0057-2024_24-01-2024.pdf', '2024-01-24 17:51:33', '2024-01-24 17:51:33', 'DILIGENCIA DE TRABAJO', NULL);
INSERT INTO `vales` VALUES (198, '0058-2024', '2024-01-24', 33, 3, 7, 100.00, 'storage/vales_generados/0058-2024_24-01-2024.pdf', '2024-01-24 19:18:04', '2024-01-24 19:18:04', 'MONITOREO A INSTITUCIONES EDUCATIVAS', NULL);
INSERT INTO `vales` VALUES (199, '0059-2024', '2024-01-25', 28, 4, 7, 50.00, 'storage/vales_generados/0059-2024_25-01-2024.pdf', '2024-01-25 17:50:19', '2024-01-25 17:50:19', 'MONITOREO BIAE A LAS INSTITUCIONES EDUCATIVAS ZONA YUNGUYO Y SANTA ROSA', NULL);
INSERT INTO `vales` VALUES (200, '0060-2024', '2024-01-26', 5, 1, 6, 60.00, 'storage/vales_generados/0060-2024_26-01-2024.pdf', '2024-01-26 12:57:53', '2024-01-26 12:57:53', 'NOTIFICACION  A IIEE', NULL);
INSERT INTO `vales` VALUES (201, '0061-2024', '2024-01-26', 9, 1, 17, 100.00, 'storage/vales_generados/0061-2024_26-01-2024.pdf', '2024-01-26 13:02:08', '2024-01-26 13:02:08', 'POR CONCEPTO DE TRASLADO DE CHEQUE  DEL SUB -CAFAE  IIEE', NULL);
INSERT INTO `vales` VALUES (202, '0062-2024', '2024-01-26', 39, 2, 7, 100.00, 'storage/vales_generados/0062-2024_26-01-2024.pdf', '2024-01-26 15:57:11', '2024-01-26 15:57:11', 'DELIGENCIA DE TRABAJO - NOTIFICACION DE PROCESO', NULL);
INSERT INTO `vales` VALUES (203, '0063-2024', '2024-01-29', 28, 4, 7, 50.00, 'storage/vales_generados/0063-2024_29-01-2024.pdf', '2024-01-29 09:00:28', '2024-01-29 09:00:28', 'MONITOREO BIAE A LAS II.EE. ZONA YUNGUYO, SANTA ROSA, SANQUIRA Y OLLARAYA', NULL);
INSERT INTO `vales` VALUES (204, '0064-2024', '2024-01-30', 2, 3, 7, 30.00, 'storage/vales_generados/0064-2024_30-01-2024.pdf', '2024-01-30 15:17:01', '2024-01-30 15:17:01', 'DILIGENCIA DE TRABAJO', NULL);
INSERT INTO `vales` VALUES (205, '0065-2024', '2024-01-30', 33, 3, 7, 60.00, 'storage/vales_generados/0065-2024_30-01-2024.pdf', '2024-01-30 19:04:46', '2024-01-30 19:04:46', 'DILIGENCIA DE TRABAJO - MONITOREO II.EE.', NULL);
INSERT INTO `vales` VALUES (206, '0066-2024', '2024-01-30', 2, 3, 7, 60.00, 'storage/vales_generados/0066-2024_30-01-2024.pdf', '2024-01-30 19:36:10', '2024-01-30 19:36:10', 'DILIGENCIA DE TRABAJO', NULL);
INSERT INTO `vales` VALUES (207, '0067-2024', '2024-01-30', 5, 3, 5, 60.00, 'storage/vales_generados/0067-2024_30-01-2024.pdf', '2024-01-30 19:45:07', '2024-01-30 19:45:07', 'DILIGENCIA DE TRABAJO', NULL);
INSERT INTO `vales` VALUES (208, '0068-2024', '2024-01-31', 33, 5, 273, 50.00, 'storage/vales_generados/0068-2024_31-01-2024.pdf', '2024-01-31 09:05:11', '2024-01-31 09:05:11', 'MONITREO A LAS INSTITUCIONES EDUCATIVAS DEL DISTRITO DE YUNGUYO', NULL);
INSERT INTO `vales` VALUES (209, '0069-2024', '2024-01-31', 31, 3, 3, 50.00, 'storage/vales_generados/0069-2024_31-01-2024.pdf', '2024-01-31 10:58:03', '2024-01-31 10:58:03', 'POR COMISION DE SERVICIO', NULL);
INSERT INTO `vales` VALUES (210, '0070-2024', '2024-01-31', 19, 3, 8, 50.00, 'storage/vales_generados/0070-2024_31-01-2024.pdf', '2024-01-31 14:15:11', '2024-01-31 14:15:11', 'MANTENIMIENTO DE LA SEDE UGEL YUNGUYO', NULL);
INSERT INTO `vales` VALUES (211, '0071-2024', '2024-02-01', 2, 5, 11, 80.00, 'storage/vales_generados/0071-2024_01-02-2024.pdf', '2024-02-01 09:00:21', '2024-02-01 09:00:21', 'COORDINACIÓN CON LA PRELATURA DE JULI - CETPRO YUNGUYO', NULL);
INSERT INTO `vales` VALUES (212, '0072-2024', '2024-02-01', 40, 4, 7, 60.00, 'storage/vales_generados/0072-2024_01-02-2024.pdf', '2024-02-01 10:05:55', '2024-02-01 10:05:55', 'POR EL MONITOREO BIAE FASE (01) UNO MINEDU', NULL);
INSERT INTO `vales` VALUES (213, '0073-2024', '2024-02-01', 2, 3, 4, 50.00, 'storage/vales_generados/0073-2024_01-02-2024.pdf', '2024-02-01 16:19:06', '2024-02-01 16:19:06', 'DILIGENCIA DE TRABAJO', NULL);
INSERT INTO `vales` VALUES (214, '0074-2024', '2024-02-01', 19, 2, 17, 150.00, 'storage/vales_generados/0074-2024_01-02-2024.pdf', '2024-02-01 16:36:40', '2024-02-01 16:36:40', 'ENTREGA DE DOCUMENTOS GOBIERNO REGIONAL, DREP Y CHEQUE DE CAFAE', NULL);
INSERT INTO `vales` VALUES (215, '0075-2024', '2024-02-02', 2, 3, 7, 70.00, 'storage/vales_generados/0075-2024_02-02-2024.pdf', '2024-02-02 09:58:03', '2024-02-02 09:58:03', 'DILIGENCIA DE TRABAJO', NULL);
INSERT INTO `vales` VALUES (216, '0076-2024', '2024-02-02', 5, 3, 17, 90.00, 'storage/vales_generados/0076-2024_02-02-2024.pdf', '2024-02-02 11:42:45', '2024-02-02 11:42:45', 'DILIGENCIA DE TRABAJO A LA DRE - PUNO', NULL);
INSERT INTO `vales` VALUES (217, '0077-2024', '2024-02-02', 9, 3, 268, 50.00, 'storage/vales_generados/0077-2024_02-02-2024.pdf', '2024-02-02 17:16:00', '2024-02-02 17:16:00', 'TRAMITE DE CHEQUE   SUB CAFAE MES DE ENERO 2024', NULL);
INSERT INTO `vales` VALUES (218, '0078-2024', '2024-02-05', 33, 4, 7, 50.00, 'storage/vales_generados/0078-2024_05-02-2024.pdf', '2024-02-05 10:05:44', '2024-02-05 10:05:44', 'DILIGENCIA DE TRABAJO ZONA COPANI', NULL);
INSERT INTO `vales` VALUES (219, '0079-2024', '2024-02-05', 5, 5, 3, 50.00, 'storage/vales_generados/0079-2024_05-02-2024.pdf', '2024-02-05 16:36:29', '2024-02-05 16:36:29', 'RECOJO DE DOCUMENTOS', NULL);
INSERT INTO `vales` VALUES (220, '0080-2024', '2024-02-06', 9, 3, 273, 360.00, 'storage/vales_generados/0080-2024_06-02-2024.pdf', '2024-02-06 15:35:17', '2024-02-06 15:35:17', 'MANTENIMIENTO DE AULAS DE I.E.S. MICAELA BASTIDAS SEGUN OFICIO Nº 008-2024/ME-DREP-UGEL-DIES\"MB\"-Y', NULL);
INSERT INTO `vales` VALUES (221, '0081-2024', '2024-02-07', 9, 3, 8, 100.00, 'storage/vales_generados/0081-2024_07-02-2024.pdf', '2024-02-07 10:56:37', '2024-02-07 10:56:37', 'PARA EL TRASLADO DEL PERSONAL CEPRE UGEL', NULL);
INSERT INTO `vales` VALUES (222, '0082-2024', '2024-02-07', 2, 3, 7, 50.00, 'storage/vales_generados/0082-2024_07-02-2024.pdf', '2024-02-07 15:02:32', '2024-02-07 15:02:32', 'DILIGENCIA DE TRABAJO', NULL);
INSERT INTO `vales` VALUES (223, '0083-2024', '2024-02-08', 31, 3, 273, 50.00, 'storage/vales_generados/0083-2024_08-02-2024.pdf', '2024-02-08 10:30:54', '2024-02-08 10:30:54', 'MANTENIMIENTO DE LOCALES ESCOLARES DE LA UGEL YUNGUYO', NULL);
INSERT INTO `vales` VALUES (224, '0084-2024', '2024-02-09', 28, 4, 273, 30.00, 'storage/vales_generados/0084-2024_editado2024-02-09.pdf', '2024-02-09 10:15:42', '2024-02-09 10:26:02', 'DILIGENCIA DE TRABAJO', NULL);
INSERT INTO `vales` VALUES (225, '0085-2024', '2024-02-09', 33, 3, 7, 50.00, 'storage/vales_generados/0085-2024_editado2024-02-09.pdf', '2024-02-09 10:16:09', '2024-02-09 10:16:56', 'DILIGENCIA DE TRABAJO', NULL);
INSERT INTO `vales` VALUES (226, '0086-2024', '2024-02-09', 2, 3, 17, 150.00, 'storage/vales_generados/0086-2024_09-02-2024.pdf', '2024-02-09 15:49:18', '2024-02-09 15:49:18', 'DILIGENCIA DE TRABAJO', NULL);
INSERT INTO `vales` VALUES (227, '0087-2024', '2024-02-09', 42, 3, 8, 70.00, 'storage/vales_generados/0087-2024_09-02-2024.pdf', '2024-02-09 16:05:41', '2024-02-09 16:05:41', 'INVITACION ACTIVIDAD DEL MUNICIPIO', NULL);
INSERT INTO `vales` VALUES (228, '0088-2024', '2024-02-12', 40, 4, 7, 50.00, 'storage/vales_generados/0088-2024_editado2024-02-12.pdf', '2024-02-12 09:23:22', '2024-02-12 09:27:01', 'MONITORIO BIAE EN LOS DISTRITOS DE COPAPUJO, CHOQUECHACA , ALTO ALIANZA', NULL);
INSERT INTO `vales` VALUES (229, '0089-2024', '2024-02-12', 7, 3, 17, 150.00, 'storage/vales_generados/0089-2024_12-02-2024.pdf', '2024-02-12 10:10:41', '2024-02-12 10:10:41', 'NOTIFICACION DE OFICIOS', NULL);
INSERT INTO `vales` VALUES (230, '0090-2024', '2024-02-13', 9, 3, 7, 100.00, 'storage/vales_generados/0090-2024_13-02-2024.pdf', '2024-02-13 10:03:00', '2024-02-13 10:03:00', 'PARA MANTENIMINETO DE LAS AULAS DE LA IES ANDERS BELLO TACAPISI SEGUN OFICIO 006-2024-DREP-UGEL-Y/DIES\"AB\"-T', NULL);
INSERT INTO `vales` VALUES (231, '0091-2024', '2024-02-13', 33, 3, 7, 60.00, 'storage/vales_generados/0091-2024_13-02-2024.pdf', '2024-02-13 18:47:08', '2024-02-13 18:47:08', 'DILIGENCIA DE TRABAJO', NULL);
INSERT INTO `vales` VALUES (232, '0092-2024', '2024-02-14', 18, 4, 2, 40.00, 'storage/vales_generados/0092-2024_14-02-2024.pdf', '2024-02-14 09:16:25', '2024-02-14 09:16:25', 'NOTIFICAR DOCUMENTO - OFICIO N°0102-2024- GRP-DREP-DUGEL-Y/D', NULL);
INSERT INTO `vales` VALUES (233, '0093-2024', '2024-02-14', 9, 3, 8, 100.00, 'storage/vales_generados/0093-2024_14-02-2024.pdf', '2024-02-14 09:43:18', '2024-02-14 09:43:18', 'PARA EL TRASLADO DE EL CENTRO DE REFORZAMIENTO UGEL YUNGUYO', NULL);
INSERT INTO `vales` VALUES (234, '0094-2024', '2024-02-14', 31, 3, 2, 50.00, 'storage/vales_generados/0094-2024_14-02-2024.pdf', '2024-02-14 10:17:00', '2024-02-14 10:17:00', 'MANTENIIENTO DE LAS INSTITUCIONES EDUCATIVAS -  IMICATI', NULL);
INSERT INTO `vales` VALUES (235, '0095-2024', '2024-02-15', 19, 3, 2, 50.00, 'storage/vales_generados/0095-2024_15-02-2024.pdf', '2024-02-15 11:21:59', '2024-02-15 11:21:59', 'MANTENIMIENTO DE LOCAL DE LA INSTITUCION EDUCATIVA', NULL);
INSERT INTO `vales` VALUES (236, '0096-2024', '2024-02-15', 7, 1, 6, 60.00, 'storage/vales_generados/0096-2024_15-02-2024.pdf', '2024-02-15 12:22:48', '2024-02-15 12:22:48', 'DILIGENCIAS EN LA IEP 70244 DANTE NAVA', NULL);
INSERT INTO `vales` VALUES (237, '0097-2024', '2024-02-16', 7, 3, 6, 50.00, 'storage/vales_generados/0097-2024_editado2024-02-16.pdf', '2024-02-16 08:48:39', '2024-02-16 11:01:18', 'DILIGENCIA EN LA IEP 70244 DANTE NAVA UNICHACHI', NULL);
INSERT INTO `vales` VALUES (238, '0098-2024', '2024-02-16', 5, 3, 2, 60.00, 'storage/vales_generados/0098-2024_16-02-2024.pdf', '2024-02-16 11:30:05', '2024-02-16 11:30:05', 'RECOJO DE INFORMACION IIEE TACAPISI', NULL);
INSERT INTO `vales` VALUES (239, '0099-2024', '2024-02-16', 31, 3, 4, 40.00, 'storage/vales_generados/0099-2024_16-02-2024.pdf', '2024-02-16 12:10:17', '2024-02-16 12:10:17', 'MANTENIMIENTO DE LOCAL EDUCATIVO', NULL);
INSERT INTO `vales` VALUES (240, '0100-2024', '2024-02-19', 42, 5, 11, 70.00, 'storage/vales_generados/0100-2024_19-02-2024.pdf', '2024-02-19 11:40:15', '2024-02-19 11:40:15', 'REUNIÓN CON LA PRELATURA DE JULLI', NULL);
INSERT INTO `vales` VALUES (241, '0101-2024', '2024-02-19', 17, 5, 11, 70.00, 'storage/vales_generados/0101-2024_19-02-2024.pdf', '2024-02-19 18:12:57', '2024-02-19 18:12:57', 'REUNION CON LA PRELATURA DE JULI', NULL);
INSERT INTO `vales` VALUES (242, '0102-2024', '2024-02-20', 31, 3, 37, 50.00, 'storage/vales_generados/0102-2024_20-02-2024.pdf', '2024-02-20 09:06:49', '2024-02-20 09:06:49', 'MANTENINIENTO DE LAS INSTITUCIONES EDUCATIVAS', NULL);
INSERT INTO `vales` VALUES (243, '0103-2024', '2024-02-20', 5, 3, 8, 50.00, 'storage/vales_generados/0103-2024_20-02-2024.pdf', '2024-02-20 12:18:11', '2024-02-20 12:18:11', 'DILIGENCIA DE TRABAJO NOTIFICACION DE OFICIO', NULL);
INSERT INTO `vales` VALUES (244, '0104-2024', '2024-02-20', 2, 3, 7, 50.00, 'storage/vales_generados/0104-2024_20-02-2024.pdf', '2024-02-20 18:22:33', '2024-02-20 18:22:33', 'DILIGENCIA DE TRABAJO', NULL);
INSERT INTO `vales` VALUES (245, '0105-2024', '2024-02-21', 9, 3, 8, 100.00, 'storage/vales_generados/0105-2024_21-02-2024.pdf', '2024-02-21 10:59:36', '2024-02-21 10:59:36', 'POR CONCEPTO DE TRASLADO DE PERSONAL DE PROYECTO DE REFORZAMIENTO DE ESTUDIANTES', NULL);
INSERT INTO `vales` VALUES (246, '0106-2024', '2024-02-21', 11, 3, 2, 50.00, 'storage/vales_generados/0106-2024_21-02-2024.pdf', '2024-02-21 11:32:38', '2024-02-21 11:32:38', 'VERIFICACIÓN SOBRE INTERNET EN LAS INSTITUCIONES EDUCATIVAS.', NULL);
INSERT INTO `vales` VALUES (247, '0107-2024', '2024-02-21', 2, 3, 7, 70.00, 'storage/vales_generados/0107-2024_editado2024-02-21.pdf', '2024-02-21 16:41:58', '2024-02-21 16:42:40', 'DILIGENCIA DE TRABAJO', NULL);
INSERT INTO `vales` VALUES (248, '0108-2024', '2024-02-21', 33, 3, 7, 50.00, 'storage/vales_generados/0108-2024_21-02-2024.pdf', '2024-02-21 18:28:16', '2024-02-21 18:28:16', 'DILIGENCIA DE TRABAJO', NULL);
INSERT INTO `vales` VALUES (249, '0109-2024', '2024-02-22', 31, 3, 55, 50.00, 'storage/vales_generados/0109-2024_22-02-2024.pdf', '2024-02-22 08:53:16', '2024-02-22 08:53:16', 'VERIICACIÓN DE LOCAL ESCOLRAR CHINUMANI - IMICATE', NULL);
INSERT INTO `vales` VALUES (250, '0110-2024', '2024-02-22', 2, 5, 11, 100.00, 'storage/vales_generados/0110-2024_22-02-2024.pdf', '2024-02-22 16:22:23', '2024-02-22 16:22:23', 'DILIGENCIA DE TRABAJO', NULL);
INSERT INTO `vales` VALUES (251, '0111-2024', '2024-02-22', 5, 1, 17, 50.00, 'storage/vales_generados/0111-2024_22-02-2024.pdf', '2024-02-22 19:40:50', '2024-02-22 19:40:50', 'RECOJO DE EXPEDINTES PUNO', NULL);
INSERT INTO `vales` VALUES (252, '0112-2024', '2024-02-23', 31, 3, 70, 50.00, 'storage/vales_generados/0112-2024_23-02-2024.pdf', '2024-02-23 09:24:16', '2024-02-23 09:24:16', 'VERIFICACIÓN DE LOCAL ESCOLAR - SANTA ROSA', NULL);
INSERT INTO `vales` VALUES (253, '0113-2024', '2024-02-23', 17, 5, 2, 60.00, 'storage/vales_generados/0113-2024_23-02-2024.pdf', '2024-02-23 09:35:41', '2024-02-23 09:35:41', 'VERIFICACION DE PERSONAL ADMINISTRATIVO', NULL);
INSERT INTO `vales` VALUES (254, '0114-2024', '2024-02-23', 7, 3, 273, 50.00, 'storage/vales_generados/0114-2024_23-02-2024.pdf', '2024-02-23 14:34:07', '2024-02-23 14:34:07', 'NOTIFICACION DE CARTA A ADMINISTRADO Y SEGUIMIENTO DE CASO EN FISCALIA', NULL);
INSERT INTO `vales` VALUES (255, '0115-2024', '2024-02-23', 9, 3, 17, 50.00, 'storage/vales_generados/0115-2024_23-02-2024.pdf', '2024-02-23 17:24:00', '2024-02-23 17:24:00', 'LLEVADO DE CHEQUES SUBCAFAE FERERO-2024', NULL);
INSERT INTO `vales` VALUES (256, '0116-2024', '2024-02-27', 42, 1, 17, 150.00, 'storage/vales_generados/0116-2024_27-02-2024.pdf', '2024-02-27 07:33:07', '2024-02-27 07:33:07', 'FORTALECIENDO  EL AÑO ESCOLAR  DEFENSORIA DE PUEBLO -PUNO', NULL);
INSERT INTO `vales` VALUES (257, '0117-2024', '2024-02-28', 33, 3, 7, 40.00, 'storage/vales_generados/0117-2024_28-02-2024.pdf', '2024-02-28 09:11:18', '2024-02-28 09:11:18', 'NOTIFICACION A DIRECTORES DESIGNADOS', NULL);
INSERT INTO `vales` VALUES (258, '0118-2024', '2024-02-28', 31, 3, 7, 40.00, 'storage/vales_generados/0118-2024_28-02-2024.pdf', '2024-02-28 09:16:22', '2024-02-28 09:16:22', 'PARA MATENIMIENTO DEL PATIO DE LA UGEL', NULL);
INSERT INTO `vales` VALUES (259, '0119-2024', '2024-02-28', 31, 3, 7, 40.00, 'storage/vales_generados/0119-2024_28-02-2024.pdf', '2024-02-28 09:42:11', '2024-02-28 09:42:11', 'POR EL MANTENIMIENTO DEL PATIO DE LA UGEL', NULL);
INSERT INTO `vales` VALUES (260, '0120-2024', '2024-02-28', 2, 3, 7, 100.00, 'storage/vales_generados/0120-2024_28-02-2024.pdf', '2024-02-28 14:40:55', '2024-02-28 14:40:55', 'DILIGENCIA DE TRABAJO', NULL);
INSERT INTO `vales` VALUES (261, '0121-2024', '2024-02-28', 9, 3, 8, 100.00, 'storage/vales_generados/0121-2024_28-02-2024.pdf', '2024-02-28 15:14:09', '2024-02-28 15:14:09', 'PARA TRASLADO DE PERSONAL  DE PROGRAMA DE REFORZAMIENTO', NULL);
INSERT INTO `vales` VALUES (262, '0122-2024', '2024-02-28', 17, 3, 8, 60.00, 'storage/vales_generados/0122-2024_28-02-2024.pdf', '2024-02-28 15:23:25', '2024-02-28 15:23:25', 'MOVILIDAD LOCAL DE PERSONAL', NULL);
INSERT INTO `vales` VALUES (263, '0123-2024', '2024-02-28', 7, 3, 8, 50.00, 'storage/vales_generados/0123-2024_28-02-2024.pdf', '2024-02-28 15:33:05', '2024-02-28 15:33:05', 'DILIGENCIA DE TRABAJO', NULL);
INSERT INTO `vales` VALUES (264, '0124-2024', '2024-02-29', 17, 3, 17, 150.00, 'storage/vales_generados/0124-2024_29-02-2024.pdf', '2024-02-29 09:44:41', '2024-02-29 09:44:41', 'DILIGENCIA DE TRABAJO', NULL);
INSERT INTO `vales` VALUES (265, '0125-2024', '2024-02-29', 31, 4, 273, 50.00, 'storage/vales_generados/0125-2024_29-02-2024.pdf', '2024-02-29 12:18:52', '2024-02-29 12:18:52', 'MATERIAL DE CONSTRUCCIÓN - HORMIGON', NULL);
INSERT INTO `vales` VALUES (266, '0126-2024', '2024-02-29', 37, 5, 5, 60.00, 'storage/vales_generados/0126-2024_29-02-2024.pdf', '2024-02-29 15:00:00', '2024-02-29 15:00:00', 'MONITOREO,  ENTREGA DE OFICIOS Y COORDINACIÓN CON DIRECCTORES.', NULL);
INSERT INTO `vales` VALUES (267, '0127-2024', '2024-02-29', 37, 1, 2, 60.00, 'storage/vales_generados/0127-2024_29-02-2024.pdf', '2024-02-29 15:00:53', '2024-02-29 15:00:53', 'MONITOREO,  ENTREGA DE OFICIOS Y COORDINACIÓN CON DIRECCTORES.', NULL);
INSERT INTO `vales` VALUES (268, '0128-2024', '2024-02-29', 37, 2, 3, 60.00, 'storage/vales_generados/0128-2024_editado2024-02-29.pdf', '2024-02-29 15:01:49', '2024-02-29 15:05:08', 'MONITOREO,  ENTREGA DE OFICIOS Y COORDINACIÓN CON DIRECCTORES.', NULL);
INSERT INTO `vales` VALUES (269, '0129-2024', '2024-02-29', 2, 3, 17, 150.00, 'storage/vales_generados/0129-2024_29-02-2024.pdf', '2024-02-29 18:09:28', '2024-02-29 18:09:28', 'DILIGENCIA', NULL);
INSERT INTO `vales` VALUES (270, '0130-2024', '2024-03-01', 31, 2, 273, 80.00, 'storage/vales_generados/0130-2024_editado2024-03-01.pdf', '2024-03-01 09:05:44', '2024-03-01 09:07:29', 'PARA MANTEMIENTO DEL PATIO DE LA SEDE UGELY (MEZCLADORA)', NULL);
INSERT INTO `vales` VALUES (271, '0131-2024', '2024-03-01', 31, 3, 3, 50.00, 'storage/vales_generados/0131-2024_01-03-2024.pdf', '2024-03-01 09:18:09', '2024-03-01 09:18:09', 'VERIFICACION DE LOCALES ESCOLARES - CUTURAPI', NULL);
INSERT INTO `vales` VALUES (272, '0132-2024', '2024-03-01', 7, 3, 273, 60.00, 'storage/vales_generados/0132-2024_01-03-2024.pdf', '2024-03-01 09:41:39', '2024-03-01 09:41:39', 'DILIGENCIA MONITOREO DE ASISTENCIA', NULL);
INSERT INTO `vales` VALUES (273, '0133-2024', '2024-03-01', 37, 4, 2, 50.00, 'storage/vales_generados/0133-2024_01-03-2024.pdf', '2024-03-01 15:58:21', '2024-03-01 15:58:21', 'MONITOREO DE TUTORIA', NULL);
INSERT INTO `vales` VALUES (274, '0134-2024', '2024-03-04', 37, 2, 7, 50.00, 'storage/vales_generados/0134-2024_editado2024-03-04.pdf', '2024-03-04 08:41:48', '2024-03-04 08:53:12', 'MONITOREO Y SEGUIMIENTO DE RUTAS DE GESTION', NULL);
INSERT INTO `vales` VALUES (275, '0135-2024', '2024-03-04', 37, 4, 5, 50.00, 'storage/vales_generados/0135-2024_04-03-2024.pdf', '2024-03-04 08:54:29', '2024-03-04 08:54:29', 'MONITOREO Y SEGUIMIENTO DE RUTAS DE GESTION', NULL);
INSERT INTO `vales` VALUES (276, '0136-2024', '2024-03-04', 43, 1, 7, 50.00, 'storage/vales_generados/0136-2024_04-03-2024.pdf', '2024-03-04 11:05:26', '2024-03-04 11:05:26', 'NOTIFICACION DE OFICIOS ZONA COPANI', NULL);
INSERT INTO `vales` VALUES (277, '0137-2024', '2024-03-04', 44, 4, 1, 60.00, 'storage/vales_generados/0137-2024_editado2024-03-04.pdf', '2024-03-04 15:06:09', '2024-03-04 15:06:44', 'POR APERTURA DEL AÑO ESCOLAR 2024', NULL);
INSERT INTO `vales` VALUES (278, '0138-2024', '2024-03-04', 37, 4, 7, 60.00, 'storage/vales_generados/0138-2024_04-03-2024.pdf', '2024-03-04 17:26:06', '2024-03-04 17:26:06', 'MONITOREO BIAE ZONAS RURALES', NULL);
INSERT INTO `vales` VALUES (279, '0139-2024', '2024-03-04', 2, 3, 7, 50.00, 'storage/vales_generados/0139-2024_04-03-2024.pdf', '2024-03-04 17:53:24', '2024-03-04 17:53:24', 'DILIGENCIA DE TRABAJO', NULL);
INSERT INTO `vales` VALUES (280, '0140-2024', '2024-03-05', 31, 3, 273, 50.00, 'storage/vales_generados/0140-2024_05-03-2024.pdf', '2024-03-05 14:53:46', '2024-03-05 14:53:46', 'TRASLADO DEL ENCOFRADO PARA EL PEDESTAL DEL ASTA DE LA SEDE ADM.', NULL);
INSERT INTO `vales` VALUES (281, '0141-2024', '2024-03-05', 33, 3, 7, 50.00, 'storage/vales_generados/0141-2024_05-03-2024.pdf', '2024-03-05 19:05:32', '2024-03-05 19:05:32', 'DILIGENCIA DE TRABAJO', NULL);
INSERT INTO `vales` VALUES (282, '0142-2024', '2024-03-06', 31, 3, 273, 50.00, 'storage/vales_generados/0142-2024_06-03-2024.pdf', '2024-03-06 09:09:12', '2024-03-06 09:09:12', 'VERIFICACION DE LOCAL ESCOLAR CON PRONIED', NULL);
INSERT INTO `vales` VALUES (283, '0143-2024', '2024-03-06', 9, 3, 273, 100.00, 'storage/vales_generados/0143-2024_06-03-2024.pdf', '2024-03-06 10:45:10', '2024-03-06 10:45:10', 'POR EL TRASLADO DEL PERSONAL DEL PROYECTO DE REFORZAMIENTO PARA ESTUDIANTES DE LA UGEL YUNGUYO', NULL);
INSERT INTO `vales` VALUES (284, '0144-2024', '2024-03-06', 33, 1, 2, 50.00, 'storage/vales_generados/0144-2024_06-03-2024.pdf', '2024-03-06 19:03:05', '2024-03-06 19:03:05', 'DELEGACION   DE   UGEL YUNGUYO BUEN INICIO ESCOLAR', NULL);
INSERT INTO `vales` VALUES (285, '0145-2024', '2024-03-06', 2, 1, 7, 70.00, 'storage/vales_generados/0145-2024_06-03-2024.pdf', '2024-03-06 19:13:40', '2024-03-06 19:13:40', 'DILIGENCIA DE TRABAJO', NULL);
INSERT INTO `vales` VALUES (286, '0146-2024', '2024-03-07', 17, 1, 2, 50.00, 'storage/vales_generados/0146-2024_07-03-2024.pdf', '2024-03-07 08:51:59', '2024-03-07 08:51:59', 'MONITOREO ZONA COPANI', NULL);
INSERT INTO `vales` VALUES (287, '0147-2024', '2024-03-07', 7, 3, 2, 60.00, 'storage/vales_generados/0147-2024_07-03-2024.pdf', '2024-03-07 11:47:40', '2024-03-07 11:47:40', 'DILIGENCIA DE TRABAJO EN LA IES JOSE CARLOS MARIATEGUI - COPANI', NULL);
INSERT INTO `vales` VALUES (288, '0148-2024', '2024-03-07', 26, 1, 4, 60.00, 'storage/vales_generados/0148-2024_07-03-2024.pdf', '2024-03-07 14:47:35', '2024-03-07 14:47:35', 'ACTIVIDAD BUEN INICIO DEL AÑO ESCOLAR 2024', NULL);
INSERT INTO `vales` VALUES (289, '0149-2024', '2024-03-07', 26, 5, 2, 60.00, 'storage/vales_generados/0149-2024_07-03-2024.pdf', '2024-03-07 14:48:17', '2024-03-07 14:48:17', 'ACTIVIDAD BUEN INICIO DEL AÑO ESCOLAR 2024', NULL);
INSERT INTO `vales` VALUES (290, '0150-2024', '2024-03-07', 26, 4, 5, 60.00, 'storage/vales_generados/0150-2024_07-03-2024.pdf', '2024-03-07 14:48:50', '2024-03-07 14:48:50', 'ACTIVIDAD BUEN INICIO DEL AÑO ESCOLAR 2024', NULL);
INSERT INTO `vales` VALUES (291, '0151-2024', '2024-03-07', 26, 2, 3, 60.00, 'storage/vales_generados/0151-2024_editado2024-03-07.pdf', '2024-03-07 14:49:04', '2024-03-07 14:49:29', 'ACTIVIDAD BUEN INICIO DEL AÑO ESCOLAR 2024', NULL);
INSERT INTO `vales` VALUES (292, '0152-2024', '2024-03-07', 2, 3, 7, 100.00, 'storage/vales_generados/0152-2024_07-03-2024.pdf', '2024-03-07 17:34:26', '2024-03-07 17:34:26', 'DILIGENCIA DE TRABAJO', NULL);
INSERT INTO `vales` VALUES (293, '0153-2024', '2024-03-08', 31, 3, 7, 50.00, 'storage/vales_generados/0153-2024_08-03-2024.pdf', '2024-03-08 10:48:55', '2024-03-08 10:48:55', 'VERIFICACION DE LOCAL ESCOLAR IES. DAC', NULL);
INSERT INTO `vales` VALUES (294, '0154-2024', '2024-03-08', 9, 3, 7, 100.00, 'storage/vales_generados/0154-2024_08-03-2024.pdf', '2024-03-08 10:52:24', '2024-03-08 10:52:24', 'POR EL TRASLADO DE PERSONAL DE REFORZAMIENTO EDUCATIVO UGEL', NULL);
INSERT INTO `vales` VALUES (295, '0155-2024', '2024-03-08', 11, 2, 7, 60.00, 'storage/vales_generados/0155-2024_08-03-2024.pdf', '2024-03-08 17:16:33', '2024-03-08 17:16:33', 'BUEN INICIO DEL AÑO ESCOLAR', NULL);
INSERT INTO `vales` VALUES (296, '0156-2024', '2024-03-08', 33, 1, 6, 70.00, 'storage/vales_generados/0156-2024_08-03-2024.pdf', '2024-03-08 19:14:06', '2024-03-08 19:14:06', 'MONITOREO DE  PERSONAL  DIRECTIVOS Y DOCENTES', NULL);
INSERT INTO `vales` VALUES (297, '0157-2024', '2024-03-10', 40, 4, 1, 300.00, 'storage/vales_generados/0157-2024_10-03-2024.pdf', '2024-03-10 20:29:27', '2024-03-10 20:29:27', 'BUEN INICIO DEL AÑO ESCOLAR 2024', NULL);
INSERT INTO `vales` VALUES (298, '0158-2024', '2024-03-11', 7, 2, 6, 70.00, 'storage/vales_generados/0158-2024_11-03-2024.pdf', '2024-03-11 08:16:18', '2024-03-11 08:16:18', 'APERTURA DEL AÑO ESCOLAR 2024', NULL);
INSERT INTO `vales` VALUES (299, '0159-2024', '2024-03-11', 17, 2, 1, 50.00, 'storage/vales_generados/0159-2024_11-03-2024.pdf', '2024-03-11 08:17:21', '2024-03-11 08:17:21', 'APERTURA DEL AÑO ESCOLAR 2024', NULL);
INSERT INTO `vales` VALUES (300, '0160-2024', '2024-03-11', 17, 5, 1, 35.00, 'storage/vales_generados/0160-2024_11-03-2024.pdf', '2024-03-11 15:26:43', '2024-03-11 15:26:43', 'INICIO DEL BUEN AÑO ESCOLAR 2024', NULL);
INSERT INTO `vales` VALUES (301, '0161-2024', '2024-03-11', 2, 3, 7, 70.00, 'storage/vales_generados/0161-2024_11-03-2024.pdf', '2024-03-11 15:44:24', '2024-03-11 15:44:24', 'DILIGENCIA DE TRABAJO - BIAE', NULL);
INSERT INTO `vales` VALUES (302, '0162-2024', '2024-03-11', 7, 3, 17, 150.00, 'storage/vales_generados/0162-2024_11-03-2024.pdf', '2024-03-11 18:20:22', '2024-03-11 18:20:22', 'NOTIFICACION EN LA CIUDAD DE PUNO, LA RES. N°0295-2024-UGEL-Y', NULL);
INSERT INTO `vales` VALUES (303, '0163-2024', '2024-03-12', 37, 4, 273, 30.00, 'storage/vales_generados/0163-2024_12-03-2024.pdf', '2024-03-12 11:25:01', '2024-03-12 11:25:01', 'PEI COORDINACION PARA LA CAPACITACION DOCENTE', NULL);
INSERT INTO `vales` VALUES (304, '0164-2024', '2024-03-12', 26, 3, 273, 70.00, 'storage/vales_generados/0164-2024_12-03-2024.pdf', '2024-03-12 11:29:06', '2024-03-12 11:29:06', 'LANZAMIENTO DEL BUEN INICIO DEL AÑO ESCOLAR 2024', NULL);
INSERT INTO `vales` VALUES (305, '0165-2024', '2024-03-12', 26, 5, 273, 100.00, 'storage/vales_generados/0165-2024_12-03-2024.pdf', '2024-03-12 11:32:22', '2024-03-12 11:32:22', 'CAPACITACION DIRECTIVOS 2024', NULL);
INSERT INTO `vales` VALUES (306, '0166-2024', '2024-03-12', 30, 2, 2, 80.00, 'storage/vales_generados/0166-2024_12-03-2024.pdf', '2024-03-12 12:18:43', '2024-03-12 12:18:43', 'POR EL BUEN INICIO DEL AÑO ESCOLAR', NULL);
INSERT INTO `vales` VALUES (307, '0167-2024', '2024-03-12', 9, 5, 4, 70.00, 'storage/vales_generados/0167-2024_12-03-2024.pdf', '2024-03-12 16:56:30', '2024-03-12 16:56:30', 'APOYO A LA IIEE. SECUNDARIA MG. OFICIO 018-2024-ME-DREP-UGEL/Y/DIES\"MG\"', NULL);
INSERT INTO `vales` VALUES (308, '0168-2024', '2024-03-12', 37, 5, 273, 30.00, 'storage/vales_generados/0168-2024_12-03-2024.pdf', '2024-03-12 19:18:05', '2024-03-12 19:18:05', 'MONITOREO', NULL);
INSERT INTO `vales` VALUES (309, '0169-2024', '2024-03-12', 37, 1, 273, 30.00, 'storage/vales_generados/0169-2024_12-03-2024.pdf', '2024-03-12 19:18:33', '2024-03-12 19:18:33', 'MONITOREO', NULL);
INSERT INTO `vales` VALUES (310, '0170-2024', '2024-03-13', 17, 1, 2, 50.00, 'storage/vales_generados/0170-2024_13-03-2024.pdf', '2024-03-13 09:19:25', '2024-03-13 09:19:25', 'ACCIONES DE MONITOREO EN II.EE', NULL);
INSERT INTO `vales` VALUES (311, '0171-2024', '2024-03-13', 9, 3, 8, 100.00, 'storage/vales_generados/0171-2024_13-03-2024.pdf', '2024-03-13 11:05:58', '2024-03-13 11:05:58', 'POR EL TRASLADO DE PERSONAL DE PROYECTO DE REFORZAMIENTO UGEL YUNGUYO', NULL);
INSERT INTO `vales` VALUES (312, '0172-2024', '2024-03-13', 2, 3, 7, 100.00, 'storage/vales_generados/0172-2024_13-03-2024.pdf', '2024-03-13 19:03:27', '2024-03-13 19:03:27', 'DILIGENCIA DE TRABAJO', NULL);
INSERT INTO `vales` VALUES (313, '0173-2024', '2024-03-14', 31, 3, 7, 50.00, 'storage/vales_generados/0173-2024_14-03-2024.pdf', '2024-03-14 09:05:44', '2024-03-14 09:05:44', 'POR LA VERIFICACION  DE LOCAL ESCOLAR MACHACMARCA', NULL);
INSERT INTO `vales` VALUES (314, '0174-2024', '2024-03-14', 26, 1, 8, 30.00, 'storage/vales_generados/0174-2024_14-03-2024.pdf', '2024-03-14 10:26:02', '2024-03-14 10:26:02', 'APOYO LOGISTICO', NULL);
INSERT INTO `vales` VALUES (315, '0175-2024', '2024-03-14', 2, 3, 7, 100.00, 'storage/vales_generados/0175-2024_14-03-2024.pdf', '2024-03-14 17:27:06', '2024-03-14 17:27:06', 'DILIGENCIA DE TRABAJO', NULL);
INSERT INTO `vales` VALUES (316, '0176-2024', '2024-03-14', 5, 5, 7, 100.00, 'storage/vales_generados/0176-2024_14-03-2024.pdf', '2024-03-14 17:27:37', '2024-03-14 17:27:37', 'DILIGENCIA DE TRABAJO', NULL);
INSERT INTO `vales` VALUES (317, '0177-2024', '2024-03-15', 17, 1, 6, 60.00, 'storage/vales_generados/0177-2024_15-03-2024.pdf', '2024-03-15 08:20:22', '2024-03-15 08:20:22', 'NOTIFICACIONES PARA IIEE. UNICACHI Y TAHUACO', NULL);
INSERT INTO `vales` VALUES (318, '0178-2024', '2024-03-15', 45, 2, 7, 120.00, 'storage/vales_generados/0178-2024_15-03-2024.pdf', '2024-03-15 14:57:53', '2024-03-15 14:57:53', 'DILIGENCIA DE TRABAJO BUEN INICIO ESCOLAR 2024', NULL);
INSERT INTO `vales` VALUES (319, '0179-2024', '2024-03-15', 9, 3, 7, 100.00, 'storage/vales_generados/0179-2024_15-03-2024.pdf', '2024-03-15 15:40:32', '2024-03-15 15:40:32', 'PARA EL TRASLADO DE PERSONAL DEL PROYECTO DE REFORZAMIENTO A ESTUDIANTES DE LA UGEL', NULL);
INSERT INTO `vales` VALUES (320, '0180-2024', '2024-03-15', 2, 3, 7, 100.00, 'storage/vales_generados/0180-2024_15-03-2024.pdf', '2024-03-15 16:28:38', '2024-03-15 16:28:38', 'DILIGENCIA DE TRABAJO', NULL);
INSERT INTO `vales` VALUES (321, '0181-2024', '2024-03-18', 37, 4, 6, 50.00, 'storage/vales_generados/0181-2024_18-03-2024.pdf', '2024-03-18 08:42:07', '2024-03-18 08:42:07', 'MONITOREO DE IIEE.', NULL);
INSERT INTO `vales` VALUES (322, '0182-2024', '2024-03-18', 37, 4, 2, 50.00, 'storage/vales_generados/0182-2024_18-03-2024.pdf', '2024-03-18 08:42:41', '2024-03-18 08:42:41', 'MONITOREO DE IIEE.', NULL);
INSERT INTO `vales` VALUES (323, '0183-2024', '2024-03-18', 37, 2, 2, 50.00, 'storage/vales_generados/0183-2024_18-03-2024.pdf', '2024-03-18 08:43:15', '2024-03-18 08:43:15', 'MONITOREO DE IIEE.', NULL);
INSERT INTO `vales` VALUES (324, '0184-2024', '2024-03-18', 31, 3, 7, 50.00, 'storage/vales_generados/0184-2024_18-03-2024.pdf', '2024-03-18 09:45:52', '2024-03-18 09:45:52', 'IEI  CHIMBO VERIFICACION DE LOCAL ESCOLAR', NULL);
INSERT INTO `vales` VALUES (325, '0185-2024', '2024-03-18', 17, 3, 7, 50.00, 'storage/vales_generados/0185-2024_18-03-2024.pdf', '2024-03-18 10:28:13', '2024-03-18 10:28:13', 'DILIGENCIA DE TRABAJO UMAPIURA', NULL);
INSERT INTO `vales` VALUES (326, '0186-2024', '2024-03-18', 2, 3, 7, 70.00, 'storage/vales_generados/0186-2024_18-03-2024.pdf', '2024-03-18 10:55:28', '2024-03-18 10:55:28', 'DILIGENCIA TRABAJO', NULL);
INSERT INTO `vales` VALUES (327, '0187-2024', '2024-03-19', 37, 4, 2, 50.00, 'storage/vales_generados/0187-2024_19-03-2024.pdf', '2024-03-19 08:50:49', '2024-03-19 08:50:49', 'MONITOREO SEGUN PLAN BIAE SEGUNDA FASE', NULL);
INSERT INTO `vales` VALUES (328, '0188-2024', '2024-03-19', 43, 5, 11, 60.00, 'storage/vales_generados/0188-2024_19-03-2024.pdf', '2024-03-19 10:08:40', '2024-03-19 10:08:40', 'DILIGENCIA DE TRABAJO', NULL);
INSERT INTO `vales` VALUES (329, '0189-2024', '2024-03-19', 37, 4, 7, 50.00, 'storage/vales_generados/0189-2024_19-03-2024.pdf', '2024-03-19 15:50:31', '2024-03-19 15:50:31', 'MONITOREO BIAE SEGUNDA FASE UNICACHI OLLARAYA', NULL);
INSERT INTO `vales` VALUES (330, '0190-2024', '2024-03-19', 37, 2, 7, 40.00, 'storage/vales_generados/0190-2024_19-03-2024.pdf', '2024-03-19 15:51:14', '2024-03-19 15:51:14', 'MONITOREO BIAE SEGUNDA YANAPATA', NULL);
INSERT INTO `vales` VALUES (331, '0191-2024', '2024-03-20', 43, 1, 2, 60.00, 'storage/vales_generados/0191-2024_20-03-2024.pdf', '2024-03-20 07:16:22', '2024-03-20 07:16:22', 'GESTIONES PARA EL CEPRO  Y MONITOREO A INTITUCIONES EDUCATIVAS COPANI Y MUNICIPIO .', NULL);
INSERT INTO `vales` VALUES (332, '0192-2024', '2024-03-20', 31, 3, 7, 70.00, 'storage/vales_generados/0192-2024_20-03-2024.pdf', '2024-03-20 09:18:51', '2024-03-20 09:18:51', 'VERIFICACION DE MANTENIMIENTO DE LOCALES ESCOLARES ZONA QUEÑUANI Y YANAPATA', NULL);
INSERT INTO `vales` VALUES (333, '0193-2024', '2024-03-20', 7, 3, 3, 60.00, 'storage/vales_generados/0193-2024_20-03-2024.pdf', '2024-03-20 10:31:53', '2024-03-20 10:31:53', 'DILIGENCIAS EN LA IES CHIMBO EN MERITO AL OFICIO NRO 016-2024-DIES-CH-C', NULL);
INSERT INTO `vales` VALUES (334, '0194-2024', '2024-03-20', 17, 1, 17, 150.00, 'storage/vales_generados/0194-2024_20-03-2024.pdf', '2024-03-20 16:22:20', '2024-03-20 16:22:20', 'REUNION DE COORDINACION OF. MULT. 0156-2024-GRP/GRDS/DREP/DGI/INFRA/SEL', NULL);
INSERT INTO `vales` VALUES (335, '0195-2024', '2024-03-20', 2, 3, 7, 150.00, 'storage/vales_generados/0195-2024_20-03-2024.pdf', '2024-03-20 18:28:35', '2024-03-20 18:28:35', 'DILIGENCIA DE TRABAJO', NULL);
INSERT INTO `vales` VALUES (336, '0196-2024', '2024-03-21', 7, 3, 3, 60.00, 'storage/vales_generados/0196-2024_21-03-2024.pdf', '2024-03-21 08:57:41', '2024-03-21 08:57:41', 'DILIGENCIA DE TRABAJO ATENCION CASO IE PRIMARIA CUTURAPO', NULL);
INSERT INTO `vales` VALUES (337, '0197-2024', '2024-03-21', 33, 3, 7, 60.00, 'storage/vales_generados/0197-2024_21-03-2024.pdf', '2024-03-21 08:58:33', '2024-03-21 08:58:33', 'DILIGENCIA DE TRABAJO CHIMBO', NULL);
INSERT INTO `vales` VALUES (338, '0198-2024', '2024-03-21', 26, 3, 11, 50.00, 'storage/vales_generados/0198-2024_21-03-2024.pdf', '2024-03-21 09:43:28', '2024-03-21 09:43:28', 'POR LA FIRMA DE CONVENIO DEL CEPRO CON LA PRELATURA DE JULI', NULL);
INSERT INTO `vales` VALUES (339, '0199-2024', '2024-03-21', 43, 3, 7, 200.00, 'storage/vales_generados/0199-2024_21-03-2024.pdf', '2024-03-21 12:22:24', '2024-03-21 12:22:24', 'ENTREGA DE OFICIOS A DIRECTORES DESIGNADOS 2024 UGEL YUNGUYO', NULL);
INSERT INTO `vales` VALUES (340, '0200-2024', '2024-03-21', 19, 2, 17, 150.00, 'storage/vales_generados/0200-2024_21-03-2024.pdf', '2024-03-21 12:53:37', '2024-03-21 12:53:37', 'LLEVADO DE CHEQUES CAFAE  CORRESPONDIENTE AL MES DE MARZO', NULL);
INSERT INTO `vales` VALUES (341, '0201-2024', '2024-03-22', 31, 3, 273, 50.00, 'storage/vales_generados/0201-2024_22-03-2024.pdf', '2024-03-22 09:22:45', '2024-03-22 09:22:45', 'VERIFICACION DE LOCALES ESCOLARES', NULL);
INSERT INTO `vales` VALUES (342, '0202-2024', '2024-03-22', 33, 1, 6, 70.00, 'storage/vales_generados/0202-2024_22-03-2024.pdf', '2024-03-22 17:08:18', '2024-03-22 17:08:18', 'MONITOREO D DOCENTES Y DIRECTIVOS PERSONAL ADMNISTRATIVO    UNICACHI', NULL);
INSERT INTO `vales` VALUES (343, '0203-2024', '2024-03-25', 37, 4, 2, 50.00, 'storage/vales_generados/0203-2024_25-03-2024.pdf', '2024-03-25 09:10:14', '2024-03-25 09:10:14', 'MONITOREO BIAE SEGUNDA FASE', NULL);
INSERT INTO `vales` VALUES (344, '0204-2024', '2024-03-26', 17, 1, 17, 150.00, 'storage/vales_generados/0204-2024_26-03-2024.pdf', '2024-03-26 09:12:12', '2024-03-26 09:12:12', 'REVICION TECNICA VEHICULAR', NULL);
INSERT INTO `vales` VALUES (345, '0205-2024', '2024-03-26', 43, 1, 7, 40.00, 'storage/vales_generados/0205-2024_26-03-2024.pdf', '2024-03-26 10:32:39', '2024-03-26 10:32:39', 'DILIGENCIA DE TRABAJO', NULL);
INSERT INTO `vales` VALUES (346, '0206-2024', '2024-03-26', 7, 3, 4, 50.00, 'storage/vales_generados/0206-2024_26-03-2024.pdf', '2024-03-26 12:00:57', '2024-03-26 12:00:57', 'DILIGENCIAS EN LA INSTITUCION EDUCATIVA PAHAMAYA', NULL);
INSERT INTO `vales` VALUES (347, '0207-2024', '2024-03-26', 40, 4, 7, 50.00, 'storage/vales_generados/0207-2024_26-03-2024.pdf', '2024-03-26 18:01:45', '2024-03-26 18:01:45', 'BUEN INICIO DEL AÑO ESCOLAR 2024', NULL);
INSERT INTO `vales` VALUES (348, '0208-2024', '2024-03-27', 17, 1, 2, 60.00, 'storage/vales_generados/0208-2024_27-03-2024.pdf', '2024-03-27 09:36:09', '2024-03-27 09:36:09', 'ENTREGA DE DOCUMENTOS - OFICIOS', NULL);
INSERT INTO `vales` VALUES (349, '0209-2024', '2024-03-27', 31, 3, 3, 50.00, 'storage/vales_generados/0209-2024_27-03-2024.pdf', '2024-03-27 09:54:55', '2024-03-27 09:54:55', 'MANTENIMIENTO DE LOCALES ESCOLARES', NULL);
INSERT INTO `vales` VALUES (350, '0210-2024', '2024-03-27', 31, 4, 8, 30.00, 'storage/vales_generados/0210-2024_27-03-2024.pdf', '2024-03-27 10:04:48', '2024-03-27 10:04:48', 'TRASLADO DE EQUIPOS DE BOMBA DE AGUA', NULL);
INSERT INTO `vales` VALUES (351, '0211-2024', '2024-03-27', 17, 1, 17, 150.00, 'storage/vales_generados/0211-2024_27-03-2024.pdf', '2024-03-27 11:21:26', '2024-03-27 11:21:26', 'RENOVACION DE REVICION TECNICA VEHICULAR PIR-420', NULL);
INSERT INTO `vales` VALUES (352, '0212-2024', '2024-03-27', 33, 2, 5, 60.00, 'storage/vales_generados/0212-2024_27-03-2024.pdf', '2024-03-27 16:49:46', '2024-03-27 16:49:46', 'MONITOREO DE ASISTENCIA DEL PERSONAL', NULL);
INSERT INTO `vales` VALUES (353, '0213-2024', '2024-03-27', 9, 4, 17, 290.00, 'storage/vales_generados/0213-2024_27-03-2024.pdf', '2024-03-27 17:09:10', '2024-03-27 17:09:10', 'ACCIONES ADMINISTRATIVAS', NULL);
INSERT INTO `vales` VALUES (354, '0214-2024', '2024-03-27', 9, 4, 17, 150.00, 'storage/vales_generados/0214-2024_27-03-2024.pdf', '2024-03-27 17:11:13', '2024-03-27 17:11:13', 'ACCIONES ADMINISTRATIVAS', NULL);
INSERT INTO `vales` VALUES (355, '0215-2024', '2024-03-27', 17, 2, 17, 150.00, 'storage/vales_generados/0215-2024_27-03-2024.pdf', '2024-03-27 17:13:13', '2024-03-27 17:13:13', 'ENTREGA DE DOCUMENTOS ADMINISTRATIVOS', NULL);
INSERT INTO `vales` VALUES (356, '0216-2024', '2024-04-02', 17, 1, 7, 60.00, 'storage/vales_generados/0216-2024_02-04-2024.pdf', '2024-04-02 08:51:53', '2024-04-02 08:51:53', 'ACCIONES ADMINISTRATIVAS - PERMANENCIA DE PERSONAL', NULL);
INSERT INTO `vales` VALUES (357, '0217-2024', '2024-04-02', 33, 1, 7, 60.00, 'storage/vales_generados/0217-2024_02-04-2024.pdf', '2024-04-02 08:59:25', '2024-04-02 08:59:25', 'ACCIONES ADMINISTRATIVAS -  CONTROL DE PERSONAL', NULL);
INSERT INTO `vales` VALUES (358, '0218-2024', '2024-04-02', 30, 2, 7, 80.00, 'storage/vales_generados/0218-2024_02-04-2024.pdf', '2024-04-02 09:05:39', '2024-04-02 09:05:39', 'DILIGENCIA DE TRABAJO RIE ZONAS CUTURAPI Y COPANI', NULL);
INSERT INTO `vales` VALUES (359, '0219-2024', '2024-04-02', 26, 4, 3, 50.00, 'storage/vales_generados/0219-2024_02-04-2024.pdf', '2024-04-02 10:05:43', '2024-04-02 10:05:43', 'TALLER DE FORTALECIMIENTO DE CAPACIDADES PEDAGOGICAS', NULL);
INSERT INTO `vales` VALUES (360, '0220-2024', '2024-04-02', 31, 2, 7, 50.00, 'storage/vales_generados/0220-2024_02-04-2024.pdf', '2024-04-02 10:42:08', '2024-04-02 10:42:08', 'DILIGENCIA DE TRABAJO II.EE. 15 DE AGOSTO E IMICATI', NULL);
INSERT INTO `vales` VALUES (361, '0221-2024', '2024-04-02', 5, 3, 8, 50.00, 'storage/vales_generados/0221-2024_02-04-2024.pdf', '2024-04-02 12:06:10', '2024-04-02 12:06:10', 'DILIGENCIA DE TRABAJO', NULL);
INSERT INTO `vales` VALUES (362, '0222-2024', '2024-04-02', 2, 5, 8, 70.00, 'storage/vales_generados/0222-2024_02-04-2024.pdf', '2024-04-02 12:06:37', '2024-04-02 12:06:37', 'DILIGENCIA DE TRABAJO', NULL);
INSERT INTO `vales` VALUES (363, '0223-2024', '2024-04-03', 17, 1, 7, 100.00, 'storage/vales_generados/0223-2024_03-04-2024.pdf', '2024-04-03 16:25:48', '2024-04-03 16:25:48', 'TRASLADO DE DESMONTE', NULL);
INSERT INTO `vales` VALUES (364, '0224-2024', '2024-04-04', 7, 5, 273, 50.00, 'storage/vales_generados/0224-2024_04-04-2024.pdf', '2024-04-04 08:42:29', '2024-04-04 08:42:29', 'DILIGENCIA SEGUN ACTA DE DENUNCIA EN LA IEP QUEÑUANI', NULL);
INSERT INTO `vales` VALUES (365, '0225-2024', '2024-04-04', 17, 4, 7, 50.00, 'storage/vales_generados/0225-2024_04-04-2024.pdf', '2024-04-04 15:09:03', '2024-04-04 15:09:03', 'POR EL TRASLADO DE PERSONAL AL CEPRO YUNGUYO', NULL);
INSERT INTO `vales` VALUES (366, '0226-2024', '2024-04-04', 33, 2, 8, 50.00, 'storage/vales_generados/0226-2024_04-04-2024.pdf', '2024-04-04 17:39:54', '2024-04-04 17:39:54', 'DILIGENCIA DE TRABAJO NOTIFICACION INSTITUCIONES EDUCATIVAS', NULL);
INSERT INTO `vales` VALUES (367, '0227-2024', '2024-04-04', 2, 5, 8, 150.00, 'storage/vales_generados/0227-2024_04-04-2024.pdf', '2024-04-04 18:13:14', '2024-04-04 18:13:14', 'DILEGENCIA DE TRABAJO', NULL);
INSERT INTO `vales` VALUES (368, '0228-2024', '2024-04-05', 33, 5, 4, 50.00, 'storage/vales_generados/0228-2024_05-04-2024.pdf', '2024-04-05 17:21:58', '2024-04-05 17:21:58', 'MONITOREO DE ASIISTENCIA DISTRITO DE OLLARAYA', NULL);
INSERT INTO `vales` VALUES (369, '0229-2024', '2024-04-08', 46, 4, 7, 50.00, 'storage/vales_generados/0229-2024_08-04-2024.pdf', '2024-04-08 08:47:24', '2024-04-08 08:47:24', 'TALLER CON PADRES DE FAMILIA Y DOCENTES - QUEÑUANI', NULL);
INSERT INTO `vales` VALUES (370, '0230-2024', '2024-04-08', 31, 3, 3, 50.00, 'storage/vales_generados/0230-2024_08-04-2024.pdf', '2024-04-08 10:59:14', '2024-04-08 10:59:14', 'MANTENIMIENTO DE LOCAL CUTURAPI', NULL);
INSERT INTO `vales` VALUES (371, '0231-2024', '2024-04-08', 7, 3, 3, 50.00, 'storage/vales_generados/0231-2024_08-04-2024.pdf', '2024-04-08 11:02:12', '2024-04-08 11:02:12', 'NOTIFICACION DEL OFICIO 0029-2024/PAD - DILIGENCIA DE TRABAJOS', NULL);
INSERT INTO `vales` VALUES (372, '0232-2024', '2024-04-09', 17, 5, 2, 50.00, 'storage/vales_generados/0232-2024_09-04-2024.pdf', '2024-04-09 08:26:47', '2024-04-09 08:26:47', 'DISTRIBUCION DE DOCUMENTOS ADMINISTRATIVOS', NULL);
INSERT INTO `vales` VALUES (373, '0233-2024', '2024-04-09', 31, 1, 8, 80.00, 'storage/vales_generados/0233-2024_09-04-2024.pdf', '2024-04-09 15:18:00', '2024-04-09 15:18:00', 'MANTENIMIENTO DE TANQUE DE AGUA SEDE UGELY', NULL);
INSERT INTO `vales` VALUES (374, '0234-2024', '2024-04-09', 2, 5, 7, 70.00, 'storage/vales_generados/0234-2024_editado2024-04-09.pdf', '2024-04-09 18:30:20', '2024-04-09 18:35:36', 'MONITOREO A INSTITUCIONES EDUCATIVAS', NULL);
INSERT INTO `vales` VALUES (375, '0235-2024', '2024-04-09', 5, 1, 7, 70.00, 'storage/vales_generados/0235-2024_09-04-2024.pdf', '2024-04-09 18:32:37', '2024-04-09 18:32:37', 'DILIGENCIA DE TRABAJO', NULL);
INSERT INTO `vales` VALUES (376, '0236-2024', '2024-04-10', 31, 5, 7, 50.00, 'storage/vales_generados/0236-2024_10-04-2024.pdf', '2024-04-10 10:47:22', '2024-04-10 10:47:22', 'MANTENIMIENTO DE LOCALES ESCOLARES', NULL);
INSERT INTO `vales` VALUES (377, '0237-2024', '2024-04-10', 17, 4, 9, 225.00, 'storage/vales_generados/0237-2024_10-04-2024.pdf', '2024-04-10 15:37:31', '2024-04-10 15:37:31', 'ACCIONES ADMINISTRATIVAS - ENTREGA DE LEGAJOS DE PERSONAL UGEL AZANGARO', NULL);
INSERT INTO `vales` VALUES (378, '0238-2024', '2024-04-10', 17, 4, 15, 225.00, 'storage/vales_generados/0238-2024_10-04-2024.pdf', '2024-04-10 15:39:43', '2024-04-10 15:39:43', 'ACCIONES ADMINISTRATIVAS - ENTREGA DE LEGAJOS DE PERSONAL UGEL MELGAR', NULL);
INSERT INTO `vales` VALUES (379, '0239-2024', '2024-04-10', 46, 1, 6, 80.00, 'storage/vales_generados/0239-2024_10-04-2024.pdf', '2024-04-10 18:12:43', '2024-04-10 18:12:43', 'COORDINACION Y PRESENTACION DEL PROGRAMA DE PREVENCION DE LA VIOLENCIA', NULL);
INSERT INTO `vales` VALUES (380, '0240-2024', '2024-04-11', 33, 2, 4, 60.00, 'storage/vales_generados/0240-2024_11-04-2024.pdf', '2024-04-11 09:01:15', '2024-04-11 09:01:15', 'MONITOREO A INSTITUCIONES EDUCATIVAS OLLARAYA', NULL);
INSERT INTO `vales` VALUES (381, '0241-2024', '2024-04-11', 31, 5, 7, 40.00, 'storage/vales_generados/0241-2024_11-04-2024.pdf', '2024-04-11 10:06:50', '2024-04-11 10:06:50', 'RECEPCCION DE INFRAESTRUCTURA IEI MACHACMARCA', NULL);
INSERT INTO `vales` VALUES (382, '0242-2024', '2024-04-11', 40, 2, 273, 50.00, 'storage/vales_generados/0242-2024_editado2024-04-11.pdf', '2024-04-11 10:36:20', '2024-04-11 10:38:55', 'COORDINACION  CON I.E. DE NIVEL SECUNDARIA PARA LA ACTIVIDAD DEL DIA DEL NIÑO Y DIALOGO DEL ADOLESCENTE', NULL);
INSERT INTO `vales` VALUES (383, '0243-2024', '2024-04-11', 6, 1, 8, 100.00, 'storage/vales_generados/0243-2024_11-04-2024.pdf', '2024-04-11 17:17:19', '2024-04-11 17:17:19', 'ENTREGA DE MATERIAL', NULL);
INSERT INTO `vales` VALUES (384, '0244-2024', '2024-04-11', 5, 3, 8, 70.00, 'storage/vales_generados/0244-2024_11-04-2024.pdf', '2024-04-11 17:20:22', '2024-04-11 17:20:22', 'NOTIFICACION A INSTITUCIONES EDUCATIVAS DE LA UGEL YUNGUYO', NULL);
INSERT INTO `vales` VALUES (385, '0245-2024', '2024-04-12', 46, 1, 8, 50.00, 'storage/vales_generados/0245-2024_12-04-2024.pdf', '2024-04-12 09:15:58', '2024-04-12 09:15:58', 'TRASLADO DE BANNER Y REFRIGERIO', NULL);
INSERT INTO `vales` VALUES (386, '0246-2024', '2024-04-12', 17, 4, 7, 50.00, 'storage/vales_generados/0246-2024_12-04-2024.pdf', '2024-04-12 15:26:04', '2024-04-12 15:26:04', 'ACCIONES ADMINISTRATIVAS -', NULL);
INSERT INTO `vales` VALUES (387, '0247-2024', '2024-04-15', 48, 1, 2, 50.00, 'storage/vales_generados/0247-2024_15-04-2024.pdf', '2024-04-15 09:06:27', '2024-04-15 09:06:27', 'ASISTENCIA TECNICA DE PREVI', NULL);
INSERT INTO `vales` VALUES (388, '0248-2024', '2024-04-15', 33, 2, 5, 70.00, 'storage/vales_generados/0248-2024_15-04-2024.pdf', '2024-04-15 10:49:16', '2024-04-15 10:49:16', 'MONITOREO A INSTITUCIONES EDUCATIVAS', NULL);
INSERT INTO `vales` VALUES (389, '0249-2024', '2024-04-15', 46, 2, 2, 50.00, 'storage/vales_generados/0249-2024_15-04-2024.pdf', '2024-04-15 11:22:09', '2024-04-15 11:22:09', 'SEGUIMIENTO A CIERRE DE CASO REPORTADO EN EL PORTAL SISEVE NRO. 23112C2E72', NULL);
INSERT INTO `vales` VALUES (390, '0250-2024', '2024-04-15', 17, 5, 17, 150.00, 'storage/vales_generados/0250-2024_15-04-2024.pdf', '2024-04-15 17:22:35', '2024-04-15 17:22:35', 'REUNION DE EMERGENCIA GOBIERNO REGIONAL', NULL);
INSERT INTO `vales` VALUES (391, '0251-2024', '2024-04-16', 48, 1, 5, 50.00, 'storage/vales_generados/0251-2024_16-04-2024.pdf', '2024-04-16 08:43:43', '2024-04-16 08:43:43', 'ASISTENCIA TENICA', NULL);
INSERT INTO `vales` VALUES (392, '0252-2024', '2024-04-16', 33, 5, 6, 60.00, 'storage/vales_generados/0252-2024_16-04-2024.pdf', '2024-04-16 11:16:31', '2024-04-16 11:16:31', 'ACTIVIDADES - ACCIONES ADMINISTRATIVAS - RR.HH', NULL);
INSERT INTO `vales` VALUES (393, '0253-2024', '2024-04-16', 46, 2, 3, 40.00, 'storage/vales_generados/0253-2024_16-04-2024.pdf', '2024-04-16 11:47:34', '2024-04-16 11:47:34', 'TALLER CON DOCENTES Y ESTUDIANTES', NULL);
INSERT INTO `vales` VALUES (394, '0254-2024', '2024-04-16', 24, 2, 6, 70.00, 'storage/vales_generados/0254-2024_16-04-2024.pdf', '2024-04-16 14:33:39', '2024-04-16 14:33:39', 'COORDINACION Y ENTREGA DE OFICIOS, EVENTO \"SAME\" UNI-OLLAR', NULL);
INSERT INTO `vales` VALUES (395, '0255-2024', '2024-04-16', 9, 2, 8, 200.00, 'storage/vales_generados/0255-2024_16-04-2024.pdf', '2024-04-16 15:45:27', '2024-04-16 15:45:27', 'PETROLEO PARA MANTENIMIENTO DE AULAR SEGUN OFICIO 010-2024-ME-DREP-UGEL-Y/DIES\"DAC\"-QUEÑUANI', NULL);
INSERT INTO `vales` VALUES (396, '0256-2024', '2024-04-17', 7, 3, 273, 50.00, 'storage/vales_generados/0256-2024_17-04-2024.pdf', '2024-04-17 08:58:27', '2024-04-17 08:58:27', 'DILIGENCIA EN LA IIEE CHUNUMANI', NULL);
INSERT INTO `vales` VALUES (397, '0257-2024', '2024-04-17', 30, 2, 4, 70.00, 'storage/vales_generados/0257-2024_17-04-2024.pdf', '2024-04-17 10:11:56', '2024-04-17 10:11:56', 'VISITA A IIEE DE OLLARAYA Y UNICACHI CENSO EDUCATIVO 2DA FASE', NULL);
INSERT INTO `vales` VALUES (398, '0258-2024', '2024-04-17', 43, 5, 17, 150.00, 'storage/vales_generados/0258-2024_17-04-2024.pdf', '2024-04-17 17:02:12', '2024-04-17 17:02:12', 'TRASLADO DE EXPEDIENTES PARA EL GORE - PUNO', NULL);
INSERT INTO `vales` VALUES (399, '0259-2024', '2024-04-17', 33, 1, 2, 50.00, 'storage/vales_generados/0259-2024_17-04-2024.pdf', '2024-04-17 18:26:21', '2024-04-17 18:26:21', 'ACCIONES ADMINISTRATIVAS -  PERSONAL', NULL);
INSERT INTO `vales` VALUES (400, '0260-2024', '2024-04-18', 43, 5, 2, 60.00, 'storage/vales_generados/0260-2024_18-04-2024.pdf', '2024-04-18 11:15:46', '2024-04-18 11:15:46', 'ACCIONES ADMINISTRATIVAS - ENTREGA DE DOCUMENTOS RR.HH.', NULL);
INSERT INTO `vales` VALUES (401, '0261-2024', '2024-04-18', 9, 3, 17, 200.00, 'storage/vales_generados/0261-2024_18-04-2024.pdf', '2024-04-18 14:52:08', '2024-04-18 14:52:08', 'TRASLADO DE DOCUMENTOS A LA FISCALIA - PUNO', NULL);
INSERT INTO `vales` VALUES (402, '0262-2024', '2024-04-19', 33, 5, 18, 300.00, 'storage/vales_generados/0262-2024_19-04-2024.pdf', '2024-04-19 09:08:40', '2024-04-19 09:08:40', 'ACCIONES ADMINISTRATIVAS-EXPEDIENTES DE CASOS DE REASIGNACION', NULL);
INSERT INTO `vales` VALUES (403, '0263-2024', '2024-04-19', 46, 3, 2, 50.00, 'storage/vales_generados/0263-2024_19-04-2024.pdf', '2024-04-19 10:52:29', '2024-04-19 10:52:29', 'CIERRE DE CASP SISEVE NRO232319E7CD IEP CALACOTO', NULL);
INSERT INTO `vales` VALUES (404, '0264-2024', '2024-04-19', 30, 1, 7, 70.00, 'storage/vales_generados/0264-2024_19-04-2024.pdf', '2024-04-19 10:55:39', '2024-04-19 10:55:39', 'DISTRIBUCION DE OFICIO (369-378-377 )- 2024-GRP-GRDS-DREP/UGEL-Y/D', NULL);
INSERT INTO `vales` VALUES (405, '0265-2024', '2024-04-22', 40, 4, 8, 50.00, 'storage/vales_generados/0265-2024_22-04-2024.pdf', '2024-04-22 09:01:48', '2024-04-22 09:01:48', 'MONITOREO CONDICIONES DE LAS IINSTITUCIONES EDUCATIVAS', NULL);
INSERT INTO `vales` VALUES (406, '0266-2024', '2024-04-22', 33, 5, 14, 250.00, 'storage/vales_generados/0266-2024_22-04-2024.pdf', '2024-04-22 09:57:39', '2024-04-22 09:57:39', 'ACCIONES ADMINISTRATIVAS - TRASLADO DE EXPEDIENTES SOBRE REASIGNACIONES', NULL);
INSERT INTO `vales` VALUES (407, '0267-2024', '2024-04-22', 42, 5, 5, 200.00, 'storage/vales_generados/0267-2024_22-04-2024.pdf', '2024-04-22 10:12:34', '2024-04-22 10:12:34', 'CONFORMACION DEL COMITE (COPALE), DISTRIBUCION DE OFICIOS, ZONAS UNICACHI, TINICACHI, COPANI Y CUTURAPI', NULL);
INSERT INTO `vales` VALUES (408, '0268-2024', '2024-04-22', 9, 2, 17, 80.00, 'storage/vales_generados/0268-2024_22-04-2024.pdf', '2024-04-22 10:59:16', '2024-04-22 10:59:16', 'ACCIONES ADMINISTRATIVAS - DEPOSITO DE CHEQUE-CAFAE DEL AMBITO UGEL', NULL);
INSERT INTO `vales` VALUES (409, '0269-2024', '2024-04-22', 2, 3, 7, 50.00, 'storage/vales_generados/0269-2024_22-04-2024.pdf', '2024-04-22 17:36:00', '2024-04-22 17:36:00', 'DILIGENCIA DE TRABAJO MONITOREO INSTITUCIONES EDUCATIVAS', NULL);
INSERT INTO `vales` VALUES (410, '0270-2024', '2024-04-22', 5, 3, 7, 60.00, 'storage/vales_generados/0270-2024_22-04-2024.pdf', '2024-04-22 21:28:01', '2024-04-22 21:28:01', 'RECOJO DE DOCUMENOS - VISITA INSTITUCION EDUCATIVA CUTURAPI', NULL);
INSERT INTO `vales` VALUES (411, '0271-2024', '2024-04-23', 17, 5, 2, 60.00, 'storage/vales_generados/0271-2024_23-04-2024.pdf', '2024-04-23 09:26:18', '2024-04-23 09:26:18', 'ACCIONES ADMINISTRATIVAS-ENTREGA DE DOCUMENTOS', NULL);
INSERT INTO `vales` VALUES (412, '0272-2024', '2024-04-23', 7, 1, 4, 50.00, 'storage/vales_generados/0272-2024_23-04-2024.pdf', '2024-04-23 10:23:32', '2024-04-23 10:23:32', 'NOTIFICACION DE OFICIOS Y DILIGENCIAS', NULL);
INSERT INTO `vales` VALUES (413, '0273-2024', '2024-04-23', 9, 1, 7, 120.00, 'storage/vales_generados/0273-2024_23-04-2024.pdf', '2024-04-23 14:41:12', '2024-04-23 14:41:12', 'SEGUN OFICIO 028-2024-DREP-UGEL-DIEI-Q-Y IEP 70239 QUEÑUANI', NULL);
INSERT INTO `vales` VALUES (414, '0274-2024', '2024-04-24', 17, 5, 8, 70.00, 'storage/vales_generados/0274-2024_24-04-2024.pdf', '2024-04-24 14:38:48', '2024-04-24 14:38:48', 'TRASLADO DE PERSONAL Y MATERIALES POR EL DIA DEL IDIOMA - CASTELLANO', NULL);
INSERT INTO `vales` VALUES (415, '0275-2024', '2024-04-24', 48, 1, 5, 50.00, 'storage/vales_generados/0275-2024_24-04-2024.pdf', '2024-04-24 15:53:45', '2024-04-24 15:53:45', 'ACTIVIDAD: ASISTENCIA TECNICA DE PREVI', NULL);
INSERT INTO `vales` VALUES (416, '0276-2024', '2024-04-24', 2, 3, 7, 50.00, 'storage/vales_generados/0276-2024_24-04-2024.pdf', '2024-04-24 19:14:51', '2024-04-24 19:14:51', 'DILIGENCIA DE TRABAJO', NULL);
INSERT INTO `vales` VALUES (417, '0277-2024', '2024-04-25', 46, 2, 3, 50.00, 'storage/vales_generados/0277-2024_25-04-2024.pdf', '2024-04-25 09:14:04', '2024-04-25 09:14:04', 'TALLER CON ESTUDIANTES EN LA I.E. RICARDO PALMA', NULL);
INSERT INTO `vales` VALUES (418, '0278-2024', '2024-04-25', 33, 4, 6, 70.00, 'storage/vales_generados/0278-2024_25-04-2024.pdf', '2024-04-25 10:44:51', '2024-04-25 10:44:51', 'ACCIONES ADMINISTRATIVAS: ENTREGA DE OFICIOS A DOS  HORAS ADICIONALES II.EE. JEC', NULL);
INSERT INTO `vales` VALUES (419, '0279-2024', '2024-04-25', 2, 3, 7, 100.00, 'storage/vales_generados/0279-2024_25-04-2024.pdf', '2024-04-25 12:07:48', '2024-04-25 12:07:48', 'MONITOREO A INSTITUCIONES EDUCATIVAS', NULL);
INSERT INTO `vales` VALUES (420, '0280-2024', '2024-04-26', 47, 5, 8, 50.00, 'storage/vales_generados/0280-2024_26-04-2024.pdf', '2024-04-26 08:50:36', '2024-04-26 08:50:36', 'ACTVIDAD: JURAMENTACIONES DE POLICIAS ESCOLARES', NULL);
INSERT INTO `vales` VALUES (421, '0281-2024', '2024-04-26', 48, 1, 2, 50.00, 'storage/vales_generados/0281-2024_26-04-2024.pdf', '2024-04-26 14:46:13', '2024-04-26 14:46:13', 'ACTIVIDAD: ASISTENCIA TENCNICA DE PREVI', NULL);
INSERT INTO `vales` VALUES (422, '0282-2024', '2024-04-29', 24, 1, 6, 50.00, 'storage/vales_generados/0282-2024_29-04-2024.pdf', '2024-04-29 10:16:18', '2024-04-29 10:16:18', 'ACTIVIDAD: SAME', NULL);
INSERT INTO `vales` VALUES (423, '0283-2024', '2024-04-29', 24, 1, 6, 30.00, 'storage/vales_generados/0283-2024_29-04-2024.pdf', '2024-04-29 10:16:59', '2024-04-29 10:16:59', 'ACTIVIDAD: SAME', NULL);
INSERT INTO `vales` VALUES (424, '0284-2024', '2024-04-29', 24, 5, 6, 40.00, 'storage/vales_generados/0284-2024_29-04-2024.pdf', '2024-04-29 16:24:21', '2024-04-29 16:24:21', 'ACTIVIDAD: PLAN MACRO \"SAME\"', NULL);
INSERT INTO `vales` VALUES (425, '0285-2024', '2024-04-29', 24, 4, 6, 40.00, 'storage/vales_generados/0285-2024_29-04-2024.pdf', '2024-04-29 16:24:45', '2024-04-29 16:24:45', 'ACTIVIDAD: PLAN MACRO \"SAME\"', NULL);
INSERT INTO `vales` VALUES (426, '0286-2024', '2024-04-29', 24, 3, 6, 40.00, 'storage/vales_generados/0286-2024_29-04-2024.pdf', '2024-04-29 16:25:09', '2024-04-29 16:25:09', 'ACTIVIDAD: PLAN MACRO \"SAME\"', NULL);
INSERT INTO `vales` VALUES (427, '0287-2024', '2024-04-29', 24, 1, 6, 40.00, 'storage/vales_generados/0287-2024_29-04-2024.pdf', '2024-04-29 16:25:31', '2024-04-29 16:25:31', 'ACTIVIDAD: PLAN MACRO \"SAME\"', NULL);
INSERT INTO `vales` VALUES (428, '0288-2024', '2024-04-29', 2, 3, 7, 70.00, 'storage/vales_generados/0288-2024_29-04-2024.pdf', '2024-04-29 18:56:49', '2024-04-29 18:56:49', 'MONITOREO INSTITUCIONES EDUCATIVAS', NULL);
INSERT INTO `vales` VALUES (429, '0289-2024', '2024-04-30', 7, 3, 7, 60.00, 'storage/vales_generados/0289-2024_30-04-2024.pdf', '2024-04-30 09:45:39', '2024-04-30 09:45:39', 'DILIGENCIA EN LA IES JOSE ANTONIO ENCIANAS FRANCO', NULL);
INSERT INTO `vales` VALUES (430, '0290-2024', '2024-04-30', 33, 3, 6, 60.00, 'storage/vales_generados/0290-2024_30-04-2024.pdf', '2024-04-30 10:24:24', '2024-04-30 10:24:24', 'ACTIVIDAD: ACCIONES ADMINISTRATIVAS DE RR.HH.', NULL);
INSERT INTO `vales` VALUES (431, '0291-2024', '2024-04-30', 7, 3, 2, 60.00, 'storage/vales_generados/0291-2024_30-04-2024.pdf', '2024-04-30 15:40:19', '2024-04-30 15:40:19', 'NOTIFICACION DE CARTA 003-2024', NULL);
INSERT INTO `vales` VALUES (432, '0292-2024', '2024-05-01', 2, 3, 8, 50.00, 'storage/vales_generados/0292-2024_01-05-2024.pdf', '2024-05-01 11:20:13', '2024-05-01 11:20:13', 'DILIGENCIA DE TRABAJO', NULL);
INSERT INTO `vales` VALUES (433, '0293-2024', '2024-05-02', 2, 3, 7, 50.00, 'storage/vales_generados/0293-2024_02-05-2024.pdf', '2024-05-02 09:32:00', '2024-05-02 09:32:00', 'MONITOREO A INSTITUCIONES EDUCATIVAS', NULL);
INSERT INTO `vales` VALUES (434, '0294-2024', '2024-05-02', 17, 5, 8, 50.00, 'storage/vales_generados/0294-2024_02-05-2024.pdf', '2024-05-02 10:50:43', '2024-05-02 10:50:43', 'ACTIVIDAD: INAGURACION DEL `PROGRAMA CUNA-EDUCA IE. 245', NULL);
INSERT INTO `vales` VALUES (435, '0295-2024', '2024-05-02', 46, 1, 8, 50.00, 'storage/vales_generados/0295-2024_02-05-2024.pdf', '2024-05-02 10:56:41', '2024-05-02 10:56:41', 'ACTIVIDAD: COORDINACION DE IMPLEMENTACION DE LIBROS DE REGISTRO', NULL);
INSERT INTO `vales` VALUES (436, '0296-2024', '2024-05-02', 7, 3, 7, 120.00, 'storage/vales_generados/0296-2024_02-05-2024.pdf', '2024-05-02 15:50:25', '2024-05-02 15:50:25', 'MONITOREO A INSTITUCIONES EDUCATIVAS', NULL);
INSERT INTO `vales` VALUES (437, '0297-2024', '2024-05-02', 5, 3, 4, 60.00, 'storage/vales_generados/0297-2024_02-05-2024.pdf', '2024-05-02 15:51:55', '2024-05-02 15:51:55', 'DILIGENCIA DE TRABAJO  OLLARAYA', NULL);
INSERT INTO `vales` VALUES (438, '0298-2024', '2024-05-06', 48, 1, 2, 50.00, 'storage/vales_generados/0298-2024_06-05-2024.pdf', '2024-05-06 09:17:42', '2024-05-06 09:17:42', 'ACTIVIDAD: ASISTENCIA TECNICA DE PREVI', NULL);
INSERT INTO `vales` VALUES (439, '0299-2024', '2024-05-06', 31, 3, 3, 50.00, 'storage/vales_generados/0299-2024_06-05-2024.pdf', '2024-05-06 09:29:27', '2024-05-06 09:29:27', 'VERIFICACION DE LA IES CHIMBO SEGUN OFICIO 032-2024', NULL);
INSERT INTO `vales` VALUES (440, '0300-2024', '2024-05-06', 17, 5, 17, 150.00, 'storage/vales_generados/0300-2024_06-05-2024.pdf', '2024-05-06 10:33:23', '2024-05-06 10:33:23', 'ACTIVIDAD: ENTREGA DE EXPEDIENTES AL GOBIERNO REGIONAL PUNO', NULL);
INSERT INTO `vales` VALUES (441, '0301-2024', '2024-05-06', 24, 2, 2, 50.00, 'storage/vales_generados/0301-2024_06-05-2024.pdf', '2024-05-06 16:24:13', '2024-05-06 16:24:13', 'ACTIVIDAD: MONITOREO PEDAGOGICO', NULL);
INSERT INTO `vales` VALUES (442, '0302-2024', '2024-05-07', 46, 4, 8, 40.00, 'storage/vales_generados/0302-2024_07-05-2024.pdf', '2024-05-07 08:32:28', '2024-05-07 08:32:28', 'ACTIVIDAD: TALLER CON PADRES DE FAMILIA E ESTUDIANTES', NULL);
INSERT INTO `vales` VALUES (443, '0303-2024', '2024-05-07', 42, 1, 5, 40.00, 'storage/vales_generados/0303-2024_07-05-2024.pdf', '2024-05-07 09:05:50', '2024-05-07 09:05:50', 'REUNION DE TRABAJO PRONIED', NULL);
INSERT INTO `vales` VALUES (444, '0304-2024', '2024-05-07', 26, 4, 7, 60.00, 'storage/vales_generados/0304-2024_07-05-2024.pdf', '2024-05-07 16:31:14', '2024-05-07 16:31:14', 'MONITOREO Y ASESORAMIENTO DISTRITO DE AYCHUYO IES JOSE MARIA ARGUEDAS', NULL);
INSERT INTO `vales` VALUES (445, '0305-2024', '2024-05-08', 31, 1, 7, 60.00, 'storage/vales_generados/0305-2024_08-05-2024.pdf', '2024-05-08 10:17:34', '2024-05-08 10:17:34', 'ACTIVDAD: MANTENIMIENTO DE LOCALES ESCOLARES', NULL);
INSERT INTO `vales` VALUES (446, '0306-2024', '2024-05-08', 5, 5, 7, 60.00, 'storage/vales_generados/0306-2024_08-05-2024.pdf', '2024-05-08 19:54:44', '2024-05-08 19:54:44', 'DILIGENCIA DE TRABAJO - NOTIFICACION DE DOCUMENTOS', NULL);
INSERT INTO `vales` VALUES (447, '0307-2024', '2024-05-09', 43, 3, 8, 60.00, 'storage/vales_generados/0307-2024_09-05-2024.pdf', '2024-05-09 16:13:36', '2024-05-09 16:13:36', 'MONITOREO A INSTITUCIONES EDUCATIVAS', NULL);
INSERT INTO `vales` VALUES (448, '0308-2024', '2024-05-10', 42, 5, 5, 70.00, 'storage/vales_generados/0308-2024_10-05-2024.pdf', '2024-05-10 09:37:58', '2024-05-10 09:37:58', 'ACTIVIDAD: RACIONALIZACION, COPANI, CUTURAPI, CHIMBO Y SIHUALAYA UNICACHI', NULL);
INSERT INTO `vales` VALUES (449, '0309-2024', '2024-05-10', 42, 5, 5, 70.00, 'storage/vales_generados/0309-2024_10-05-2024.pdf', '2024-05-10 09:38:08', '2024-05-10 09:38:08', 'ACTIVIDAD: RACIONALIZACION, COPANI, CUTURAPI, CHIMBO Y SIHUALAYA UNICACHI', NULL);
INSERT INTO `vales` VALUES (450, '0310-2024', '2024-05-10', 31, 1, 7, 50.00, 'storage/vales_generados/0310-2024_10-05-2024.pdf', '2024-05-10 10:14:31', '2024-05-10 10:14:31', 'ACTIVIDAD: MANTENIMIENTO DE LOCALES ESCOLARES', NULL);
INSERT INTO `vales` VALUES (451, '0311-2024', '2024-05-13', 31, 1, 2, 60.00, 'storage/vales_generados/0311-2024_13-05-2024.pdf', '2024-05-13 09:50:45', '2024-05-13 09:50:45', 'ACTIVIDAD: MANTENIMIENTO DE LOCALES ESCOLARES ZONA, CALACOTO, HUAYLLANI', NULL);
INSERT INTO `vales` VALUES (452, '0312-2024', '2024-05-13', 2, 5, 8, 70.00, 'storage/vales_generados/0312-2024_13-05-2024.pdf', '2024-05-13 16:38:54', '2024-05-13 16:38:54', 'DILIGENCIA DE TRABAJO MONITOREO A INSTITUCIONES EDUCATIVAS', NULL);
INSERT INTO `vales` VALUES (453, '0313-2024', '2024-05-13', 5, 5, 8, 60.00, 'storage/vales_generados/0313-2024_13-05-2024.pdf', '2024-05-13 18:22:25', '2024-05-13 18:22:25', 'DILIGENCIA DE TRABAJO', NULL);
INSERT INTO `vales` VALUES (454, '0314-2024', '2024-05-14', 19, 1, 8, 20.00, 'storage/vales_generados/0314-2024_14-05-2024.pdf', '2024-05-14 09:08:33', '2024-05-14 09:08:33', 'ACTIVIDAD: ACCIONES DE LIMPIEZA', NULL);
INSERT INTO `vales` VALUES (455, '0315-2024', '2024-05-14', 5, 5, 268, 150.00, 'storage/vales_generados/0315-2024_editado2024-05-14.pdf', '2024-05-14 11:28:07', '2024-05-14 12:11:45', 'NOTIFICACION EXPEDIENTE 2329-2022-OTD', NULL);
INSERT INTO `vales` VALUES (456, '0316-2024', '2024-05-14', 48, 1, 5, 70.00, 'storage/vales_generados/0316-2024_14-05-2024.pdf', '2024-05-14 16:01:06', '2024-05-14 16:01:06', 'ACTIVIDAD: SEGUIMIENTO DE PREVI: COPANI, CUTURAPI', NULL);
INSERT INTO `vales` VALUES (457, '0317-2024', '2024-05-15', 2, 3, 7, 50.00, 'storage/vales_generados/0317-2024_15-05-2024.pdf', '2024-05-15 17:54:04', '2024-05-15 17:54:04', 'DILIGENCIA DE TRABAJO MONITOREO INSTITUCIONES EDUCATIVAS', NULL);
INSERT INTO `vales` VALUES (458, '0318-2024', '2024-05-16', 42, 5, 2, 50.00, 'storage/vales_generados/0318-2024_16-05-2024.pdf', '2024-05-16 09:12:54', '2024-05-16 09:12:54', 'ACTIVIDAD: RACIONALIZACION RR.HH.', NULL);
INSERT INTO `vales` VALUES (459, '0319-2024', '2024-05-16', 7, 3, 2, 60.00, 'storage/vales_generados/0319-2024_16-05-2024.pdf', '2024-05-16 10:58:04', '2024-05-16 10:58:04', 'APLICACION DE LA R.D. 604-2024-UGELY', NULL);
INSERT INTO `vales` VALUES (460, '0320-2024', '2024-05-16', 40, 1, 2, 60.00, 'storage/vales_generados/0320-2024_16-05-2024.pdf', '2024-05-16 16:32:20', '2024-05-16 16:32:20', 'ACTIVIDAD: MONITOREO', NULL);
INSERT INTO `vales` VALUES (461, '0321-2024', '2024-05-16', 49, 3, 17, 150.00, 'storage/vales_generados/0321-2024_editado2024-05-16.pdf', '2024-05-16 17:07:37', '2024-05-16 17:12:41', 'NOTIFICACION DE EXPEDIENTES', NULL);
INSERT INTO `vales` VALUES (462, '0322-2024', '2024-05-17', 31, 1, 3, 50.00, 'storage/vales_generados/0322-2024_17-05-2024.pdf', '2024-05-17 10:20:56', '2024-05-17 10:20:56', 'ACTIVIDAD: MANTENIMIENTO DE LOCALES ESCOLARES', NULL);
INSERT INTO `vales` VALUES (463, '0323-2024', '2024-05-17', 2, 3, 17, 150.00, 'storage/vales_generados/0323-2024_17-05-2024.pdf', '2024-05-17 17:06:50', '2024-05-17 17:06:50', 'DILIGENCIA DE TRABAJO', NULL);
INSERT INTO `vales` VALUES (464, '0324-2024', '2024-05-17', 9, 1, 3, 70.00, 'storage/vales_generados/0324-2024_17-05-2024.pdf', '2024-05-17 17:18:37', '2024-05-17 17:18:37', 'POR CONCEPTO DE SALIDA A INSTITUCIONES EDUCATIVAS  A UNICACHI', NULL);
INSERT INTO `vales` VALUES (465, '0325-2024', '2024-05-17', 9, 1, 3, 70.00, 'storage/vales_generados/0325-2024_17-05-2024.pdf', '2024-05-17 17:20:47', '2024-05-17 17:20:47', 'POR CONCEPTO DE SALIDA A INSTITUCIONES EDUCATIVAS  A UNICACHI', NULL);
INSERT INTO `vales` VALUES (466, '0326-2024', '2024-05-21', 7, 3, 7, 70.00, 'storage/vales_generados/0326-2024_21-05-2024.pdf', '2024-05-21 09:25:10', '2024-05-21 09:25:10', 'DILIGENCIA TRABAJO EN IIEE', NULL);
INSERT INTO `vales` VALUES (467, '0327-2024', '2024-05-21', 42, 5, 6, 50.00, 'storage/vales_generados/0327-2024_21-05-2024.pdf', '2024-05-21 10:52:51', '2024-05-21 10:52:51', 'ACTIVIDAD: ACCIONES ADMINISTRATIVAS RACIONALIZACION', NULL);
INSERT INTO `vales` VALUES (468, '0328-2024', '2024-05-22', 31, 3, 5, 60.00, 'storage/vales_generados/0328-2024_22-05-2024.pdf', '2024-05-22 10:26:20', '2024-05-22 10:26:20', 'IIEE SIHUALAYA TINICACHI COORDINACION SOBRE SANEAMIENTO Y MANTENIMIENTO', NULL);
INSERT INTO `vales` VALUES (469, '0329-2024', '2024-05-22', 46, 1, 2, 50.00, 'storage/vales_generados/0329-2024_22-05-2024.pdf', '2024-05-22 12:00:56', '2024-05-22 12:00:56', 'ACTIVIDAD: TALLER CON ALUMNOS Y PP.FF.', NULL);
INSERT INTO `vales` VALUES (470, '0330-2024', '2024-05-22', 5, 3, 17, 150.00, 'storage/vales_generados/0330-2024_22-05-2024.pdf', '2024-05-22 21:23:54', '2024-05-22 21:23:54', 'NOTIFICACION DE EXPEDIENTES 2329-2022', NULL);
INSERT INTO `vales` VALUES (471, '0331-2024', '2024-05-23', 2, 3, 8, 150.00, 'storage/vales_generados/0331-2024_23-05-2024.pdf', '2024-05-23 17:47:26', '2024-05-23 17:47:26', 'DILIGENCIA DE TRABAJO VISITA A INSTITUCIONES EDUCATIVAS', NULL);
INSERT INTO `vales` VALUES (472, '0332-2024', '2024-05-23', 40, 3, 8, 100.00, 'storage/vales_generados/0332-2024_23-05-2024.pdf', '2024-05-23 17:49:30', '2024-05-23 17:49:30', 'SEMINARIO TALLER INTERNACIONAL DE DIALOGO DE SABERES DESDE EL ENFOQUE DEL BUEN VIVIR', NULL);
INSERT INTO `vales` VALUES (473, '0333-2024', '2024-05-24', 17, 1, 8, 30.00, 'storage/vales_generados/0333-2024_24-05-2024.pdf', '2024-05-24 10:19:30', '2024-05-24 10:19:30', 'ACTIVIDAD: ACCIONES ADMINISTRATIVAS', NULL);
INSERT INTO `vales` VALUES (474, '0334-2024', '2024-05-24', 6, 5, 8, 50.00, 'storage/vales_generados/0334-2024_24-05-2024.pdf', '2024-05-24 15:12:15', '2024-05-24 15:12:15', 'ACTIVIDAD: ACCIONES ADMINISTRATIVAS', NULL);
INSERT INTO `vales` VALUES (475, '0335-2024', '2024-05-24', 6, 5, 8, 50.00, 'storage/vales_generados/0335-2024_24-05-2024.pdf', '2024-05-24 15:12:33', '2024-05-24 15:12:33', 'ACTIVIDAD: ACCIONES ADMINISTRATIVAS- ENTREGA DE MATERIALES', NULL);
INSERT INTO `vales` VALUES (476, '0336-2024', '2024-05-24', 11, 1, 5, 60.00, 'storage/vales_generados/0336-2024_24-05-2024.pdf', '2024-05-24 15:29:34', '2024-05-24 15:29:34', 'ACTIVIDAD: ACCIONES ADMINISTRATIVAS SERVICIOS DE ENERGIA', NULL);
INSERT INTO `vales` VALUES (477, '0337-2024', '2024-05-24', 5, 2, 2, 60.00, 'storage/vales_generados/0337-2024_24-05-2024.pdf', '2024-05-24 17:20:22', '2024-05-24 17:20:22', 'ACTIVIDAD: ACCIONES ADMINISTRATIVAS', NULL);
INSERT INTO `vales` VALUES (478, '0338-2024', '2024-05-27', 2, 3, 7, 150.00, 'storage/vales_generados/0338-2024_27-05-2024.pdf', '2024-05-27 12:16:40', '2024-05-27 12:16:40', 'MONITOREO A INSTITUCIONES EDUCATIVAS DEL AMBITO UGEL YUNGUYO', NULL);
INSERT INTO `vales` VALUES (479, '0339-2024', '2024-05-28', 38, 3, 7, 30.00, 'storage/vales_generados/0339-2024_28-05-2024.pdf', '2024-05-28 10:25:52', '2024-05-28 10:25:52', 'CONFORMIDAD DE INFORMES 74-94-100-97', NULL);
INSERT INTO `vales` VALUES (480, '0340-2024', '2024-05-28', 31, 3, 273, 50.00, 'storage/vales_generados/0340-2024_editado2024-05-28.pdf', '2024-05-28 10:33:23', '2024-05-28 10:38:05', 'MANTENIMIENTO DE LOCALES ESCOLARES ZONA SANTA ROSA', NULL);
INSERT INTO `vales` VALUES (481, '0341-2024', '2024-05-28', 33, 3, 4, 50.00, 'storage/vales_generados/0341-2024_28-05-2024.pdf', '2024-05-28 10:36:34', '2024-05-28 10:36:34', 'MONITOREO DOCENTES A INSTITUCIONES EDUCATIVAS', NULL);
INSERT INTO `vales` VALUES (482, '0342-2024', '2024-05-28', 50, 3, 273, 30.00, 'storage/vales_generados/0342-2024_28-05-2024.pdf', '2024-05-28 11:07:07', '2024-05-28 11:07:07', 'POR EL TRASLADO DE MATERIALES PARA ACTIVIDAD ASITENCIA TECNICA AUXILIARES DE EDUCACION UGEL YUNGUYO', NULL);
INSERT INTO `vales` VALUES (483, '0343-2024', '2024-05-30', 46, 1, 2, 50.00, 'storage/vales_generados/0343-2024_30-05-2024.pdf', '2024-05-30 08:44:29', '2024-05-30 08:44:29', 'ACTIVIDAD: TALLER CON PADRES DE FAMILIA', NULL);
INSERT INTO `vales` VALUES (484, '0344-2024', '2024-05-30', 31, 1, 8, 40.00, 'storage/vales_generados/0344-2024_30-05-2024.pdf', '2024-05-30 09:14:57', '2024-05-30 09:14:57', 'ACTIVIDAD: MANTENIMIENTO DE VEHICULO', NULL);
INSERT INTO `vales` VALUES (485, '0345-2024', '2024-05-30', 17, 1, 8, 40.00, 'storage/vales_generados/0345-2024_30-05-2024.pdf', '2024-05-30 09:17:59', '2024-05-30 09:17:59', 'ACTIVIDAD: MANTENIMIENTO DE VEHICULO', NULL);
INSERT INTO `vales` VALUES (486, '0346-2024', '2024-05-30', 19, 3, 8, 30.00, 'storage/vales_generados/0346-2024_30-05-2024.pdf', '2024-05-30 09:59:01', '2024-05-30 09:59:01', 'ACTIVIDAD: MANTENIMIENTOS DE LOCAL - PISO', NULL);
INSERT INTO `vales` VALUES (487, '0347-2024', '2024-05-30', 31, 3, 7, 50.00, 'storage/vales_generados/0347-2024_30-05-2024.pdf', '2024-05-30 11:12:53', '2024-05-30 11:12:53', 'ACTIVIDAD: MANTENIMIENTO DE LOCALES ESCOLARES', NULL);
INSERT INTO `vales` VALUES (488, '0348-2024', '2024-06-03', 46, 1, 8, 40.00, 'storage/vales_generados/0348-2024_03-06-2024.pdf', '2024-06-03 09:45:29', '2024-06-03 09:45:29', 'ACTIVIDAD: TALLER CON DOCENTES Y ALUMNOS, I.E. CESAR  VALLEJO', NULL);
INSERT INTO `vales` VALUES (489, '0349-2024', '2024-06-03', 7, 3, 7, 50.00, 'storage/vales_generados/0349-2024_03-06-2024.pdf', '2024-06-03 15:15:47', '2024-06-03 15:15:47', 'NOTIFICACION DE CARTA 0006-2024-GRP-GRDS-DREP/UGEL-Y/PAD-D', NULL);
INSERT INTO `vales` VALUES (490, '0350-2024', '2024-06-03', 17, 2, 17, 100.00, 'storage/vales_generados/0350-2024_03-06-2024.pdf', '2024-06-03 16:01:43', '2024-06-03 16:01:43', 'ACTIVIDAD: ACCIONES ADMINISTRATIVAS - GORE', NULL);
INSERT INTO `vales` VALUES (491, '0351-2024', '2024-06-03', 2, 3, 7, 50.00, 'storage/vales_generados/0351-2024_03-06-2024.pdf', '2024-06-03 17:31:27', '2024-06-03 17:31:27', 'DILIGENCIA DE TRABAJO MONITOREO A INSITUCIONES EDUCATIVAS', NULL);
INSERT INTO `vales` VALUES (492, '0352-2024', '2024-06-04', 7, 3, 7, 50.00, 'storage/vales_generados/0352-2024_04-06-2024.pdf', '2024-06-04 09:31:11', '2024-06-04 09:31:11', 'DILIGENCIA DE TRABAJO A LAS INSTITUCIONES EDUCATIVAS DE LA UGEL', NULL);
INSERT INTO `vales` VALUES (493, '0353-2024', '2024-06-04', 31, 1, 7, 50.00, 'storage/vales_generados/0353-2024_04-06-2024.pdf', '2024-06-04 09:32:54', '2024-06-04 09:32:54', 'ACTIVIDAD: MANTENIMIENTO DE LOCALES ESCOLARES, ZONA IMICATI', NULL);
INSERT INTO `vales` VALUES (494, '0354-2024', '2024-06-04', 37, 2, 2, 50.00, 'storage/vales_generados/0354-2024_04-06-2024.pdf', '2024-06-04 09:51:49', '2024-06-04 09:51:49', 'ACTIVIDAD: MONITOREO, REFUERZO ESCOLAR A LAS II.EE.', NULL);
INSERT INTO `vales` VALUES (495, '0355-2024', '2024-06-04', 51, 3, 273, 70.00, 'storage/vales_generados/0355-2024_04-06-2024.pdf', '2024-06-04 17:14:56', '2024-06-04 17:14:56', 'SEGUN OFICIO 0032-2024-GRP-GRDS-DREP-UGEL-Y/AGP PARA IES MICAELA BASTIDAS', NULL);
INSERT INTO `vales` VALUES (496, '0356-2024', '2024-06-04', 51, 3, 273, 70.00, 'storage/vales_generados/0356-2024_04-06-2024.pdf', '2024-06-04 17:16:48', '2024-06-04 17:16:48', 'SEGUN OFICIO 0032-2024-GRP-GRDS-DREP-UGEL-Y/AGP PARA IES CESAR VALLEJO', NULL);
INSERT INTO `vales` VALUES (497, '0357-2024', '2024-06-04', 5, 3, 17, 150.00, 'storage/vales_generados/0357-2024_04-06-2024.pdf', '2024-06-04 17:35:10', '2024-06-04 17:35:10', 'DILIGENCIA DE TRABAJO NOTIFICACION GOBIERNO REGIONAL CASO SUBCAFAE', NULL);
INSERT INTO `vales` VALUES (498, '0358-2024', '2024-06-05', 31, 3, 273, 50.00, 'storage/vales_generados/0358-2024_05-06-2024.pdf', '2024-06-05 10:43:51', '2024-06-05 10:43:51', 'MANTENIMIENTO DE LOCALES ESCOLARES INSTITUCION EDUCATIVA ZONA SANQUIRA', NULL);
INSERT INTO `vales` VALUES (499, '0359-2024', '2024-06-05', 33, 5, 3, 50.00, 'storage/vales_generados/0359-2024_05-06-2024.pdf', '2024-06-05 10:46:53', '2024-06-05 10:46:53', 'ACTIVIDAD: ACCIONES DE PERSONAL', NULL);
INSERT INTO `vales` VALUES (500, '0360-2024', '2024-06-06', 2, 3, 7, 150.00, 'storage/vales_generados/0360-2024_06-06-2024.pdf', '2024-06-06 15:41:28', '2024-06-06 15:41:28', 'MONITOREO A INSTITUCIONES EDUCATIVAS', NULL);
INSERT INTO `vales` VALUES (501, '0361-2024', '2024-06-10', 30, 5, 4, 50.00, 'storage/vales_generados/0361-2024_10-06-2024.pdf', '2024-06-10 09:27:15', '2024-06-10 09:27:15', 'RACIONALIZACION DE DE LA ZONA PAJANA SAN AGUSTIN PAJANA, SAN ISIDRO, ESPIRITU SANTO', NULL);
INSERT INTO `vales` VALUES (502, '0362-2024', '2024-06-10', 31, 5, 3, 50.00, 'storage/vales_generados/0362-2024_10-06-2024.pdf', '2024-06-10 10:20:59', '2024-06-10 10:20:59', 'MANTENIMIENTO DE LOCALES ESCOLARES ZONA CHIMBO', NULL);
INSERT INTO `vales` VALUES (503, '0363-2024', '2024-06-10', 17, 2, 17, 120.00, 'storage/vales_generados/0363-2024_10-06-2024.pdf', '2024-06-10 16:17:06', '2024-06-10 16:17:06', 'ACTIVIDAD: ACCIONES ADMINISTRATIVAS - DOCUMENTACION AL GORE PUNO', NULL);
INSERT INTO `vales` VALUES (504, '0364-2024', '2024-06-10', 5, 3, 17, 100.00, 'storage/vales_generados/0364-2024_10-06-2024.pdf', '2024-06-10 17:58:40', '2024-06-10 17:58:40', 'NOTIFICACION DE EXPEDIENTES GOBIERNO REGIONAL', NULL);
INSERT INTO `vales` VALUES (505, '0365-2024', '2024-06-11', 48, 2, 5, 50.00, 'storage/vales_generados/0365-2024_11-06-2024.pdf', '2024-06-11 08:41:23', '2024-06-11 08:41:23', 'ENTREGA DE OFICIOS DE PREVI', NULL);
INSERT INTO `vales` VALUES (506, '0366-2024', '2024-06-11', 6, 5, 273, 30.00, 'storage/vales_generados/0366-2024_11-06-2024.pdf', '2024-06-11 09:34:10', '2024-06-11 09:34:10', 'POR EL TRASLADO DE MATERIAL EDUCATIVO A IEI 245', NULL);
INSERT INTO `vales` VALUES (507, '0367-2024', '2024-06-12', 17, 5, 8, 40.00, 'storage/vales_generados/0367-2024_12-06-2024.pdf', '2024-06-12 09:19:21', '2024-06-12 09:19:21', 'ACTIVIDAD: TRASLADO DE MATERIALES EDUCATIVOS A LA IE. CUNA JARDIN', NULL);
INSERT INTO `vales` VALUES (508, '0368-2024', '2024-06-12', 31, 1, 2, 60.00, 'storage/vales_generados/0368-2024_12-06-2024.pdf', '2024-06-12 09:21:38', '2024-06-12 09:21:38', 'ACTIVIDAD: MANTENIMIENTO DE LOCALES ESCOLARES COPANI - AMAQUILLA', NULL);
INSERT INTO `vales` VALUES (509, '0369-2024', '2024-06-12', 33, 2, 2, 50.00, 'storage/vales_generados/0369-2024_12-06-2024.pdf', '2024-06-12 10:04:03', '2024-06-12 10:04:03', 'VERIFICACION DE METAS DE ATENCION - RACIONALIZACION', NULL);
INSERT INTO `vales` VALUES (510, '0370-2024', '2024-06-12', 49, 3, 2, 50.00, 'storage/vales_generados/0370-2024_12-06-2024.pdf', '2024-06-12 10:10:04', '2024-06-12 10:10:04', 'NOTIFICACION DE EXPEDIENTES ZONA COPANI', NULL);
INSERT INTO `vales` VALUES (511, '0371-2024', '2024-06-12', 40, 3, 273, 30.00, 'storage/vales_generados/0371-2024_12-06-2024.pdf', '2024-06-12 10:19:59', '2024-06-12 10:19:59', 'SEGUIMIENTO DE INSERCION DE NIÑOS - METAS FED', NULL);
INSERT INTO `vales` VALUES (512, '0372-2024', '2024-06-12', 2, 3, 17, 120.00, 'storage/vales_generados/0372-2024_12-06-2024.pdf', '2024-06-12 17:41:37', '2024-06-12 17:41:37', 'DILIGENCIA DE TRABAJO TRASLADO A LA CIUDAD DE PUNO REUNION LABORAL', NULL);
INSERT INTO `vales` VALUES (513, '0373-2024', '2024-06-13', 40, 3, 7, 40.00, 'storage/vales_generados/0373-2024_13-06-2024.pdf', '2024-06-13 08:38:48', '2024-06-13 08:38:48', 'MONITOREO A INSTITUCION EDUCATIVA PAHAMAYA  OLLARAYA', NULL);
INSERT INTO `vales` VALUES (514, '0374-2024', '2024-06-13', 37, 3, 7, 40.00, 'storage/vales_generados/0374-2024_13-06-2024.pdf', '2024-06-13 08:53:18', '2024-06-13 08:53:18', 'MONITOREO A REFUERZO ESCOLAR Y VERIFICACION DE ESTUDIANTES FED', NULL);
INSERT INTO `vales` VALUES (515, '0375-2024', '2024-06-13', 7, 3, 7, 70.00, 'storage/vales_generados/0375-2024_13-06-2024.pdf', '2024-06-13 09:06:45', '2024-06-13 09:06:45', 'NOTIDFICION DE LA CARTA 0007-2024-GRP-GRDS-DREP/UGEL-Y/PAD-D', NULL);
INSERT INTO `vales` VALUES (516, '0376-2024', '2024-06-13', 46, 1, 7, 70.00, 'storage/vales_generados/0376-2024_13-06-2024.pdf', '2024-06-13 09:09:21', '2024-06-13 09:09:21', 'EJECUCION DE PREVI Y/O TALLERES CON PADRES', NULL);
INSERT INTO `vales` VALUES (517, '0377-2024', '2024-06-14', 46, 1, 2, 50.00, 'storage/vales_generados/0377-2024_14-06-2024.pdf', '2024-06-14 10:31:12', '2024-06-14 10:31:12', 'ACTIVIDAD: VISITA A II.EE. PRIMARIA', NULL);
INSERT INTO `vales` VALUES (518, '0378-2024', '2024-06-17', 48, 3, 7, 40.00, 'storage/vales_generados/0378-2024_17-06-2024.pdf', '2024-06-17 09:58:50', '2024-06-17 09:58:50', 'ASISTENCIA TECNICA DE PREVI - FASE II', NULL);
INSERT INTO `vales` VALUES (519, '0379-2024', '2024-06-17', 2, 3, 7, 50.00, 'storage/vales_generados/0379-2024_17-06-2024.pdf', '2024-06-17 19:47:23', '2024-06-17 19:47:23', 'MONITOREO A INSTITUCIONES EDUCATIVAS ZONAS COPANI', NULL);
INSERT INTO `vales` VALUES (520, '0380-2024', '2024-06-18', 31, 3, 5, 60.00, 'storage/vales_generados/0380-2024_18-06-2024.pdf', '2024-06-18 08:37:48', '2024-06-18 08:37:48', 'ACTIVIDAD: LEVANTAMIENTO TOPOGRAFICO PASA SANIAMIENTO', NULL);
INSERT INTO `vales` VALUES (521, '0381-2024', '2024-06-18', 40, 4, 273, 50.00, 'storage/vales_generados/0381-2024_18-06-2024.pdf', '2024-06-18 10:21:50', '2024-06-18 10:21:50', 'COMPROMISOS FED - BUSQUEDA DE NIÑOS PARA REINSERCION', NULL);
INSERT INTO `vales` VALUES (522, '0382-2024', '2024-06-18', 17, 5, 8, 40.00, 'storage/vales_generados/0382-2024_18-06-2024.pdf', '2024-06-18 15:04:20', '2024-06-18 15:04:20', 'ACTIVIDAD: ENTREGA DE OFICIOS - CHIMBO', NULL);
INSERT INTO `vales` VALUES (523, '0383-2024', '2024-06-18', 5, 1, 7, 60.00, 'storage/vales_generados/0383-2024_18-06-2024.pdf', '2024-06-18 17:57:21', '2024-06-18 17:57:21', 'DILIGENCIA DE TRABAJO MONITOREO SECTOR COPANI', NULL);
INSERT INTO `vales` VALUES (524, '0384-2024', '2024-06-19', 7, 1, 2, 100.00, 'storage/vales_generados/0384-2024_19-06-2024.pdf', '2024-06-19 09:32:04', '2024-06-19 09:32:04', 'ACTIVIDAD: DILIGENCIAS EN LAS II.EE. 70615 HUAYLLANI - ISCAYA/UNICACHI', NULL);
INSERT INTO `vales` VALUES (525, '0385-2024', '2024-06-19', 17, 5, 7, 40.00, 'storage/vales_generados/0385-2024_19-06-2024.pdf', '2024-06-19 11:01:47', '2024-06-19 11:01:47', 'ACTIVIDAD: TRASLADO DE LA COMITIVA A LA CEREMONIA PROTOCOLAR DEL LICENSAMIENTO DEL IST.Y', NULL);
INSERT INTO `vales` VALUES (526, '0386-2024', '2024-06-19', 31, 3, 7, 50.00, 'storage/vales_generados/0386-2024_19-06-2024.pdf', '2024-06-19 15:34:33', '2024-06-19 15:34:33', 'ACTIVIDAD: LEVANTAMIENTO TOPOGRAFICO IIEE. ZONA YUNGUYO', NULL);
INSERT INTO `vales` VALUES (527, '0387-2024', '2024-06-19', 2, 3, 7, 70.00, 'storage/vales_generados/0387-2024_19-06-2024.pdf', '2024-06-19 19:37:26', '2024-06-19 19:37:26', 'MONITOREO DE INSTITUCIONES EDUCATIVAS', NULL);
INSERT INTO `vales` VALUES (528, '0388-2024', '2024-06-20', 33, 3, 2, 80.00, 'storage/vales_generados/0388-2024_20-06-2024.pdf', '2024-06-20 09:39:20', '2024-06-20 09:39:20', 'VERIFICACION DE METAS DE ATENCION DE DOCENTES EN INSTITUCIONES EDUCATIVAS PARA RACIONALIZACION', NULL);
INSERT INTO `vales` VALUES (529, '0389-2024', '2024-06-20', 9, 5, 7, 200.00, 'storage/vales_generados/0389-2024_20-06-2024.pdf', '2024-06-20 13:12:53', '2024-06-20 13:12:53', 'VISITA A INSTITUCIONES EDUCATIVAS   ZONAS RURALES   - POR EL BUEN AÑO ANDINO', NULL);
INSERT INTO `vales` VALUES (530, '0390-2024', '2024-06-20', 51, 1, 8, 60.00, 'storage/vales_generados/0390-2024_20-06-2024.pdf', '2024-06-20 17:00:26', '2024-06-20 17:00:26', 'ACTIVIDAD : EVALUACION DE LA LENGUAS ORIGINARIAS', NULL);
INSERT INTO `vales` VALUES (531, '0391-2024', '2024-06-20', 33, 2, 7, 70.00, 'storage/vales_generados/0391-2024_20-06-2024.pdf', '2024-06-20 17:01:17', '2024-06-20 17:01:17', 'RACIONALIZACION ZONA UNICACHI Y OLLARAYA', NULL);
INSERT INTO `vales` VALUES (532, '0392-2024', '2024-06-20', 51, 5, 7, 60.00, 'storage/vales_generados/0392-2024_20-06-2024.pdf', '2024-06-20 17:02:18', '2024-06-20 17:02:18', 'ACTIVIDAD: AÑO NUEVO ANDINO', NULL);
INSERT INTO `vales` VALUES (533, '0393-2024', '2024-06-20', 40, 3, 7, 150.00, 'storage/vales_generados/0393-2024_20-06-2024.pdf', '2024-06-20 17:49:38', '2024-06-20 17:49:38', 'NOTIFICACION DOMICILIARIA COMPROMISOS FED', NULL);
INSERT INTO `vales` VALUES (534, '0394-2024', '2024-06-20', 5, 3, 7, 50.00, 'storage/vales_generados/0394-2024_20-06-2024.pdf', '2024-06-20 19:10:10', '2024-06-20 19:10:10', 'DILIGENCIA DE TRABAJO NOTIFICACION INSTITUCIONES EDUCATIVAS', NULL);
INSERT INTO `vales` VALUES (535, '0395-2024', '2024-06-24', 9, 4, 17, 150.00, 'storage/vales_generados/0395-2024_24-06-2024.pdf', '2024-06-24 08:22:08', '2024-06-24 08:22:08', 'ACTIVIDAD: PARTICIPACION DEL SEPELIO DEL COMPAÑERO DE TRABAJO', NULL);
INSERT INTO `vales` VALUES (536, '0396-2024', '2024-06-24', 17, 3, 17, 150.00, 'storage/vales_generados/0396-2024_editado2024-06-24.pdf', '2024-06-24 08:41:59', '2024-06-24 08:43:31', 'DILIGENCIA DE TRABAJO TRASLADO DE PERSONAL A LA CIUDAD DE PUNO', NULL);
INSERT INTO `vales` VALUES (537, '0397-2024', '2024-06-25', 33, 5, 6, 60.00, 'storage/vales_generados/0397-2024_25-06-2024.pdf', '2024-06-25 11:04:50', '2024-06-25 11:04:50', 'DILIGENCIA DE TRABAJO MONITOREO DE PERSONAL', NULL);
INSERT INTO `vales` VALUES (538, '0398-2024', '2024-06-25', 31, 3, 273, 50.00, 'storage/vales_generados/0398-2024_25-06-2024.pdf', '2024-06-25 11:29:14', '2024-06-25 11:29:14', 'SANEAMIENTO FISICO LEGAL DE PREDIOS', NULL);
INSERT INTO `vales` VALUES (539, '0399-2024', '2024-06-25', 48, 3, 7, 30.00, 'storage/vales_generados/0399-2024_25-06-2024.pdf', '2024-06-25 17:37:51', '2024-06-25 17:37:51', 'ASISTENCIA TECNICA PREVI IES JUAN VELASCO ALVARADO', NULL);
INSERT INTO `vales` VALUES (540, '0400-2024', '2024-06-25', 5, 1, 7, 50.00, 'storage/vales_generados/0400-2024_25-06-2024.pdf', '2024-06-25 19:45:27', '2024-06-25 19:45:27', 'DILIGENCIA DE TRABAJO NOTIFICACION DE EXPEDIENTES', NULL);
INSERT INTO `vales` VALUES (541, '0401-2024', '2024-06-26', 51, 2, 8, 50.00, 'storage/vales_generados/0401-2024_26-06-2024.pdf', '2024-06-26 08:49:42', '2024-06-26 08:49:42', 'TRASLADO DE EQUIPOS ZONA YUNGUYO', NULL);
INSERT INTO `vales` VALUES (542, '0402-2024', '2024-06-26', 7, 3, 7, 60.00, 'storage/vales_generados/0402-2024_26-06-2024.pdf', '2024-06-26 15:29:51', '2024-06-26 15:29:51', 'DILIGENCIA DE TRABAJO INSTITUCIONES EDUCATIVAS DEL AMBITO UGEL YUNGUYO', NULL);
INSERT INTO `vales` VALUES (543, '0403-2024', '2024-06-27', 17, 3, 17, 150.00, 'storage/vales_generados/0403-2024_27-06-2024.pdf', '2024-06-27 09:12:37', '2024-06-27 09:12:37', 'DILIGENCIA DE TRABAJO DOCUMENTACIO GOBIERNO REGIONAL', NULL);
INSERT INTO `vales` VALUES (544, '0404-2024', '2024-06-27', 31, 3, 17, 60.00, 'storage/vales_generados/0404-2024_27-06-2024.pdf', '2024-06-27 09:16:49', '2024-06-27 09:16:49', 'DILIGENCIA DE TRABAJO MATENIMIENTO Y SANEAMIENTO', NULL);
INSERT INTO `vales` VALUES (545, '0405-2024', '2024-06-27', 19, 3, 273, 50.00, 'storage/vales_generados/0405-2024_27-06-2024.pdf', '2024-06-27 10:59:04', '2024-06-27 10:59:04', 'TRASLADO DE MATERIAL  PARA EL ESTADIO', NULL);
INSERT INTO `vales` VALUES (546, '0406-2024', '2024-06-27', 33, 3, 5, 70.00, 'storage/vales_generados/0406-2024_27-06-2024.pdf', '2024-06-27 11:06:20', '2024-06-27 11:06:20', 'MONITOREO  A INSTITUCIONES EDUCATIVAS    TINICACHI -  SUGUALAYA  - ZONA IMICATI', NULL);
INSERT INTO `vales` VALUES (547, '0407-2024', '2024-06-27', 5, 2, 268, 120.00, 'storage/vales_generados/0407-2024_27-06-2024.pdf', '2024-06-27 15:25:15', '2024-06-27 15:25:15', 'ACTIVIDAD: TRAMITE ADMINISTRATIVO-GORE', NULL);
INSERT INTO `vales` VALUES (548, '0408-2024', '2024-06-28', 31, 1, 7, 50.00, 'storage/vales_generados/0408-2024_28-06-2024.pdf', '2024-06-28 09:46:36', '2024-06-28 09:46:36', 'MATENIMIENTO DE INSTITUCIONES EDUCATIVAS SANQUIRA', NULL);
INSERT INTO `vales` VALUES (549, '0409-2024', '2024-06-28', 17, 5, 17, 150.00, 'storage/vales_generados/0409-2024_28-06-2024.pdf', '2024-06-28 16:35:32', '2024-06-28 16:35:32', 'TRASLADO DE PANTALLAS DE LA DREP PARA LA UGEL YUNGUYO', NULL);
INSERT INTO `vales` VALUES (550, '0410-2024', '2024-06-28', 7, 3, 17, 150.00, 'storage/vales_generados/0410-2024_28-06-2024.pdf', '2024-06-28 16:48:22', '2024-06-28 16:48:22', 'NOTIFICACION DE LA CARTA 0007 Y 0008 Y-2024-GRP-GRDS-DREP/UGEL-Y/PAD-D', NULL);
INSERT INTO `vales` VALUES (551, '0411-2024', '2024-07-01', 9, 1, 5, 70.00, 'storage/vales_generados/0411-2024_01-07-2024.pdf', '2024-07-01 09:46:34', '2024-07-01 09:46:34', 'ACTIVIDAD: ACCIONES ADMINISTRATIVAS - ALCALDIA', NULL);
INSERT INTO `vales` VALUES (552, '0412-2024', '2024-07-01', 40, 5, 54, 60.00, 'storage/vales_generados/0412-2024_01-07-2024.pdf', '2024-07-01 20:15:19', '2024-07-01 20:15:19', 'MONITOREO Y ACOMPAÑAMIENTO A LAS INSTITUCIONES EDUCATIVAS DE POCONA, ACARI Y EMICATE', NULL);
INSERT INTO `vales` VALUES (553, '0413-2024', '2024-07-02', 17, 1, 273, 80.00, 'storage/vales_generados/0413-2024_02-07-2024.pdf', '2024-07-02 08:56:01', '2024-07-02 08:56:01', 'RECOJO DE MATERIALES EDUCATIVOS DEL AREA DE EDUCACION FISICA', NULL);
INSERT INTO `vales` VALUES (554, '0414-2024', '2024-07-02', 31, 3, 7, 50.00, 'storage/vales_generados/0414-2024_02-07-2024.pdf', '2024-07-02 09:45:52', '2024-07-02 09:45:52', 'ACTIVIDAD: SEGUIMIENTO DE MANTENIMIENTO DE LOCALES ESCOLARES - CHINUMANI', NULL);
INSERT INTO `vales` VALUES (555, '0415-2024', '2024-07-02', 9, 1, 5, 70.00, 'storage/vales_generados/0415-2024_02-07-2024.pdf', '2024-07-02 09:59:06', '2024-07-02 09:59:06', 'ACTIVIDAD: ACCIONES ADMINISTRATIVAS - CONSUMO DE ENERGIA I.E.I. 285 SIHUALAYA', NULL);
INSERT INTO `vales` VALUES (556, '0416-2024', '2024-07-02', 51, 2, 5, 40.00, 'storage/vales_generados/0416-2024_02-07-2024.pdf', '2024-07-02 10:52:24', '2024-07-02 10:52:24', 'ASISTENCIA TECNICA PREVI - TINICACHI', NULL);
INSERT INTO `vales` VALUES (557, '0417-2024', '2024-07-02', 5, 5, 17, 90.00, 'storage/vales_generados/0417-2024_02-07-2024.pdf', '2024-07-02 12:39:52', '2024-07-02 12:39:52', 'GOBIERNO REGIONAL PUNO', NULL);
INSERT INTO `vales` VALUES (558, '0418-2024', '2024-07-02', 33, 5, 8, 40.00, 'storage/vales_generados/0418-2024_02-07-2024.pdf', '2024-07-02 15:17:20', '2024-07-02 15:17:20', 'ACTIVIDAD: DISTRIBUCION DE OFICIOS X DIA DEL MAESTRO', NULL);
INSERT INTO `vales` VALUES (559, '0419-2024', '2024-07-02', 51, 5, 5, 60.00, 'storage/vales_generados/0419-2024_02-07-2024.pdf', '2024-07-02 17:00:56', '2024-07-02 17:00:56', 'VICITA Y MONITOREO DE INSTITUCIONES EDUCATIVAS EN EL DISTRITO DE TINICACHI CON PERSONAL DE LA DIRECCION REGIONAL DE EDUCACION PUNO', NULL);
INSERT INTO `vales` VALUES (560, '0420-2024', '2024-07-02', 51, 4, 5, 60.00, 'storage/vales_generados/0420-2024_02-07-2024.pdf', '2024-07-02 17:02:28', '2024-07-02 17:02:28', 'VICITA Y MONITOREO  DE INSTITUCIONES EDUCATIVAS DEL DISTRITO DE TINICACHI CON PERSONAL DE LA DREP - PUNO', NULL);
INSERT INTO `vales` VALUES (561, '0421-2024', '2024-07-02', 9, 1, 17, 150.00, 'storage/vales_generados/0421-2024_02-07-2024.pdf', '2024-07-02 20:19:19', '2024-07-02 20:19:19', 'TRASLADO DE CHEQUES BANCO DE LA NACION PUNO - SUB CAFAE - RETENCIONES', NULL);
INSERT INTO `vales` VALUES (562, '0422-2024', '2024-07-03', 33, 1, 211, 80.00, 'storage/vales_generados/0422-2024_03-07-2024.pdf', '2024-07-03 09:58:30', '2024-07-03 09:58:30', 'VERIFICACION DE METAS DE ATENCION Y DOCENTES PARA EL PROCESO DE RACIONALIZACION', NULL);
INSERT INTO `vales` VALUES (563, '0423-2024', '2024-07-04', 51, 5, 7, 50.00, 'storage/vales_generados/0423-2024_04-07-2024.pdf', '2024-07-04 10:39:47', '2024-07-04 10:39:47', 'ACTIVIDAD: TRASLADO DE COLCHONETAS', NULL);
INSERT INTO `vales` VALUES (564, '0424-2024', '2024-07-04', 9, 4, 273, 50.00, 'storage/vales_generados/0424-2024_04-07-2024.pdf', '2024-07-04 17:58:22', '2024-07-04 17:58:22', 'COORDINACIONES PARA ACTIVIDADADES PROGRAMADAS', NULL);
INSERT INTO `vales` VALUES (565, '0425-2024', '2024-07-04', 17, 5, 19, 200.00, 'storage/vales_generados/0425-2024_04-07-2024.pdf', '2024-07-04 18:00:53', '2024-07-04 18:00:53', 'COMISION DE SERVICIO A LA CIUDAD DE JULIACA', NULL);
INSERT INTO `vales` VALUES (566, '0426-2024', '2024-07-05', 17, 5, 8, 50.00, 'storage/vales_generados/0426-2024_05-07-2024.pdf', '2024-07-05 09:04:02', '2024-07-05 09:04:02', 'ACTIVIDAD: TRASLADO DE MATERIALES POR EL DIA DEL MAESTRO', NULL);
INSERT INTO `vales` VALUES (567, '0427-2024', '2024-07-05', 31, 3, 5, 60.00, 'storage/vales_generados/0427-2024_05-07-2024.pdf', '2024-07-05 09:49:13', '2024-07-05 09:49:13', 'COORDINACION CON DIRECTORES SOBRE REGISTRO DE DECLARACION DE GASTO DE MANTENIMIENTO DE LOCALES ESCOLARES', NULL);
INSERT INTO `vales` VALUES (568, '0428-2024', '2024-07-05', 2, 5, 273, 150.00, 'storage/vales_generados/0428-2024_05-07-2024.pdf', '2024-07-05 11:02:22', '2024-07-05 11:02:22', 'PARTICIPACION DE REUNION DE COORDINACION EN LA CIUDAD DE PUNO', NULL);
INSERT INTO `vales` VALUES (569, '0429-2024', '2024-07-08', 51, 5, 8, 50.00, 'storage/vales_generados/0429-2024_08-07-2024.pdf', '2024-07-08 11:36:49', '2024-07-08 11:36:49', 'ACTIVIDAD: TRASLADO DE IMPLEMENTOS DEPORTIVOS', NULL);
INSERT INTO `vales` VALUES (570, '0430-2024', '2024-07-09', 51, 5, 8, 50.00, 'storage/vales_generados/0430-2024_09-07-2024.pdf', '2024-07-09 08:26:54', '2024-07-09 08:26:54', 'ACTIVIDAD: JUEGOS DEPORTIVOS ESCOLARES', NULL);
INSERT INTO `vales` VALUES (571, '0431-2024', '2024-07-09', 41, 4, 2, 50.00, 'storage/vales_generados/0431-2024_09-07-2024.pdf', '2024-07-09 08:28:27', '2024-07-09 08:28:27', 'ACTIVIDAD: MONITOREO', NULL);
INSERT INTO `vales` VALUES (572, '0432-2024', '2024-07-09', 31, 3, 7, 60.00, 'storage/vales_generados/0432-2024_09-07-2024.pdf', '2024-07-09 10:11:57', '2024-07-09 10:11:57', 'ACTIVIDAD: MANTENIMIENTO DE LOCALES ESCOLARES', NULL);
INSERT INTO `vales` VALUES (573, '0433-2024', '2024-07-09', 43, 5, 17, 150.00, 'storage/vales_generados/0433-2024_09-07-2024.pdf', '2024-07-09 17:50:56', '2024-07-09 17:50:56', 'COMISION DE SERVICIO A LA CIUDAD DE PUNO', NULL);
INSERT INTO `vales` VALUES (574, '0434-2024', '2024-07-09', 2, 1, 273, 50.00, 'storage/vales_generados/0434-2024_09-07-2024.pdf', '2024-07-09 17:51:55', '2024-07-09 17:51:55', 'MONITOREO LOCAL DE LAS INSTITUCIONES EDUCATIVAS', NULL);
INSERT INTO `vales` VALUES (575, '0435-2024', '2024-07-10', 17, 1, 8, 50.00, 'storage/vales_generados/0435-2024_10-07-2024.pdf', '2024-07-10 09:24:19', '2024-07-10 09:24:19', 'ACTIVIDAD: ACCIONES ADMINISTRATIVAS-INAGURACION DE LA CREACION DE LA U.', NULL);
INSERT INTO `vales` VALUES (576, '0436-2024', '2024-07-10', 7, 2, 3, 60.00, 'storage/vales_generados/0436-2024_10-07-2024.pdf', '2024-07-10 09:52:35', '2024-07-10 09:52:35', 'ACTIVIDAD: ACCIONES ADMINISTRATIVAS', NULL);
INSERT INTO `vales` VALUES (577, '0437-2024', '2024-07-10', 46, 4, 11, 100.00, 'storage/vales_generados/0437-2024_10-07-2024.pdf', '2024-07-10 09:55:07', '2024-07-10 09:55:07', 'ACTIVIDAD: JORNADA DE CAPACITACION \"FRENTE A LA VIOLENCIA\" TAMBO-HUAPACA', NULL);
INSERT INTO `vales` VALUES (578, '0438-2024', '2024-07-10', 17, 5, 17, 150.00, 'storage/vales_generados/0438-2024_10-07-2024.pdf', '2024-07-10 16:24:11', '2024-07-10 16:24:11', 'ACTIVIDAD: TRASLADO DE FUNCIONARIOS, OF.MULT 000052-2024-GRP/GRPPM', NULL);
INSERT INTO `vales` VALUES (579, '0439-2024', '2024-07-10', 33, 4, 6, 100.00, 'storage/vales_generados/0439-2024_10-07-2024.pdf', '2024-07-10 20:35:51', '2024-07-10 20:35:51', 'MONITOREO A INSTITUCIONES EDUCATIVAS  UNICACHI TINICACHI  Y INSTITUCIONES   .', NULL);
INSERT INTO `vales` VALUES (580, '0440-2024', '2024-07-11', 31, 5, 17, 150.00, 'storage/vales_generados/0440-2024_11-07-2024.pdf', '2024-07-11 16:16:21', '2024-07-11 16:16:21', 'ACTIVIDAD: TRASLADO A REUNION DE TRABAJO INFRAESTRUCTURA DRE PUNO', NULL);
INSERT INTO `vales` VALUES (581, '0441-2024', '2024-07-11', 48, 2, 2, 60.00, 'storage/vales_generados/0441-2024_11-07-2024.pdf', '2024-07-11 16:47:37', '2024-07-11 16:47:37', 'ACTIVIDAD: ASISTENCIA TECNICA DE PREBI: ZONAS YANAPATA CUTURAPI', NULL);
INSERT INTO `vales` VALUES (582, '0442-2024', '2024-07-12', 40, 2, 4, 40.00, 'storage/vales_generados/0442-2024_12-07-2024.pdf', '2024-07-12 09:36:04', '2024-07-12 09:36:04', 'ACTIVIDAD: MONITOREO', NULL);
INSERT INTO `vales` VALUES (583, '0443-2024', '2024-07-12', 51, 1, 1, 300.00, 'storage/vales_generados/0443-2024_12-07-2024.pdf', '2024-07-12 10:42:06', '2024-07-12 10:42:06', 'ACTIVIDAD: TRASLADO POR LA PARTICIPACION REPRESENTANDO A YUNGUYO (OF. 0166-24)', NULL);
INSERT INTO `vales` VALUES (584, '0444-2024', '2024-07-12', 7, 2, 2, 60.00, 'storage/vales_generados/0444-2024_12-07-2024.pdf', '2024-07-12 11:21:44', '2024-07-12 11:21:44', 'ACTIVIDAD: ACCIONES ADMINISTRATIVAS - RR.HH.', NULL);
INSERT INTO `vales` VALUES (585, '0445-2024', '2024-07-12', 5, 3, 17, 120.00, 'storage/vales_generados/0445-2024_12-07-2024.pdf', '2024-07-12 16:04:20', '2024-07-12 16:04:20', 'ACTIVIDAD: ACCIONES ADMINISTRATIVAS - DOCUMENTACION JUDICIAL', NULL);
INSERT INTO `vales` VALUES (586, '0446-2024', '2024-07-12', 46, 1, 268, 120.00, 'storage/vales_generados/0446-2024_12-07-2024.pdf', '2024-07-12 16:08:41', '2024-07-12 16:08:41', 'ACTIVIDAD: ACCIONES ADMINISTRATIVAS - IMPLEMENTACION', NULL);
INSERT INTO `vales` VALUES (587, '0447-2024', '2024-07-12', 9, 2, 4, 70.00, 'storage/vales_generados/0447-2024_12-07-2024.pdf', '2024-07-12 17:41:06', '2024-07-12 17:41:06', 'VERIFICACION DE INSTALACION DE INTERNET', NULL);
INSERT INTO `vales` VALUES (588, '0448-2024', '2024-07-15', 51, 1, 8, 60.00, 'storage/vales_generados/0448-2024_15-07-2024.pdf', '2024-07-15 17:27:21', '2024-07-15 17:27:21', 'ACTIVIDAD: CREA Y EMPRENDE', NULL);
INSERT INTO `vales` VALUES (589, '0449-2024', '2024-07-16', 7, 3, 2, 60.00, 'storage/vales_generados/0449-2024_16-07-2024.pdf', '2024-07-16 14:59:59', '2024-07-16 14:59:59', 'ACTIVIDAD: ACCIONES ADMINISTRATIVAS - NOTIFICACIONES', NULL);
INSERT INTO `vales` VALUES (590, '0450-2024', '2024-07-16', 43, 5, 17, 150.00, 'storage/vales_generados/0450-2024_16-07-2024.pdf', '2024-07-16 18:34:13', '2024-07-16 18:34:13', 'DILIGENCIA AL GOBIERNO  REGIONAL  DE PUNO Y SEGUIMIENTO DE EXPEDIENTES .', NULL);
INSERT INTO `vales` VALUES (591, '0451-2024', '2024-07-16', 33, 5, 8, 40.00, 'storage/vales_generados/0451-2024_16-07-2024.pdf', '2024-07-16 18:59:17', '2024-07-16 18:59:17', 'MONITOREO A INSTITUCIONES EDUCATIVAS DE ASISTENCIA', NULL);
INSERT INTO `vales` VALUES (592, '0452-2024', '2024-07-16', 9, 4, 17, 150.00, 'storage/vales_generados/0452-2024_16-07-2024.pdf', '2024-07-16 21:10:38', '2024-07-16 21:10:38', 'COMISION DE SERVICIO POR TRASLADO DE CHEQUES   DE CAFAE JULIO-2024', NULL);
INSERT INTO `vales` VALUES (593, '0453-2024', '2024-07-16', 9, 4, 17, 150.00, 'storage/vales_generados/0453-2024_16-07-2024.pdf', '2024-07-16 21:11:14', '2024-07-16 21:11:14', 'COMISION DE SERVICIO POR TRASLADO DE CHEQUES   DE CAFAE JULIO-2024', NULL);
INSERT INTO `vales` VALUES (594, '0454-2024', '2024-07-16', 48, 4, 17, 100.00, 'storage/vales_generados/0454-2024_16-07-2024.pdf', '2024-07-16 21:12:52', '2024-07-16 21:12:52', 'A EDUCATIVAS SISTENCIA TECNICA A INSTIRUCIONE EDUCATIVAS', NULL);
INSERT INTO `vales` VALUES (595, '0455-2024', '2024-07-17', 51, 5, 8, 80.00, 'storage/vales_generados/0455-2024_17-07-2024.pdf', '2024-07-17 08:33:39', '2024-07-17 08:33:39', 'TRASLADO DE MATERIALES  PARA REUNION DE DIRECTORES   DENETRO DE LA PROVINCIA DE  YUNGUYO.', NULL);
INSERT INTO `vales` VALUES (596, '0456-2024', '2024-07-17', 51, 1, 8, 50.00, 'storage/vales_generados/0456-2024_17-07-2024.pdf', '2024-07-17 08:46:27', '2024-07-17 08:46:27', 'ACTIVIDAD. IMPLEMENTACION CON DIRECTIVOS DE II.EE.', NULL);
INSERT INTO `vales` VALUES (597, '0457-2024', '2024-07-17', 31, 1, 3, 50.00, 'storage/vales_generados/0457-2024_17-07-2024.pdf', '2024-07-17 09:14:38', '2024-07-17 09:14:38', 'ACTIVIDAD: VERIFICACION DE LOCALES ESCOLARES', NULL);
INSERT INTO `vales` VALUES (598, '0458-2024', '2024-07-17', 17, 2, 17, 130.00, 'storage/vales_generados/0458-2024_17-07-2024.pdf', '2024-07-17 15:28:58', '2024-07-17 15:28:58', 'ACTIVIDAD: ADQUISICION DE RESPUESTO PARA LA CAMIONETA HAYLUX', NULL);
INSERT INTO `vales` VALUES (599, '0459-2024', '2024-07-18', 31, 3, 6, 60.00, 'storage/vales_generados/0459-2024_editado2024-07-18.pdf', '2024-07-18 09:23:33', '2024-07-18 09:45:04', 'ACTIVDAD: VERIFICACION DE TRABAJOS DE MANTENIMIENTO', NULL);
INSERT INTO `vales` VALUES (600, '0460-2024', '2024-07-18', 33, 1, 17, 150.00, 'storage/vales_generados/0460-2024_18-07-2024.pdf', '2024-07-18 14:29:04', '2024-07-18 14:29:04', 'ACTIVIDAD. ACCIONES ADMINISTRATIVAS', NULL);
INSERT INTO `vales` VALUES (601, '0461-2024', '2024-07-19', 31, 3, 7, 50.00, 'storage/vales_generados/0461-2024_19-07-2024.pdf', '2024-07-19 08:57:48', '2024-07-19 08:57:48', 'ACTIVIDADES: MANTENIMIENTO DE LOCALES ESCOLARES', NULL);
INSERT INTO `vales` VALUES (602, '0462-2024', '2024-07-19', 49, 3, 268, 70.00, 'storage/vales_generados/0462-2024_editado2024-07-19.pdf', '2024-07-19 09:59:06', '2024-07-19 14:20:42', 'ACTIVIDAD: ACCIONES ADMINISTRATIVAS', NULL);
INSERT INTO `vales` VALUES (603, '0463-2024', '2024-07-19', 43, 5, 4, 60.00, 'storage/vales_generados/0463-2024_19-07-2024.pdf', '2024-07-19 10:17:22', '2024-07-19 10:17:22', 'ACTIVIDAD: ACCIONES ADMINISTRATIVAS - RR.HH.', NULL);
INSERT INTO `vales` VALUES (604, '0464-2024', '2024-07-19', 9, 5, 17, 150.00, 'storage/vales_generados/0464-2024_19-07-2024.pdf', '2024-07-19 14:51:33', '2024-07-19 14:51:33', 'ACTIVIDAD: ACCIONES DE PERSONAL  OFICIO NRO 0670-2024-GRP-DREP-DUGEL-Y/D SOBRE EJECUCION PRESUPUESTAL', NULL);
INSERT INTO `vales` VALUES (605, '0465-2024', '2024-07-22', 51, 1, 6, 50.00, 'storage/vales_generados/0465-2024_22-07-2024.pdf', '2024-07-22 09:51:08', '2024-07-22 09:51:08', 'VISITA A LAS INSTITUCIONES EDUCATIVAS DE LOS 3 NIVELES', NULL);
INSERT INTO `vales` VALUES (606, '0466-2024', '2024-07-22', 51, 4, 2, 50.00, 'storage/vales_generados/0466-2024_22-07-2024.pdf', '2024-07-22 09:52:24', '2024-07-22 09:52:24', 'VISITA A LAS INSTITUCIONES EDUCATIVAS DE LOS 3 NIVELES', NULL);
INSERT INTO `vales` VALUES (607, '0467-2024', '2024-07-22', 2, 1, 268, 100.00, 'storage/vales_generados/0467-2024_22-07-2024.pdf', '2024-07-22 14:12:38', '2024-07-22 14:12:38', 'REUNIÓN DE SEGUIMIENTO', NULL);
INSERT INTO `vales` VALUES (608, '0468-2024', '2024-07-23', 9, 2, 17, 150.00, 'storage/vales_generados/0468-2024_23-07-2024.pdf', '2024-07-23 09:19:34', '2024-07-23 09:19:34', 'ACTIVIDAD: REUNIION SOBRE AVANCE PRESUPUESTAL PRIMER SEMESTRE - GORE PUNO', NULL);
INSERT INTO `vales` VALUES (609, '0469-2024', '2024-07-23', 31, 3, 7, 50.00, 'storage/vales_generados/0469-2024_23-07-2024.pdf', '2024-07-23 09:33:17', '2024-07-23 09:33:17', 'ACTIVIDAD: MANTENIMIENTO DE LOCALES ESCOLARES CHINUMANI', NULL);
INSERT INTO `vales` VALUES (610, '0470-2024', '2024-07-23', 17, 5, 8, 20.00, 'storage/vales_generados/0470-2024_23-07-2024.pdf', '2024-07-23 13:52:51', '2024-07-23 13:52:51', 'ACTIVIDAD: MANTENIMIENTO DE LA UNIDAD VEHICULAR', NULL);
INSERT INTO `vales` VALUES (611, '0471-2024', '2024-07-24', 9, 2, 7, 50.00, 'storage/vales_generados/0471-2024_24-07-2024.pdf', '2024-07-24 07:53:23', '2024-07-24 07:53:23', 'ACTIVIDAD: ACCIONES ADMINISTRATIVAS', NULL);
INSERT INTO `vales` VALUES (612, '0472-2024', '2024-07-24', 31, 3, 2, 60.00, 'storage/vales_generados/0472-2024_24-07-2024.pdf', '2024-07-24 09:41:44', '2024-07-24 09:41:44', 'MONITOREO DE LOS LOCALES ESCOLARES 70615 - HUAYLLANI', NULL);
INSERT INTO `vales` VALUES (613, '0473-2024', '2024-07-24', 20, 1, 221, 50.00, 'storage/vales_generados/0473-2024_24-07-2024.pdf', '2024-07-24 11:45:50', '2024-07-24 11:45:50', 'VISITA A LAS INSTITUCIONES EDUCATIVAS -  MONITOREO', NULL);
INSERT INTO `vales` VALUES (614, '0474-2024', '2024-07-24', 7, 2, 79, 60.00, 'storage/vales_generados/0474-2024_24-07-2024.pdf', '2024-07-24 12:19:56', '2024-07-24 12:19:56', 'DILIGENCIAS EN MERIT AL ACTA DE DENUNCIA DE FECHA 24 DE JUJLIO DEL 2024 EN LA IEP N°70699', NULL);
INSERT INTO `vales` VALUES (615, '0475-2024', '2024-07-24', 43, 5, 7, 120.00, 'storage/vales_generados/0475-2024_24-07-2024.pdf', '2024-07-24 18:59:10', '2024-07-24 18:59:10', 'IINSTITUCION PRIMARIA    -    70268  PAYANA SAN ISIDRO -POCONA', NULL);
INSERT INTO `vales` VALUES (616, '0476-2024', '2024-07-24', 5, 5, 17, 100.00, 'storage/vales_generados/0476-2024_24-07-2024.pdf', '2024-07-24 19:36:25', '2024-07-24 19:36:25', 'TRAMITES GOBIERNO REGIONAL -ESSALUD', NULL);
INSERT INTO `vales` VALUES (617, '0477-2024', '2024-07-25', 46, 2, 2, 50.00, 'storage/vales_generados/0477-2024_25-07-2024.pdf', '2024-07-25 09:16:07', '2024-07-25 09:16:07', 'ACTIVIDAD: ACOMPAÑAMIENTO DE DENUNCIA', NULL);
INSERT INTO `vales` VALUES (618, '0478-2024', '2024-07-25', 9, 1, 8, 60.00, 'storage/vales_generados/0478-2024_25-07-2024.pdf', '2024-07-25 16:20:03', '2024-07-25 16:20:03', 'ACTIVIDAD: ACCIONES ADMINISTRATIVAS - SERVICIOS', NULL);
INSERT INTO `vales` VALUES (619, '0479-2024', '2024-07-30', 5, 1, 4, 50.00, 'storage/vales_generados/0479-2024_30-07-2024.pdf', '2024-07-30 11:25:16', '2024-07-30 11:25:16', 'ACTIVIDAD: ACCIONES ADMINISTRATIVAS - RR.HH.', NULL);
INSERT INTO `vales` VALUES (620, '0480-2024', '2024-07-30', 9, 5, 273, 50.00, 'storage/vales_generados/0480-2024_30-07-2024.pdf', '2024-07-30 16:35:35', '2024-07-30 16:35:35', 'TRASLADO DE DOCUMENTOS  A DIFERENTES INSTITUCIONES', NULL);
INSERT INTO `vales` VALUES (621, '0481-2024', '2024-07-31', 31, 3, 8, 50.00, 'storage/vales_generados/0481-2024_31-07-2024.pdf', '2024-07-31 09:27:50', '2024-07-31 09:27:50', 'ACTIVIDAD: MANTENIMIENTO DE LOCALES ESCOLARES', NULL);
INSERT INTO `vales` VALUES (622, '0482-2024', '2024-07-31', 7, 2, 164, 60.00, 'storage/vales_generados/0482-2024_editado2024-07-31.pdf', '2024-07-31 10:31:28', '2024-07-31 10:45:00', 'RECABACIÓN DE DOCUMENTOS EN LA IES ANDRES BELLO DE TACAPISI', NULL);
INSERT INTO `vales` VALUES (623, '0483-2024', '2024-07-31', 9, 4, 20, 600.00, 'storage/vales_generados/0483-2024_31-07-2024.pdf', '2024-07-31 14:31:29', '2024-07-31 14:31:29', 'ACTIVIDAD: OFICIO 0411-2024-GR.PUNO/GRDS-DREP-DUGLES-S, REUNION DE DIRECTORES DE UGEL Y DREP.', NULL);
INSERT INTO `vales` VALUES (624, '0484-2024', '2024-07-31', 17, 3, 7, 50.00, 'storage/vales_generados/0484-2024_31-07-2024.pdf', '2024-07-31 14:33:20', '2024-07-31 14:33:20', 'ACTIVIDAD: ACCIONES ADMINISTRATIVAS', NULL);
INSERT INTO `vales` VALUES (625, '0485-2024', '2024-08-01', 7, 1, 2, 60.00, 'storage/vales_generados/0485-2024_01-08-2024.pdf', '2024-08-01 13:55:33', '2024-08-01 13:55:33', 'ACYIVIDAD: ACCIONES ADMINISTRATIVAS - RR.HH.', NULL);
INSERT INTO `vales` VALUES (626, '0486-2024', '2024-08-02', 30, 1, 2, 80.00, 'storage/vales_generados/0486-2024_02-08-2024.pdf', '2024-08-02 09:18:56', '2024-08-02 09:18:56', 'ACTIVIDAD: ACCIONES ADMINISTRATIVAS / GEOREFERENCIACION', NULL);
INSERT INTO `vales` VALUES (627, '0487-2024', '2024-08-05', 9, 1, 17, 120.00, 'storage/vales_generados/0487-2024_05-08-2024.pdf', '2024-08-05 08:47:10', '2024-08-05 08:47:10', 'ACTIVIDAD: ACCIONES ADMINISTRATIVAS - DOCUMENTOS DREP', NULL);
INSERT INTO `vales` VALUES (628, '0488-2024', '2024-08-08', 51, 5, 8, 80.00, 'storage/vales_generados/0488-2024_08-08-2024.pdf', '2024-08-08 11:19:41', '2024-08-08 11:19:41', 'ACTIVIDAD: TRASLADO DE MATERIALES PARA REUNION DE DIRECTORES DENTRO DE LA PROVINCIA DE YUNGUYO', NULL);
INSERT INTO `vales` VALUES (629, '0489-2024', '2024-08-08', 7, 1, 8, 50.00, 'storage/vales_generados/0489-2024_08-08-2024.pdf', '2024-08-08 15:01:37', '2024-08-08 15:01:37', 'ACTIVIDAD: OFICIO 0069-2024-GRP-GRDS/DREP/UGEL-Y ACCIONES DE NOTIFICACION', NULL);
INSERT INTO `vales` VALUES (630, '0490-2024', '2024-08-09', 7, 1, 8, 50.00, 'storage/vales_generados/0490-2024_09-08-2024.pdf', '2024-08-09 09:43:07', '2024-08-09 09:43:07', 'ACTIVIDAD: OFICIO 0062-2024-GRP-GRDS-DREP/UGEL-Y/PAD-D HORARIO ACADEMICO', NULL);
INSERT INTO `vales` VALUES (631, '0491-2024', '2024-08-09', 33, 1, 3, 50.00, 'storage/vales_generados/0491-2024_09-08-2024.pdf', '2024-08-09 11:32:22', '2024-08-09 11:32:22', 'ACTIVIDAD: ACCIONES ADMINISTRATIVAS -MONITOREO RR.HH.', NULL);
INSERT INTO `vales` VALUES (632, '0492-2024', '2024-08-12', 5, 1, 2, 50.00, 'storage/vales_generados/0492-2024_editado2024-08-12.pdf', '2024-08-12 10:36:23', '2024-08-12 10:41:54', 'ACTIVIDAD: ACCIONES ADMINISTRATIVAS - IES. TACAPISI', NULL);
INSERT INTO `vales` VALUES (633, '0493-2024', '2024-08-12', 41, 5, 2, 60.00, 'storage/vales_generados/0493-2024_editado2024-08-12.pdf', '2024-08-12 10:57:49', '2024-08-12 11:02:47', 'ACTIVIDAD: ACCIONES ADMINISTRATIVAS DECLARACIONES DE ESTUDIANTES / ANULADO', NULL);
INSERT INTO `vales` VALUES (634, '0494-2024', '2024-08-12', 7, 5, 2, 60.00, 'storage/vales_generados/0494-2024_12-08-2024.pdf', '2024-08-12 11:01:20', '2024-08-12 11:01:20', 'ACTIVIDAD: ACCIONES ADMINISTRATIVAS DECLARACIONES DE ESTUDIANTES', NULL);
INSERT INTO `vales` VALUES (635, '0495-2024', '2024-08-12', 37, 5, 8, 50.00, 'storage/vales_generados/0495-2024_12-08-2024.pdf', '2024-08-12 16:01:12', '2024-08-12 16:01:12', 'ACTIVIDAD: OLIMPIADAS NACIONAL DE MATEMATICAS - ONEM', NULL);
INSERT INTO `vales` VALUES (636, '0496-2024', '2024-08-12', 7, 3, 2, 60.00, 'storage/vales_generados/0496-2024_12-08-2024.pdf', '2024-08-12 17:21:17', '2024-08-12 17:21:17', 'ACTIVIDAD: ACCIONES ADMINISTRATIVAS - RR.HH.', NULL);
INSERT INTO `vales` VALUES (637, '0497-2024', '2024-08-13', 9, 4, 124, 50.00, 'storage/vales_generados/0497-2024_13-08-2024.pdf', '2024-08-13 09:21:25', '2024-08-13 09:21:25', 'SOPORTE INFORMATICO EN LA I.E.P. N°71009 - SEGÚN DOCUMENTO: OFICIO N°035-2024-ME-DREP/UGELY-DIEPN°71009-Y-Y.', NULL);
INSERT INTO `vales` VALUES (638, '0498-2024', '2024-08-13', 46, 2, 167, 50.00, 'storage/vales_generados/0498-2024_13-08-2024.pdf', '2024-08-13 09:58:12', '2024-08-13 09:58:12', 'REPORTE DE INCIDENCIA EN EL SISEVE N°241317B69C I.E.P. COPANI SAN MARTIN', NULL);
INSERT INTO `vales` VALUES (639, '0499-2024', '2024-08-13', 7, 1, 4, 50.00, 'storage/vales_generados/0499-2024_editado2024-08-13.pdf', '2024-08-13 10:12:57', '2024-08-13 10:20:49', 'NOTIFICACIÓN DE LA RD 0767-2024-UGEL-Y', NULL);
INSERT INTO `vales` VALUES (640, '0500-2024', '2024-08-13', 33, 4, 7, 50.00, 'storage/vales_generados/0500-2024_13-08-2024.pdf', '2024-08-13 11:27:22', '2024-08-13 11:27:22', 'VISITA A INSTITUCION EDUCATIVA DE AYCHUYO    A PERSONAL ADMNISTRATIVO', NULL);
INSERT INTO `vales` VALUES (641, '0501-2024', '2024-08-13', 51, 4, 4, 70.00, 'storage/vales_generados/0501-2024_13-08-2024.pdf', '2024-08-13 16:24:52', '2024-08-13 16:24:52', 'OFICIO°100-2024-ME-DREPUGEL - IIEE MIGEL GRAU -OLLARAYA', NULL);
INSERT INTO `vales` VALUES (642, '0502-2024', '2024-08-14', 51, 4, 19, 150.00, 'storage/vales_generados/0502-2024_14-08-2024.pdf', '2024-08-14 07:21:45', '2024-08-14 07:21:45', 'TRASLADO DE JURADO DE LA CIUDAD DE JULIACA', NULL);
INSERT INTO `vales` VALUES (643, '0503-2024', '2024-08-14', 5, 1, 4, 70.00, 'storage/vales_generados/0503-2024_14-08-2024.pdf', '2024-08-14 08:26:53', '2024-08-14 08:26:53', 'ACTIVIDAD: ACCIONES ADMINISTRATIVAS -  CHIMBO Y PAJANA', NULL);
INSERT INTO `vales` VALUES (644, '0504-2024', '2024-08-14', 40, 1, 273, 40.00, 'storage/vales_generados/0504-2024_editado2024-08-14.pdf', '2024-08-14 10:37:48', '2024-08-14 10:43:02', 'TRANSPORTE DE REFRIGERIOS PARA LOS JUEGOS FLORALES - ENCARGADA MAESTRA ALICIA CCAMA ESPECIALISTA DE ARTE', NULL);
INSERT INTO `vales` VALUES (645, '0505-2024', '2024-08-14', 2, 1, 273, 70.00, 'storage/vales_generados/0505-2024_14-08-2024.pdf', '2024-08-14 12:39:17', '2024-08-14 12:39:17', 'REUNIONES DIVERSAS CON AUTORIDADES DE LA JURIDICCIÓN -  VISITA A LAS ACTIVIDADES DE LOS JUEGOS FLORALES', NULL);
INSERT INTO `vales` VALUES (646, '0506-2024', '2024-08-14', 44, 1, 17, 100.00, 'storage/vales_generados/0506-2024_14-08-2024.pdf', '2024-08-14 16:23:54', '2024-08-14 16:23:54', 'ACTIVIDAD: OFICIO MULT. 505-2024-GRPUNO/GRDS/DREP/DGP CONCURSO NACIONAL CREA Y EMPRENDE III ETAPA REGIONAL', NULL);
INSERT INTO `vales` VALUES (647, '0507-2024', '2024-08-14', 44, 5, 268, 50.00, 'storage/vales_generados/0507-2024_14-08-2024.pdf', '2024-08-14 16:25:43', '2024-08-14 16:25:43', 'ACTIVIDAD: OFICIO MULT. 505-2024-GRPUNO/GRDS/DREP/DGP CONCURSO NACIONAL CREA Y EMPRENDE III ETAPA REGIONAL', NULL);
INSERT INTO `vales` VALUES (648, '0508-2024', '2024-08-14', 44, 4, 17, 50.00, 'storage/vales_generados/0508-2024_14-08-2024.pdf', '2024-08-14 16:30:36', '2024-08-14 16:30:36', 'ACTIVIDAD: OFICIO MULT. 505-2024-GRPUNO/GRDS/DREP/DGP, CONCURSO NACIONAL CREA Y EMPRENDE III ETAPA REGIONAL', NULL);
INSERT INTO `vales` VALUES (649, '0509-2024', '2024-08-14', 9, 5, 268, 80.00, 'storage/vales_generados/0509-2024_14-08-2024.pdf', '2024-08-14 18:40:52', '2024-08-14 18:40:52', 'POR EL TRSLADO DE QUECHES A PUNO DE PICHINCHA Y INTERBANK', NULL);
INSERT INTO `vales` VALUES (650, '0510-2024', '2024-08-15', 43, 1, 4, 60.00, 'storage/vales_generados/0510-2024_15-08-2024.pdf', '2024-08-15 09:51:52', '2024-08-15 09:51:52', 'RECOGO Y ENTREGA DE DOCUMENTOS - RECURSOS HUMANOS', NULL);
INSERT INTO `vales` VALUES (651, '0511-2024', '2024-08-15', 2, 2, 273, 70.00, 'storage/vales_generados/0511-2024_15-08-2024.pdf', '2024-08-15 11:51:48', '2024-08-15 11:51:48', 'VISITA A LAS INSTITUCIONES EDUCATIVAS DEL AMBITO DISTRITAL YUNGUYO - DIRECCIÓN', NULL);
INSERT INTO `vales` VALUES (652, '0512-2024', '2024-08-16', 46, 1, 8, 40.00, 'storage/vales_generados/0512-2024_16-08-2024.pdf', '2024-08-16 08:57:37', '2024-08-16 08:57:37', 'ACTIVIDAD: VISITA DE COORDINACIO EN LAS II.EE. INICIAL Y PRIMARIA POR EL DIA DEL NIÑO', NULL);
INSERT INTO `vales` VALUES (653, '0513-2024', '2024-08-16', 30, 2, 5, 70.00, 'storage/vales_generados/0513-2024_16-08-2024.pdf', '2024-08-16 10:19:45', '2024-08-16 10:19:45', 'ACTIVIDAD: ACCIONES DE GEOREFERENCIACION DE II.EE. TINICACHI Y CUTURAPI', NULL);
INSERT INTO `vales` VALUES (654, '0514-2024', '2024-08-16', 7, 2, 2, 70.00, 'storage/vales_generados/0514-2024_16-08-2024.pdf', '2024-08-16 10:51:45', '2024-08-16 10:51:45', 'ACTIVIDAD: DILIGENCIAS EN II.EE.', NULL);
INSERT INTO `vales` VALUES (655, '0515-2024', '2024-08-16', 17, 1, 8, 60.00, 'storage/vales_generados/0515-2024_16-08-2024.pdf', '2024-08-16 11:53:57', '2024-08-16 11:53:57', 'ACTIVIDAD: ACCIONES ADMINISTRATIVAS - DISTRIBUCION DE DOCUMENTOS', NULL);
INSERT INTO `vales` VALUES (656, '0516-2024', '2024-08-16', 33, 4, 2, 80.00, 'storage/vales_generados/0516-2024_16-08-2024.pdf', '2024-08-16 16:53:37', '2024-08-16 16:53:37', 'VISITA A INSTITUCIONES EDUCATIVAS ZONA COPANI', NULL);
INSERT INTO `vales` VALUES (657, '0517-2024', '2024-08-16', 49, 3, 12, 150.00, 'storage/vales_generados/0517-2024_16-08-2024.pdf', '2024-08-16 16:55:04', '2024-08-16 16:55:04', 'NOTIFICACIÓN ILAVE', NULL);
INSERT INTO `vales` VALUES (658, '0518-2024', '2024-08-16', 5, 4, 17, 150.00, 'storage/vales_generados/0518-2024_16-08-2024.pdf', '2024-08-16 17:17:06', '2024-08-16 17:17:06', 'NOTIFICACION A PUNO', NULL);
INSERT INTO `vales` VALUES (659, '0519-2024', '2024-08-19', 31, 3, 3, 50.00, 'storage/vales_generados/0519-2024_19-08-2024.pdf', '2024-08-19 09:13:46', '2024-08-19 09:13:46', 'ACTIVIDAD: MATENIMIENTO DE LOCALES ESCOLARES /', NULL);
INSERT INTO `vales` VALUES (660, '0520-2024', '2024-08-19', 46, 2, 2, 50.00, 'storage/vales_generados/0520-2024_19-08-2024.pdf', '2024-08-19 09:36:10', '2024-08-19 09:36:10', 'ACTIVIDAD: BIENESTAR, ESCUELA DE PADRES', NULL);
INSERT INTO `vales` VALUES (661, '0521-2024', '2024-08-19', 30, 1, 2, 60.00, 'storage/vales_generados/0521-2024_19-08-2024.pdf', '2024-08-19 11:19:34', '2024-08-19 11:19:34', 'ACTIVIDAD: ACCIONES ADMINISTRATIVAS - CHALLAPAMPA', NULL);
INSERT INTO `vales` VALUES (662, '0522-2024', '2024-08-19', 51, 4, 3, 50.00, 'storage/vales_generados/0522-2024_19-08-2024.pdf', '2024-08-19 16:05:55', '2024-08-19 16:05:55', 'ACTIVIDAD: MONITOREO PEDAGOGICO', NULL);
INSERT INTO `vales` VALUES (663, '0523-2024', '2024-08-20', 17, 5, 5, 70.00, 'storage/vales_generados/0523-2024_20-08-2024.pdf', '2024-08-20 11:18:57', '2024-08-20 11:18:57', 'ACTIVIDAD: ACCIONES ADMINISTRATIVAS - NOTIFICACION DE DOCUMENTOS', NULL);
INSERT INTO `vales` VALUES (664, '0524-2024', '2024-08-20', 17, 5, 3, 50.00, 'storage/vales_generados/0524-2024_20-08-2024.pdf', '2024-08-20 15:22:02', '2024-08-20 15:22:02', 'ACTIVIDAD: ACCIONES ADMINISTRATIVAS - MATENIMIENTO DE MOVILIDAD', NULL);
INSERT INTO `vales` VALUES (665, '0525-2024', '2024-08-20', 7, 2, 8, 50.00, 'storage/vales_generados/0525-2024_20-08-2024.pdf', '2024-08-20 15:54:11', '2024-08-20 15:54:11', 'ACTIVIDAD: ACCIONES ADMINISTRATIVAS - NOTIFICACIONES 0076-2024-GRP-GRDS-DREP/UGEL-Y/PAD-D', NULL);
INSERT INTO `vales` VALUES (666, '0526-2024', '2024-08-20', 33, 5, 2, 70.00, 'storage/vales_generados/0526-2024_20-08-2024.pdf', '2024-08-20 18:00:49', '2024-08-20 18:00:49', 'VISITA INSTITUCIONES EDUCTIVAS        COPANI', NULL);
INSERT INTO `vales` VALUES (667, '0527-2024', '2024-08-21', 28, 1, 164, 60.00, 'storage/vales_generados/0527-2024_editado2024-08-21.pdf', '2024-08-21 10:37:38', '2024-08-21 10:39:04', 'RECONOCMIENTO DE ESTUDIANTES POR EL INGRESO A LA UNAP EN LA IES', NULL);
INSERT INTO `vales` VALUES (668, '0528-2024', '2024-08-21', 33, 4, 80, 50.00, 'storage/vales_generados/0528-2024_21-08-2024.pdf', '2024-08-21 11:33:06', '2024-08-21 11:33:06', 'VISITA A LA IEP N°70699 - CHICANIHUMA SEGUN DOCUMENTO: OFICIO N°023-2024-DIEP.N°70699-CH.', NULL);
INSERT INTO `vales` VALUES (669, '0529-2024', '2024-08-21', 17, 2, 268, 150.00, 'storage/vales_generados/0529-2024_21-08-2024.pdf', '2024-08-21 14:22:59', '2024-08-21 14:22:59', 'GESTION DE COTIZACIÓN DE SOAT Y REPARACIÓN DEL MOTOR DEL VEHICULO EGN-271', NULL);
INSERT INTO `vales` VALUES (670, '0530-2024', '2024-08-21', 17, 1, 10, 600.00, 'storage/vales_generados/0530-2024_21-08-2024.pdf', '2024-08-21 14:36:01', '2024-08-21 14:36:01', 'POR COMISION DE INTER UGELES PARA COTIZAR HOSPEDAJE Y ALIMENTACIÓN', NULL);
INSERT INTO `vales` VALUES (671, '0531-2024', '2024-08-21', 17, 1, 273, 70.00, 'storage/vales_generados/0531-2024_21-08-2024.pdf', '2024-08-21 16:23:59', '2024-08-21 16:23:59', 'POR COMISION DE REUNIÓN EN LAS DIFERENTES INSTITUCIONES', NULL);
INSERT INTO `vales` VALUES (672, '0532-2024', '2024-08-21', 51, 4, 138, 40.00, 'storage/vales_generados/0532-2024_21-08-2024.pdf', '2024-08-21 17:21:54', '2024-08-21 17:21:54', 'MONITOREO PEDAGOGICO LA I.E.S. DANIEL ALCIDES CARRION DE QUEÑUANI', NULL);
INSERT INTO `vales` VALUES (673, '0533-2024', '2024-08-21', 51, 3, 268, 200.00, 'storage/vales_generados/0533-2024_21-08-2024.pdf', '2024-08-21 17:31:09', '2024-08-21 17:31:09', 'PARA LA PARTICIPACIÓN DE LOS JUEGOS FLORALES ETAPA REGIONAL PUNO DE ACUERDO AL DOCUMENTO OFICIO N°146-2024/ME-DREP-UGEL-DIES\"MB\"-Y.', NULL);
INSERT INTO `vales` VALUES (674, '0534-2024', '2024-08-22', 31, 3, 77, 60.00, 'storage/vales_generados/0534-2024_22-08-2024.pdf', '2024-08-22 09:35:00', '2024-08-22 09:35:00', 'VERIFICACIÓN DE LOCAL ESCOLAR DE LA I.E.P. 70240 DE SANQUIRA', NULL);
INSERT INTO `vales` VALUES (675, '0535-2024', '2024-08-22', 7, 2, 55, 50.00, 'storage/vales_generados/0535-2024_22-08-2024.pdf', '2024-08-22 11:40:23', '2024-08-22 11:40:23', 'DILIGENCIAS EN LA IEP 70266 - IMICATE: PRESUNTOS ACTOS DE CLIMA LABORAL INADECUADO.', NULL);
INSERT INTO `vales` VALUES (676, '0536-2024', '2024-08-22', 5, 5, 221, 50.00, 'storage/vales_generados/0536-2024_22-08-2024.pdf', '2024-08-22 12:05:22', '2024-08-22 12:05:22', 'DILIGENCIAS A INSTITUCIONES EDUCATIVAS DE ACUERDO A PAPELETA DE SALIDA', NULL);
INSERT INTO `vales` VALUES (677, '0537-2024', '2024-08-22', 51, 4, 268, 320.00, 'storage/vales_generados/0537-2024_22-08-2024.pdf', '2024-08-22 12:40:27', '2024-08-22 12:40:27', 'PARA LA PARTICIPACIÍN DE LOS JUEGOS FLORALES, DE ACUERDO AL DOCUMENTO: OFICIO N°0212-2024.DIES-JG-Y.', NULL);
INSERT INTO `vales` VALUES (678, '0538-2024', '2024-08-22', 2, 5, 17, 100.00, 'storage/vales_generados/0538-2024_22-08-2024.pdf', '2024-08-22 16:48:33', '2024-08-22 16:48:33', 'REUNION DE COMISION', NULL);
INSERT INTO `vales` VALUES (679, '0539-2024', '2024-08-23', 51, 4, 17, 140.00, 'storage/vales_generados/0539-2024_23-08-2024.pdf', '2024-08-23 11:03:26', '2024-08-23 11:03:26', 'PARA LA PARTICIPACIÓN DE LOS ESTUDIANTES EN LOS JUEGOS FLORALES ETAPA REGIONAL DE ACUERDO AL DOCUMENTO: OFICIO N°078-2024-ME-DREP-UGELY/DIES\"AB\"-T.', NULL);
INSERT INTO `vales` VALUES (680, '0540-2024', '2024-08-23', 30, 2, 167, 70.00, 'storage/vales_generados/0540-2024_23-08-2024.pdf', '2024-08-23 12:16:32', '2024-08-23 12:16:32', 'VISITA A INSTITUCIONES EDUCATIVAS PARA GEOLOCALIZACIÓN ZONA COPANI DE ACUERDO A PAPELETA DE SALIDA', NULL);
INSERT INTO `vales` VALUES (681, '0541-2024', '2024-08-23', 9, 5, 7, 50.00, 'storage/vales_generados/0541-2024_23-08-2024.pdf', '2024-08-23 15:02:58', '2024-08-23 15:02:58', 'TRASLADO DE  REFRIGERIO   A INSTITUCION  EDUCATIVA JOSE GALVEZ    Y OTRAS INSTITUCIONES EDUCATIVAS .', NULL);
INSERT INTO `vales` VALUES (682, '0542-2024', '2024-08-23', 5, 5, 199, 60.00, 'storage/vales_generados/0542-2024_23-08-2024.pdf', '2024-08-23 18:11:19', '2024-08-23 18:11:19', 'VISITA A LA INSTITUCIONES PARA RECABAR INFORMACION DE ACUERDO A SU PAPELETA DE SALIDA', NULL);
INSERT INTO `vales` VALUES (683, '0543-2024', '2024-08-26', 31, 3, 61, 50.00, 'storage/vales_generados/0543-2024_26-08-2024.pdf', '2024-08-26 09:19:57', '2024-08-26 09:19:57', 'VERIFICACIÓN DE ILAS INSTITUCIONES EDUCATIVAS SEGÚN PAPELETA DE SALIDA', NULL);
INSERT INTO `vales` VALUES (684, '0544-2024', '2024-08-26', 51, 1, 37, 50.00, 'storage/vales_generados/0544-2024_26-08-2024.pdf', '2024-08-26 09:34:08', '2024-08-26 09:34:08', 'COORDINACIONES DE JUEGOS DEPORTIVOS DE NIVEL PRIMARIA', NULL);
INSERT INTO `vales` VALUES (685, '0545-2024', '2024-08-26', 17, 2, 17, 150.00, 'storage/vales_generados/0545-2024_26-08-2024.pdf', '2024-08-26 09:47:01', '2024-08-26 09:47:01', 'DEPOSITO DE CHEKES AL BANCO DE LA NACIÓN - SUB CAFAE: ADMINISTRACIÓN', NULL);
INSERT INTO `vales` VALUES (686, '0546-2024', '2024-08-26', 7, 5, 2, 60.00, 'storage/vales_generados/0546-2024_26-08-2024.pdf', '2024-08-26 11:27:44', '2024-08-26 11:27:44', 'DILIGENCIAS EN LAS INSTITUCIONES EDUCATIVAS - COPANI', NULL);
INSERT INTO `vales` VALUES (687, '0547-2024', '2024-08-26', 24, 3, 164, 50.00, 'storage/vales_generados/0547-2024_26-08-2024.pdf', '2024-08-26 14:40:41', '2024-08-26 14:40:41', 'PREPARATIVOS PARA LA ACTIVIDAD TOE Y PRIMARIA SAME II: SEGUN DOCUMENTO OFICIO N°018-2024-GRP-GRDS-DREP/UGEL-Y-AGP.EEP.', NULL);
INSERT INTO `vales` VALUES (688, '0548-2024', '2024-08-26', 24, 4, 164, 50.00, 'storage/vales_generados/0548-2024_26-08-2024.pdf', '2024-08-26 14:42:23', '2024-08-26 14:42:23', 'DESARROLLO PARA LA ACTIVIDAD TOE Y PRIMARIA SAME II: SEGUN DOCUMENTO OFICIO N°018-2024-GRP-GRDS-DREP/UGEL-Y-AGP.EEP.', NULL);
INSERT INTO `vales` VALUES (689, '0549-2024', '2024-08-26', 24, 5, 164, 50.00, 'storage/vales_generados/0549-2024_26-08-2024.pdf', '2024-08-26 14:43:00', '2024-08-26 14:43:00', 'DESARROLLO PARA LA ACTIVIDAD TOE Y PRIMARIA SAME II: SEGUN DOCUMENTO OFICIO N°018-2024-GRP-GRDS-DREP/UGEL-Y-AGP.EEP.', NULL);
INSERT INTO `vales` VALUES (690, '0550-2024', '2024-08-26', 2, 1, 273, 50.00, 'storage/vales_generados/0550-2024_26-08-2024.pdf', '2024-08-26 15:54:50', '2024-08-26 15:54:50', 'VISITA A LAS INSTITUCIONES EDUCATIVAS', NULL);
INSERT INTO `vales` VALUES (691, '0551-2024', '2024-08-26', 40, 4, 25, 40.00, 'storage/vales_generados/0551-2024_26-08-2024.pdf', '2024-08-26 17:38:10', '2024-08-26 17:38:10', 'PARA LA ASISTENCIA TECNICA N FORTALECIMIENTO DE CAPACIDADES PEDAGOGICAS DE ACUERDO AL DOCUMENTO:  OFICIO N°012-2024-GRP-GRDS-DREP/UGEL-Y-EEP.', NULL);
INSERT INTO `vales` VALUES (692, '0552-2024', '2024-08-27', 7, 5, 70, 50.00, 'storage/vales_generados/0552-2024_27-08-2024.pdf', '2024-08-27 12:02:46', '2024-08-27 12:02:46', 'ACTIVIDAD CIVICAS SEGUNINVITACIÓN', NULL);
INSERT INTO `vales` VALUES (693, '0553-2024', '2024-08-27', 17, 4, 70, 50.00, 'storage/vales_generados/0553-2024_27-08-2024.pdf', '2024-08-27 12:06:48', '2024-08-27 12:06:48', 'ACTIVIDAD CIVICAS SEGUN INVITACIÓN', NULL);
INSERT INTO `vales` VALUES (694, '0554-2024', '2024-08-27', 17, 1, 63, 70.00, 'storage/vales_generados/0554-2024_27-08-2024.pdf', '2024-08-27 18:43:00', '2024-08-27 18:43:00', 'VISITA A LAS INSTITUCIONES EDUCATIVAS', NULL);
INSERT INTO `vales` VALUES (695, '0555-2024', '2024-08-28', 33, 2, 17, 120.00, 'storage/vales_generados/0555-2024_28-08-2024.pdf', '2024-08-28 14:19:26', '2024-08-28 14:19:26', 'COMISION DE SERVICIO - DREP', NULL);
INSERT INTO `vales` VALUES (696, '0556-2024', '2024-08-28', 48, 4, 70, 40.00, 'storage/vales_generados/0556-2024_28-08-2024.pdf', '2024-08-28 14:39:12', '2024-08-28 14:39:12', 'SALIDA DE ASISTENCIAS TECNICAS DE ACUERDO A PAPELETA DE SALIDA', NULL);
INSERT INTO `vales` VALUES (697, '0557-2024', '2024-08-28', 51, 4, 17, 60.00, 'storage/vales_generados/0557-2024_28-08-2024.pdf', '2024-08-28 18:52:53', '2024-08-28 18:52:53', 'PARA EL DESARROLLO DEL IV CONCURSO REGIONAL DE INVESTIGACIÓN HISTORICA Y DISERTACIÓN, DE ACUERDO AL DOCUMENTO OFICIO MULTIPLE N°465-2024-GR-PUNO-GRDS/DREP/DGP.', NULL);

-- ----------------------------
-- Table structure for vehiculos
-- ----------------------------
CREATE TABLE `vehiculos`  (
  `id` bigint UNSIGNED NOT NULL AUTO_INCREMENT,
  `placa` varchar(255) CHARACTER SET utf8mb4 COLLATE utf8mb4_unicode_ci NOT NULL,
  `marca` varchar(255) CHARACTER SET utf8mb4 COLLATE utf8mb4_unicode_ci NOT NULL,
  `personal_id` bigint UNSIGNED NOT NULL,
  `estado` enum('ACTIVO','INACTIVO') CHARACTER SET utf8mb4 COLLATE utf8mb4_unicode_ci NOT NULL,
  `created_at` timestamp NULL DEFAULT NULL,
  `updated_at` timestamp NULL DEFAULT NULL,
  `clase` varchar(255) CHARACTER SET utf8mb4 COLLATE utf8mb4_unicode_ci NULL DEFAULT NULL,
  PRIMARY KEY (`id`) USING BTREE,
  INDEX `vehiculos_personal_id_foreign`(`personal_id` ASC) USING BTREE,
  CONSTRAINT `vehiculos_personal_id_foreign` FOREIGN KEY (`personal_id`) REFERENCES `personales` (`id`) ON DELETE RESTRICT ON UPDATE RESTRICT
) ENGINE = InnoDB AUTO_INCREMENT = 6 CHARACTER SET = utf8mb4 COLLATE = utf8mb4_unicode_ci ROW_FORMAT = DYNAMIC;

-- ----------------------------
-- Records of vehiculos
-- ----------------------------
INSERT INTO `vehiculos` VALUES (1, 'PIR-420', 'NISSAN', 18, 'ACTIVO', '2023-11-20 05:53:25', '2023-11-20 05:53:25', 'CAMIONETA');
INSERT INTO `vehiculos` VALUES (2, 'EGN-271', 'HYUNDAI', 22, 'ACTIVO', '2023-11-20 05:54:09', '2023-11-20 05:54:09', 'AUTOMOVIL');
INSERT INTO `vehiculos` VALUES (3, 'PGX-602', 'TOYOTA', 31, 'ACTIVO', '2023-11-20 05:54:43', '2023-11-20 05:54:43', 'CAMIONETA');
INSERT INTO `vehiculos` VALUES (4, 'EGZ-854', 'CHEVROLET', 26, 'ACTIVO', '2023-11-20 05:55:16', '2024-01-17 09:23:44', 'MINIVAN');
INSERT INTO `vehiculos` VALUES (5, 'C4Z - 861', 'TOYOTA', 17, 'ACTIVO', '2023-11-20 05:56:10', '2023-11-20 05:56:10', 'CAMIONETA');

